000
CXAK56 PAFG 012108
CF6MCG
PRELIMINARY LOCAL CLIMATOLOGICAL DATA (WS FORM: F-6)
STATION: MCGRATH AK
MONTH: MAY
YEAR: 2021
LATITUDE: 62 57 N
LONGITUDE: 155 36 W
TEMPERATURE IN F: :PCPN: SNOW: WIND :SUNSHINE: SKY :PK WND
================================================================================
1 2 3 4 5 6A 6B 7 8 9 10 11 12 13 14 15 16 17 18
12Z AVG MX 2MIN
DY MAX MIN AVG DEP HDD CDD WTR SNW DPTH SPD SPD DIR MIN PSBL S-S WX SPD DR
================================================================================
1 47 17 32 -11 33 0 T M M 3.4 9 120 M M 0 14 140
2 54 26 40 -4 25 0 T M M 2.7 14 90 M M 2 19 90
3 54 29 42 -2 23 0 0.00 M M 5.9 14 360 M M 0 M M
4 59 30 45 1 20 0 0.00 M M 3.6 14 210 M M 2 8 19 200
5 60 37 49 4 16 0 0.00 M M 4.3 14 210 M M 5 18 210
6 57 32 45 0 20 0 0.01 M M 6.6 18 30 M M 5 25 60
7 60 33 47 1 18 0 0.02 M M 2.7 14 120 M M 4 21 130
8 56 34 45 -1 20 0 0.00 M M 2.7 9 160 M M 9 12 170
9 62 38 50 4 15 0 0.00 M M 2.0 6 350 M M 8 M M
10 61 39 50 3 15 0 0.00 M M 3.9 13 10 M M 9 16 10
11 56 41 49 2 16 0 0.03 M M 3.4 10 210 M M 8 14 210
12 62 39 51 4 14 0 0.02 M M 2.5 16 110 M M 8 20 130
13 64 39 52 4 13 0 0.00 M M 4.0 15 20 M M 5 12 20 30
14 68 34 51 3 14 0 T M M 4.5 22 110 M M 2 34 110
15 63 38 51 3 14 0 0.10 M M 4.6 13 20 M M 4 M M
16 59 35 47 -1 18 0 0.11 M M 6.4 18 320 M M 6 1 24 330
17 57 40 49 0 16 0 0.00 M M 5.7 15 240 M M 3 20 240
18 54 34 44 -5 21 0 0.00 M M 6.5 15 260 M M 2 19 260
19 64 31 48 -1 17 0 0.00 M M 6.4 16 90 M M 2 22 100
20 57 39 48 -2 17 0 0.03 M M 5.9 15 70 M M 5 23 70
21 52 43 48 -2 17 0 0.09 M M 4.1 16 220 M M 10 1 23 220
22 53 39 46 -4 19 0 T M M 7.2 15 240 M M 9 22 250
23 63 31 47 -4 18 0 0.00 M M 4.7 13 100 M M 0 18 20
24 73 38 56 5 9 0 0.00 M M 4.5 16 80 M M 0 21 90
25 78 38 58 7 7 0 0.00 M M 3.2 12 20 M M 0 16 360
26 78 41 60 8 5 0 0.00 M M 3.0 14 310 M M 0 17 310
27 69 48 59 7 6 0 0.00 M M 7.6 16 360 M M 0 22 30
28 58 40 49 -3 16 0 0.00 M M 13.6 24 30 M M 2 32 30
29 52 33 43 -10 22 0 0.03 M M 9.5 20 70 M M 7 18 29 60
30 65 42 54 1 11 0 T M M 3.9 12 20 M M 8 15 30
31 73 43 58 4 7 0 0.00 M M 5.5 17 50 M M 5 23 350
================================================================================
SM 1888 1121 502 0 0.44 M 154.4 M 130
================================================================================
AV 60.9 36.2 5.0 FASTST M M 4 MAX(MPH)
MISC ----> 24 30 34 110
================================================================================
NOTES:
# LAST OF SEVERAL OCCURRENCES
COLUMN 17 PEAK WIND IN M.P.H.
PRELIMINARY LOCAL CLIMATOLOGICAL DATA (WS FORM: F-6) , PAGE 2
STATION: MCGRATH AK
MONTH: MAY
YEAR: 2021
LATITUDE: 62 57 N
LONGITUDE: 155 36 W
[TEMPERATURE DATA] [PRECIPITATION DATA] SYMBOLS USED IN COLUMN 16
AVERAGE MONTHLY: 48.5 TOTAL FOR MONTH: 0.44 1 = FOG OR MIST
DPTR FM NORMAL: 0.1 DPTR FM NORMAL: -0.47 2 = FOG REDUCING VISIBILITY
HIGHEST: 78 ON 26,25 GRTST 24HR 0.11 ON 16-16 TO 1/4 MILE OR LESS
LOWEST: 17 ON 1 3 = THUNDER
SNOW, ICE PELLETS, HAIL 4 = ICE PELLETS
TOTAL MONTH: M 5 = HAIL
GRTST 24HR M ON M 6 = FREEZING RAIN OR DRIZZLE
GRTST DEPTH: M ON M 7 = DUSTSTORM OR SANDSTORM:
VSBY 1/2 MILE OR LESS
8 = SMOKE OR HAZE
[NO. OF DAYS WITH] [WEATHER - DAYS WITH] 9 = BLOWING SNOW
X = TORNADO
MAX 32 OR BELOW: 0 0.01 INCH OR MORE: 9
MAX 90 OR ABOVE: 0 0.10 INCH OR MORE: 2
MIN 32 OR BELOW: 7 0.50 INCH OR MORE: 0
MIN 0 OR BELOW: 0 1.00 INCH OR MORE: 0
[HDD (BASE 65) ]
TOTAL THIS MO. 502 CLEAR (SCALE 0-3) 14
DPTR FM NORMAL -11 PTCLDY (SCALE 4-7) 13
TOTAL FM JUL 1 12926 CLOUDY (SCALE 8-10) 4
DPTR FM NORMAL -36
[CDD (BASE 65) ]
TOTAL THIS MO. 0
DPTR FM NORMAL 0 [PRESSURE DATA]
TOTAL FM JAN 1 0 HIGHEST SLP 30.27 ON 23
DPTR FM NORMAL 0 LOWEST SLP 29.39 ON 31
[REMARKS]
#FINAL-05-21#