155
CXUS53 KGLD 010800
CF6MCK
PRELIMINARY LOCAL CLIMATOLOGICAL DATA (WS FORM: F-6)
STATION: MCCOOK NE
MONTH: SEPTEMBER
YEAR: 2020
LATITUDE: 40 13 N
LONGITUDE: 100 35 W
TEMPERATURE IN F: :PCPN: SNOW: WIND :SUNSHINE: SKY :PK WND
================================================================================
1 2 3 4 5 6A 6B 7 8 9 10 11 12 13 14 15 16 17 18
12Z AVG MX 2MIN
DY MAX MIN AVG DEP HDD CDD WTR SNW DPTH SPD SPD DIR MIN PSBL S-S WX SPD DR
================================================================================
1 85 53 69 -1 0 4 0.00 M M 3.5 12 240 M M 1 17 320
2 91 47 69 -1 0 4 0.00 M M 6.1 14 220 M M 0 8 19 210
3 82 59 71 1 0 6 0.00 M M 11.2 25 20 M M 0 8 34 20
4 94 52 73 4 0 8 0.00 M M 7.1 16 240 M M 0 22 200
5 101 55 78 9 0 13 0.00 M M 8.7 23 180 M M 0 18 31 180
6 99 62 81 12 0 16 0.00 M M 11.0 23 30 M M 0 8 30 30
7 79 48 64 -4 1 0 0.18 M M 12.8 37 40 M M 0 38 49 50
8 48 39 44 -24 21 0 0.23 M M 19.7 32 40 M M 10 138 43 20
9 46 37 42 -25 23 0 0.32 M M 10.7 18 20 M M 10 18 25 30
10 61 40 51 -16 14 0 0.00 M M 4.4 12 130 M M 8 16 110
11 70 50 60 -7 5 0 0.10 M M 5.8 18 300 M M 8 18 28 270
12 79 46 63 -3 2 0 0.00 M M 7.2 20 350 M M 1 1 27 280
13 88 45 67 1 0 2 0.00 M M 5.2 13 150 M M 0 18 18 160
14 87 48 68 3 0 3 0.00 M M 6.7 20 150 M M 0 18 27 140
15 88 51 70 5 0 5 0.00 M M 6.9 16 180 M M 0 18 21 160
16 78 47 63 -1 2 0 0.00 M M 8.8 25 40 M M 0 18 31 30
17 80 43 62 -2 3 0 0.00 M M 5.8 14 160 M M 0 18 22 170
18 83 54 69 6 0 4 0.00 M M 11.6 22 160 M M 0 18 30 160
19 85 54 70 7 0 5 0.00 M M 13.3 30 180 M M 0 8 40 180
20 88 62 75 13 0 10 0.00 M M 11.2 18 170 M M 0 8 27 160
21 91 57 74 12 0 9 0.00 M M 9.2 21 180 M M 0 8 32 160
22 89 47 68 7 0 3 0.00 M M 8.0 17 160 M M 0 18 23 140
23 92 47 70 9 0 5 0.00 M M 7.3 14 210 M M 0 18 19 210
24 93 53 73 13 0 8 0.00 M M 6.2 12 270 M M 0 8 15 280
25 92 48 70 10 0 5 0.00 M M 6.4 13 20 M M 0 8 18 360
26 94 50 72 12 0 7 0.00 M M 7.1 26 20 M M 1 18 34 20
27 69 46 58 -1 7 0 0.01 M M 10.6 24 340 M M 3 40 340
28 69 39 54 -5 11 0 0.00 M M 15.1 32 330 M M 0 49 310
29 85 34 60 2 5 0 0.00 M M 10.5 21 340 M M 0 26 310
30 75 41 58 0 7 0 0.00 M M 13.6 28 360 M M 0 8 54 330
================================================================================
SM 2461 1454 101 117 0.84 M 271.7 M 42
================================================================================
AV 82.0 48.5 9.1 FASTST M M 1 MAX(MPH)
MISC ----> 37 40 54 330
================================================================================
NOTES:
# LAST OF SEVERAL OCCURRENCES
COLUMN 17 PEAK WIND IN M.P.H.
PRELIMINARY LOCAL CLIMATOLOGICAL DATA (WS FORM: F-6) , PAGE 2
STATION: MCCOOK NE
MONTH: SEPTEMBER
YEAR: 2020
LATITUDE: 40 13 N
LONGITUDE: 100 35 W
[TEMPERATURE DATA] [PRECIPITATION DATA] SYMBOLS USED IN COLUMN 16
AVERAGE MONTHLY: 65.3 TOTAL FOR MONTH: 0.84 1 = FOG OR MIST
DPTR FM NORMAL: 0.8 DPTR FM NORMAL: -0.60 2 = FOG REDUCING VISIBILITY
HIGHEST: 101 ON 5 GRTST 24HR 0.41 ON 7- 8 TO 1/4 MILE OR LESS
LOWEST: 34 ON 29 3 = THUNDER
SNOW, ICE PELLETS, HAIL 4 = ICE PELLETS
TOTAL MONTH: M 5 = HAIL
GRTST 24HR M ON M 6 = FREEZING RAIN OR DRIZZLE
GRTST DEPTH: M ON M 7 = DUSTSTORM OR SANDSTORM:
VSBY 1/2 MILE OR LESS
8 = SMOKE OR HAZE
[NO. OF DAYS WITH] [WEATHER - DAYS WITH] 9 = BLOWING SNOW
X = TORNADO
MAX 32 OR BELOW: 0 0.01 INCH OR MORE: 5
MAX 90 OR ABOVE: 9 0.10 INCH OR MORE: 4
MIN 32 OR BELOW: 0 0.50 INCH OR MORE: 0
MIN 0 OR BELOW: 0 1.00 INCH OR MORE: 0
[HDD (BASE 65) ]
TOTAL THIS MO. 101 CLEAR (SCALE 0-3) 26
DPTR FM NORMAL -16 PTCLDY (SCALE 4-7) 2
TOTAL FM JUL 1 101 CLOUDY (SCALE 8-10) 2
DPTR FM NORMAL -27
[CDD (BASE 65) ]
TOTAL THIS MO. 117
DPTR FM NORMAL 19 [PRESSURE DATA]
TOTAL FM JAN 1 1271 HIGHEST SLP M ON M
DPTR FM NORMAL 322 LOWEST SLP 29.59 ON 26
[REMARKS]
#FINAL-09-20#