000
CXUS52 KMLB 011615
CLMMCO
CLIMATE REPORT
NATIONAL WEATHER SERVICE MELBOURNE FL
1215 PM EDT SAT JUL 01 2023
...................................
...THE ORLANDO INTL CLIMATE SUMMARY FOR THE MONTH OF JUNE 2023...
CLIMATE NORMAL PERIOD 1991 TO 2020
CLIMATE RECORD PERIOD 1892 TO 2023
WEATHER OBSERVED NORMAL DEPART LAST YEAR`S
VALUE DATE(S) VALUE FROM VALUE
NORMAL
..............................................................
TEMPERATURE (F)
MONTHLY RECORD
WARMEST 84.9 1998
COOLEST 75.4 1930
DAILY RECORD
HIGH 101 06/06/1927
06/18/1921
LOW 53 06/01/1984
JUNE 2023
HIGHEST 96 06/15 99
LOWEST 68 06/06 69
AVG. MAXIMUM 91.9 90.8 1.1 93.3
AVG. MINIMUM 72.2 71.6 0.6 73.6
MEAN 82.1 81.2 0.9 83.4
DAYS MAX >= 90 23 20.0 3.0 28
DAYS MAX <= 32 0 0.0 0.0 0
DAYS MIN <= 32 0 0.0 0.0 0
DAYS MIN <= 0 0 0.0 0.0 0
PRECIPITATION (INCHES)
MONTHLY RECORD
MAXIMUM 18.28 1968
MINIMUM 0.88 1931
DAILY RECORD
MAXIMUM 6.05 06/04/1968
JUNE 2023
TOTALS 7.31 8.05 -0.74 4.61
DAYS >= .01 14 16.2 -2.2 13
DAYS >= .10 11 11.5 -0.5 11
DAYS >= .50 5 5.7 -0.7 2
DAYS >= 1.00 3 2.5 0.5 1
GREATEST
24 HR. TOTAL 1.65 06/10 TO 06/10
SNOWFALL (INCHES)
TOTALS 0.0 0.0 0.0 0.0
SINCE 7/1 0.0 0.0 0.0 MM
DAYS >= TRACE 0 0
DEGREE DAYS
HEATING TOTAL 0 0 0 0
SINCE 7/1 282 525 -243 MM
COOLING TOTAL 520 486 34 561
SINCE 1/1 1781 1333 448 MM
..............................................................
WIND (MPH)
AVERAGE WIND SPEED 7.9
HIGHEST WIND SPEED/DIRECTION 44/210 DATE 06/17
HIGHEST GUST SPEED/DIRECTION 65/220 DATE 06/17
SKY COVER
POSSIBLE SUNSHINE (PERCENT) MM
AVERAGE SKY COVER 0.54
NUMBER OF DAYS FAIR 4
NUMBER OF DAYS PC 23
NUMBER OF DAYS CLOUDY 3
AVERAGE RH (PERCENT) 72
WEATHER CONDITIONS. NUMBER OF DAYS WITH
THUNDERSTORM 19 MIXED PRECIP 0
HEAVY RAIN 8 RAIN 10
LIGHT RAIN 17 LT FREEZING RAIN 0
HAIL 0 LIGHT SNOW 0
SLEET 0 FOG 12
FOG W/VIS <= 1/4 MILE 2 HAZE 7
- INDICATES NEGATIVE NUMBERS.
R INDICATES RECORD WAS SET OR TIED.
MM INDICATES DATA IS MISSING.
T INDICATES TRACE AMOUNT.
$$