000
CXUS53 KDMX 161613
CF6MCW
PRELIMINARY LOCAL CLIMATOLOGICAL DATA (WS FORM: F-6)
STATION: MASON CITY IA
MONTH: SEPTEMBER
YEAR: 2021
LATITUDE: 43 9 N
LONGITUDE: 93 20 W
TEMPERATURE IN F: :PCPN: SNOW: WIND :SUNSHINE: SKY :PK WND
================================================================================
1 2 3 4 5 6A 6B 7 8 9 10 11 12 13 14 15 16 17 18
12Z AVG MX 2MIN
DY MAX MIN AVG DEP HDD CDD WTR SNW DPTH SPD SPD DIR MIN PSBL S-S WX SPD DR
================================================================================
1 76 52 64 -2 1 0 0.00 0.0 0 6.4 14 110 M M 1 12 20 100
2 72 56 64 -2 1 0 0.05 0.0 0 9.7 20 130 M M 3 29 130
3 66 61 64 -2 1 0 1.27 0.0 0 8.2 18 140 M M 10 13 28 110
4 75 55 65 0 0 0 0.01 0.0 0 8.5 17 310 M M 5 1 24 310
5 82 53 68 3 0 3 T 0.0 0 9.4 20 260 M M 2 28 240
6 82 47 65 0 0 0 0.00 0.0 0 4.9 13 160 M M 0 1 16 170
7 78 54 66 1 0 1 0.00 0.0 0 14.3 25 310 M M 0 32 340
8 75 50 63 -1 2 0 0.00 0.0 0 12.3 28 330 M M 1 35 330
9 75 47 61 -3 4 0 0.00 0.0 0 3.9 13 340 M M 0 18 300
10 81 47 64 0 1 0 0.00 0.0 0 6.9 20 170 M M 0 25 170
11 88 55 72 9 0 7 0.00 0.0 0 4.0 10 250 M M 1 18 13 240
12 74 58 66 3 0 1 0.05 0.0 0 7.3 16 360 M M 3 22 20
13 77 57 67 4 0 2 0.07 0.0 0 7.6 20 130 M M 8 13 27 150
14 70 51 61 -1 4 0 T 0.0 0 9.5 22 320 M M 4 1 32 330
15 78 49 64 2 1 0 0.00 0.0 0 6.9 14 230 M M 0 1 18 230
16 86 54 70 8 0 5 0.00 0.0 0 14.0 28 180 M M 1 38 180
17 71 43 57 -4 8 0 0.02 0.0 0 8.3 22 340 M M 2 29 290
18 80 41 61 0 4 0 0.00 0.0 0 5.9 15 160 M M 0 21 120
19 88 59 74 14 0 9 0.00 0.0 0 12.9 26 170 M M 0 37 170
20 82 56 69 9 0 4 0.47 0.0 0 14.1 30 280 M M 5 13 43 230
21 70 44 57 -3 8 0 0.00 0.0 0 11.7 23 340 M M 2 29 360
22 69 39 54 -5 11 0 0.00 0.0 0 5.4 14 360 M M 0 20 80
23 72 37 55 -4 10 0 0.00 0.0 0 3.2 10 230 M M 0 15 240
24 68 40 54 -4 11 0 0.02 0.0 0 9.5 30 340 M M 1 38 340
25 73 39 56 -2 9 0 0.00 0.0 0 9.4 22 270 M M 0 8 29 260
26 86 46 66 8 0 1 0.00 0.0 0 8.8 18 220 M M 0 23 210
27 86 49 68 11 0 3 0.00 0.0 0 4.5 14 30 M M 0 8 20 10
28 83 48 66 9 0 1 0.00 0.0 0 9.4 17 150 M M 0 24 130
29 85 52 69 13 0 4 0.00 0.0 0 7.3 17 150 M M 0 24 150
30 84 55 70 14 0 5 T 0.0 0 5.9 15 160 M M 4 138 22 140
================================================================================
SM 2332 1494 76 46 1.96 0.0 250.1 M 53
================================================================================
AV 77.7 49.8 8.3 FASTST M M 2 MAX(MPH)
MISC ----> # 30 280 43 230
================================================================================
NOTES:
# LAST OF SEVERAL OCCURRENCES
COLUMN 17 PEAK WIND IN M.P.H.
PRELIMINARY LOCAL CLIMATOLOGICAL DATA (WS FORM: F-6) , PAGE 2
STATION: MASON CITY IA
MONTH: SEPTEMBER
YEAR: 2021
LATITUDE: 43 9 N
LONGITUDE: 93 20 W
[TEMPERATURE DATA] [PRECIPITATION DATA] SYMBOLS USED IN COLUMN 16
AVERAGE MONTHLY: 63.8 TOTAL FOR MONTH: 1.96 1 = FOG OR MIST
DPTR FM NORMAL: 2.4 DPTR FM NORMAL: -1.49 2 = FOG REDUCING VISIBILITY
HIGHEST: 88 ON 19,11 GRTST 24HR 1.32 ON 2- 3 TO 1/4 MILE OR LESS
LOWEST: 37 ON 23 3 = THUNDER
SNOW, ICE PELLETS, HAIL 4 = ICE PELLETS
TOTAL MONTH: 0.0 INCH 5 = HAIL
GRTST 24HR 0.0 6 = FREEZING RAIN OR DRIZZLE
GRTST DEPTH: 0 7 = DUSTSTORM OR SANDSTORM:
VSBY 1/2 MILE OR LESS
8 = SMOKE OR HAZE
[NO. OF DAYS WITH] [WEATHER - DAYS WITH] 9 = BLOWING SNOW
X = TORNADO
MAX 32 OR BELOW: 0 0.01 INCH OR MORE: 8
MAX 90 OR ABOVE: 0 0.10 INCH OR MORE: 2
MIN 32 OR BELOW: 0 0.50 INCH OR MORE: 1
MIN 0 OR BELOW: 0 1.00 INCH OR MORE: 1
[HDD (BASE 65) ]
TOTAL THIS MO. 76 CLEAR (SCALE 0-3) 24
DPTR FM NORMAL -88 PTCLDY (SCALE 4-7) 5
TOTAL FM JUL 1 81 CLOUDY (SCALE 8-10) 1
DPTR FM NORMAL -117
[CDD (BASE 65) ]
TOTAL THIS MO. 46
DPTR FM NORMAL -11 [PRESSURE DATA]
TOTAL FM JAN 1 787 HIGHEST SLP 30.35 ON 22
DPTR FM NORMAL 191 LOWEST SLP 29.62 ON 20
[REMARKS]
#FINAL-09-21#