000
CXUS55 KPAH 010700
CF6MDH
PRELIMINARY LOCAL CLIMATOLOGICAL DATA (WS FORM: F-6)
STATION: CARBONDALE IL
MONTH: JUNE
YEAR: 2021
LATITUDE: 37 46 N
LONGITUDE: 89 15 W
TEMPERATURE IN F: :PCPN: SNOW: WIND :SUNSHINE: SKY :PK WND
================================================================================
1 2 3 4 5 6A 6B 7 8 9 10 11 12 13 14 15 16 17 18
12Z AVG MX 2MIN
DY MAX MIN AVG DEP HDD CDD WTR SNW DPTH SPD SPD DIR MIN PSBL S-S WX SPD DR
================================================================================
1 70 60 65 -6 0 0 0.60 M M 3.7 10 100 M M 7 1 14 110
2 71 62 67 -5 0 2 1.39 M M 4.1 10 360 M M 10 1 13 30
3 79 63 71 -1 0 6 1.00 M M 4.8 17 360 M M 5 13 25 340
4 84 58 71 -1 0 6 0.00 M M 3.0 13 190 M M 1 1 15 180
5 86 60 73 1 0 8 T M M 4.2 15 190 M M 1 1 19 190
6 83 69 76 3 0 11 0.02 M M 8.5 18 140 M M 5 1 26 150
7 79 70 75 2 0 10 0.03 M M 7.2 15 180 M M 8 1 20 220
8 78 69 74 1 0 9 0.09 M M 7.0 17 160 M M 7 1 24 150
9 83 71 77 3 0 12 0.22 M M 5.0 13 220 M M 8 1 24 200
10 88 69 79 5 0 14 0.01 M M 2.9 13 40 M M 3 123 18 40
11 93 70 82 8 0 17 T M M 2.4 12 350 M M 1 1 18 340
12 95 72 84 10 0 19 0.00 M M 3.5 9 330 M M 1 1 14 260
13 91 67 79 4 0 14 0.00 M M 5.9 14 350 M M 2 19 10
14 95 63 79 4 0 14 0.00 M M 5.0 14 350 M M 0 17 350
15 87 61 74 -1 0 9 0.00 M M 2.5 14 340 M M 1 19 330
16 89 63 76 1 0 11 0.00 M M 3.0 9 40 M M 2 13 70
17 91 63 77 1 0 12 0.00 M M 3.5 12 230 M M 0 1 17 190
18 94 76 85 9 0 20 0.00 M M 11.3 22 180 M M 0 30 210
19 90 73 82 6 0 17 0.00 M M 9.0 21 190 M M 1 29 180
20 91 73 82 6 0 17 0.00 M M 10.4 20 220 M M 0 28 210
21 83 58 71 -5 0 6 0.37 M M 8.2 22 290 M M 4 13 36 280
22 77 53 65 -11 0 0 0.00 M M 4.5 15 360 M M 0 23 10
23 81 54 68 -9 0 3 0.00 M M 7.1 17 150 M M 0 25 170
24 83 65 74 -3 0 9 T M M 10.1 20 210 M M 2 25 150
25 88 77 83 6 0 18 T M M 12.6 21 160 M M 4 29 180
26 88 74 81 4 0 16 T M M 15.7 26 190 M M 6 44 190
27 90 73 82 5 0 17 0.06 M M 10.3 23 180 M M 2 1 34 190
28 91 70 81 4 0 16 T M M 4.3 16 190 M M 2 3 23 210
29 93 70 82 5 0 17 0.00 M M 4.3 17 150 M M 1 3 25 160
30 90 70 80 2 0 15 0.02 M M 4.4 16 240 M M 2 3 24 230
================================================================================
SM 2581 1996 0 345 3.81 M 188.4 M 86
================================================================================
AV 86.0 66.5 6.3 FASTST M M 3 MAX(MPH)
MISC ----> 26 190 44 190
================================================================================
NOTES:
# LAST OF SEVERAL OCCURRENCES
COLUMN 17 PEAK WIND IN M.P.H.
PRELIMINARY LOCAL CLIMATOLOGICAL DATA (WS FORM: F-6) , PAGE 2
STATION: CARBONDALE IL
MONTH: JUNE
YEAR: 2021
LATITUDE: 37 46 N
LONGITUDE: 89 15 W
[TEMPERATURE DATA] [PRECIPITATION DATA] SYMBOLS USED IN COLUMN 16
AVERAGE MONTHLY: 76.3 TOTAL FOR MONTH: 3.81 1 = FOG OR MIST
DPTR FM NORMAL: 1.4 DPTR FM NORMAL: -0.30 2 = FOG REDUCING VISIBILITY
HIGHEST: 95 ON 14,12 GRTST 24HR 1.99 ON 1- 2 TO 1/4 MILE OR LESS
LOWEST: 53 ON 22 3 = THUNDER
SNOW, ICE PELLETS, HAIL 4 = ICE PELLETS
TOTAL MONTH: M 5 = HAIL
GRTST 24HR M ON M 6 = FREEZING RAIN OR DRIZZLE
GRTST DEPTH: M ON M 7 = DUSTSTORM OR SANDSTORM:
VSBY 1/2 MILE OR LESS
8 = SMOKE OR HAZE
[NO. OF DAYS WITH] [WEATHER - DAYS WITH] 9 = BLOWING SNOW
X = TORNADO
MAX 32 OR BELOW: 0 0.01 INCH OR MORE: 11
MAX 90 OR ABOVE: 12 0.10 INCH OR MORE: 5
MIN 32 OR BELOW: 0 0.50 INCH OR MORE: 3
MIN 0 OR BELOW: 0 1.00 INCH OR MORE: 2
[HDD (BASE 65) ]
TOTAL THIS MO. 0 CLEAR (SCALE 0-3) 19
DPTR FM NORMAL -4 PTCLDY (SCALE 4-7) 9
TOTAL FM JUL 1 4387 CLOUDY (SCALE 8-10) 2
DPTR FM NORMAL -72
[CDD (BASE 65) ]
TOTAL THIS MO. 345
DPTR FM NORMAL 43 [PRESSURE DATA]
TOTAL FM JAN 1 465 HIGHEST SLP M ON M
DPTR FM NORMAL 17 LOWEST SLP 29.65 ON 20
[REMARKS]
#FINAL-06-21#