000
CXUS51 KCTP 071826
CF6MDT
PRELIMINARY LOCAL CLIMATOLOGICAL DATA (WS FORM: F-6)
STATION: HARRISBURG PA
MONTH: DECEMBER
YEAR: 2020
LATITUDE: 40 11 N
LONGITUDE: 76 46 W
TEMPERATURE IN F: :PCPN: SNOW: WIND :SUNSHINE: SKY :PK WND
================================================================================
1 2 3 4 5 6A 6B 7 8 9 10 11 12 13 14 15 16 17 18
12Z AVG MX 2MIN
DY MAX MIN AVG DEP HDD CDD WTR SNW DPTH SPD SPD DIR MIN PSBL S-S WX SPD DR
================================================================================
1 48 37 43 5 22 0 0.01 T 0 14.8 28 270 M M 8 34 270
2 44 33 39 1 26 0 T T T 13.5 32 290 M M 6 8 41 290
3 52 30 41 3 24 0 0.00 0.0 0 4.5 15 180 M M 5 8 18 210
4 49 42 46 9 19 0 0.43 0.0 0 4.3 20 210 M M 10 1 22 210
5 46 40 43 6 22 0 0.04 0.0 0 13.9 29 320 M M 10 1 33 320
6 43 31 37 1 28 0 0.00 0.0 0 13.3 20 320 M M 4 27 280
7 40 26 33 -3 32 0 0.00 0.0 0 7.5 15 340 M M 4 20 330
8 45 32 39 3 26 0 0.00 0.0 0 14.9 24 300 M M 4 32 310
9 43 33 38 2 27 0 T 0.0 0 7.9 23 320 M M 9 29 310
10 50 32 41 6 24 0 0.00 0.0 0 6.2 18 290 M M 4 22 290
11 57 29 43 8 22 0 0.00 0.0 0 2.2 9 120 M M 4 18 10 120
12 52 30 41 6 24 0 0.00 0.0 0 2.2 8 310 M M 7 128 9 320
13 56 33 45 11 20 0 T 0.0 0 6.1 23 290 M M 7 128 28 290
14 41 32 37 3 28 0 0.50 0.2 0 8.3 29 310 M M 9 1 35 310
15 39 27 33 -1 32 0 0.00 0.0 0 6.2 16 330 M M 6 20 330
16 30 25 28 -6 37 0 1.05 9.3 0 7.8 17 10 M M 10 124 24 20
17 35 22 29 -4 36 0 0.19 1.9 8 8.5 18 310 M M 5 1 23 10
18 32 23 28 -5 37 0 0.00 0.0 5 8.0 18 310 M M 8 21 300
19 30 14 22 -11 43 0 0.00 0.0 4 2.3 9 330 M M 7 18 10 340
20 40 24 32 -1 33 0 0.00 0.0 4 1.1 8 110 M M 10 18 10 50
21 39 33 36 4 29 0 0.02 0.0 3 2.9 8 100 M M 10 128 10 110
22 43 34 39 7 26 0 0.01 0.0 2 10.3 26 310 M M 8 18 34 300
23 44 26 35 3 30 0 0.00 0.0 1 5.8 13 140 M M 6 17 140
24 66 34 50 18 15 0 1.44 0.0 T 8.3 21 160 M M 10 12 28 150
25 64 23 44 12 21 0 0.42 0.3 0 16.2 24 280 M M 10 18 29 290
26 29 23 26 -6 39 0 0.00 0.0 0 10.6 21 270 M M 7 26 270
27 40 25 33 1 32 0 0.00 0.0 0 6.4 13 280 M M 6 8 16 280
28 52 33 43 12 22 0 0.00 0.0 0 5.3 17 300 M M 7 22 310
29 41 25 33 2 32 0 0.00 0.0 0 12.1 28 310 M M 5 36 330
30 44 28 36 5 29 0 0.00 0.0 0 7.3 18 200 M M 8 25 170
31 48 28 38 7 27 0 0.04 0.0 0 7.2 17 310 M M 9 22 310
================================================================================
SM 1382 907 864 0 4.15 11.7 245.9 M 223
================================================================================
AV 44.6 29.3 7.9 FASTST M M 7 MAX(MPH)
MISC ----> 32 290 41 290
================================================================================
NOTES:
# LAST OF SEVERAL OCCURRENCES
COLUMN 17 PEAK WIND IN M.P.H.
PRELIMINARY LOCAL CLIMATOLOGICAL DATA (WS FORM: F-6) , PAGE 2
STATION: HARRISBURG PA
MONTH: DECEMBER
YEAR: 2020
LATITUDE: 40 11 N
LONGITUDE: 76 46 W
[TEMPERATURE DATA] [PRECIPITATION DATA] SYMBOLS USED IN COLUMN 16
AVERAGE MONTHLY: 36.9 TOTAL FOR MONTH: 4.15 1 = FOG OR MIST
DPTR FM NORMAL: 3.0 DPTR FM NORMAL: 0.92 2 = FOG REDUCING VISIBILITY
HIGHEST: 66 ON 24 GRTST 24HR 1.86 ON 24-25 TO 1/4 MILE OR LESS
LOWEST: 14 ON 19 3 = THUNDER
SNOW, ICE PELLETS, HAIL 4 = ICE PELLETS
TOTAL MONTH: 11.7 INCHES 5 = HAIL
GRTST 24HR 9.3 ON 16-16 6 = FREEZING RAIN OR DRIZZLE
GRTST DEPTH: 8 ON 17 7 = DUSTSTORM OR SANDSTORM:
VSBY 1/2 MILE OR LESS
8 = SMOKE OR HAZE
[NO. OF DAYS WITH] [WEATHER - DAYS WITH] 9 = BLOWING SNOW
X = TORNADO
MAX 32 OR BELOW: 4 0.01 INCH OR MORE: 11
MAX 90 OR ABOVE: 0 0.10 INCH OR MORE: 6
MIN 32 OR BELOW: 21 0.50 INCH OR MORE: 3
MIN 0 OR BELOW: 0 1.00 INCH OR MORE: 2
[HDD (BASE 65) ]
TOTAL THIS MO. 864 CLEAR (SCALE 0-3) 0
DPTR FM NORMAL -98 PTCLDY (SCALE 4-7) 19
TOTAL FM JUL 1 1584 CLOUDY (SCALE 8-10) 12
DPTR FM NORMAL -418
[CDD (BASE 65) ]
TOTAL THIS MO. 0
DPTR FM NORMAL 0 [PRESSURE DATA]
TOTAL FM JAN 1 1428 HIGHEST SLP 30.58 ON 29
DPTR FM NORMAL 426 LOWEST SLP 29.35 ON 25
[REMARKS]
#FINAL-12-20#