000
CXUS51 KCTP 010800
CF6MDT
PRELIMINARY LOCAL CLIMATOLOGICAL DATA (WS FORM: F-6)
STATION: HARRISBURG PA
MONTH: SEPTEMBER
YEAR: 2023
LATITUDE: 40 11 N
LONGITUDE: 76 46 W
TEMPERATURE IN F: :PCPN: SNOW: WIND :SUNSHINE: SKY :PK WND
================================================================================
1 2 3 4 5 6A 6B 7 8 9 10 11 12 13 14 15 16 17 18
12Z AVG MX 2MIN
DY MAX MIN AVG DEP HDD CDD WTR SNW DPTH SPD SPD DIR MIN PSBL S-S WX SPD DR
================================================================================
1 80 56 68 -5 0 3 0.00 0.0 0 3.5 9 240 M M 0 15 240
2 85 57 71 -1 0 6 0.00 0.0 0 3.8 16 190 M M 4 19 190
3 94 66 80 8 0 15 0.00 0.0 0 4.4 17 310 M M 3 21 320
4 97 72 85 13 0 20 0.00 0.0 0 7.7 17 330 M M 4 21 330
5 94 72 83 11 0 18 0.00 0.0 0 5.2 16 340 M M 3 20 350
6 95 72 84 13 0 19 0.00 0.0 0 4.6 13 280 M M 3 16 300
7 94 68 81 10 0 16 1.69 0.0 0 3.8 35 200 M M 6 1238 42 210
8 85 66 76 5 0 11 0.04 0.0 0 4.8 13 160 M M 7 13 16 160
9 88 71 80 10 0 15 0.01 0.0 0 5.4 23 230 M M 8 138 29 230
10 79 69 74 4 0 9 0.09 0.0 0 4.9 10 110 M M 9 13 13 60
11 83 68 76 6 0 11 T 0.0 0 4.1 21 280 M M 7 1 23 290
12 85 65 75 6 0 10 0.07 0.0 0 3.4 9 220 M M 5 13 12 240
13 81 65 73 4 0 8 0.14 0.0 0 7.9 16 300 M M 6 13 23 300
14 76 60 68 -1 0 3 0.00 0.0 0 7.1 15 350 M M 2 22 350
15 75 54 65 -3 0 0 0.00 0.0 0 7.5 17 340 M M 0 21 360
16 78 55 67 -1 0 2 0.00 0.0 0 5.7 16 300 M M 1 18 290
17 65 54 60 -8 5 0 0.87 0.0 0 3.7 14 140 M M 7 1 20 140
18 76 61 69 2 0 4 0.02 0.0 0 8.2 22 300 M M 7 28 300
19 74 56 65 -2 0 0 0.00 0.0 0 9.2 21 290 M M 2 24 290
20 76 53 65 -1 0 0 0.00 0.0 0 2.5 9 290 M M 4 15 330
21 74 55 65 -1 0 0 0.00 0.0 0 4.6 13 290 M M 4 20 360
22 74 52 63 -3 2 0 0.00 0.0 0 6.6 18 90 M M 7 25 100
23 61 56 59 -6 6 0 1.19 0.0 0 8.9 17 80 M M 10 1 26 90
24 63 59 61 -4 4 0 1.02 0.0 0 7.9 16 80 M M 10 1 25 70
25 67 58 63 -1 2 0 0.02 0.0 0 7.2 16 70 M M 10 1 21 80
26 60 55 58 -6 7 0 0.03 0.0 0 5.1 13 110 M M 10 18 16 70
27 67 54 61 -3 4 0 0.00 0.0 0 4.0 10 110 M M 9 14 60
28 68 50 59 -4 6 0 T 0.0 0 5.3 13 90 M M 9 1 17 140
29 65 57 61 -2 4 0 0.02 0.0 0 4.0 10 290 M M 10 18 16 10
30 76 60 68 6 0 3 0.00 0.0 0 4.0 12 20 M M 8 18 90
================================================================================
SM 2335 1816 40 173 5.21 0.0 165.0 M 175
================================================================================
AV 77.8 60.5 5.5 FASTST M M 6 MAX(MPH)
MISC ----> 35 200 42 210
================================================================================
NOTES:
# LAST OF SEVERAL OCCURRENCES
COLUMN 17 PEAK WIND IN M.P.H.
PRELIMINARY LOCAL CLIMATOLOGICAL DATA (WS FORM: F-6) , PAGE 2
STATION: HARRISBURG PA
MONTH: SEPTEMBER
YEAR: 2023
LATITUDE: 40 11 N
LONGITUDE: 76 46 W
[TEMPERATURE DATA] [PRECIPITATION DATA] SYMBOLS USED IN COLUMN 16
AVERAGE MONTHLY: 69.2 TOTAL FOR MONTH: 5.21 1 = FOG OR MIST
DPTR FM NORMAL: 1.3 DPTR FM NORMAL: 0.38 2 = FOG REDUCING VISIBILITY
HIGHEST: 97 ON 4 GRTST 24HR 1.69 ON 7- 7 TO 1/4 MILE OR LESS
LOWEST: 50 ON 28 3 = THUNDER
SNOW, ICE PELLETS, HAIL 4 = ICE PELLETS
TOTAL MONTH: 0.0 INCH 5 = HAIL
GRTST 24HR 0.0 6 = FREEZING RAIN OR DRIZZLE
GRTST DEPTH: 0 7 = DUSTSTORM OR SANDSTORM:
VSBY 1/2 MILE OR LESS
8 = SMOKE OR HAZE
[NO. OF DAYS WITH] [WEATHER - DAYS WITH] 9 = BLOWING SNOW
X = TORNADO
MAX 32 OR BELOW: 0 0.01 INCH OR MORE: 13
MAX 90 OR ABOVE: 5 0.10 INCH OR MORE: 5
MIN 32 OR BELOW: 0 0.50 INCH OR MORE: 4
MIN 0 OR BELOW: 0 1.00 INCH OR MORE: 3
[HDD (BASE 65) ]
TOTAL THIS MO. 40 CLEAR (SCALE 0-3) 7
DPTR FM NORMAL -8 PTCLDY (SCALE 4-7) 15
TOTAL FM JUL 1 40 CLOUDY (SCALE 8-10) 8
DPTR FM NORMAL -7
[CDD (BASE 65) ]
TOTAL THIS MO. 173
DPTR FM NORMAL 38 [PRESSURE DATA]
TOTAL FM JAN 1 1143 HIGHEST SLP 30.36 ON 27
DPTR FM NORMAL -13 LOWEST SLP 29.70 ON 7
[REMARKS]
#FINAL-09-23#