000
CXUS51 KCTP 010840
CLMMDT
CLIMATE REPORT
NATIONAL WEATHER SERVICE STATE COLLEGE PA
340 AM EST FRI DEC 01 2023
...................................
...THE HARRISBURG PA CLIMATE SUMMARY FOR THE MONTH OF NOVEMBER 2023...
CLIMATE NORMAL PERIOD 1991 TO 2020
CLIMATE RECORD PERIOD 1888 TO 2023
WEATHER OBSERVED NORMAL DEPART LAST YEAR`S
VALUE DATE(S) VALUE FROM VALUE DATE(S)
NORMAL
................................................................
TEMPERATURE (F)
RECORD
HIGH 84 11/01/1950
LOW 10 11/30/1929
HIGHEST 75 11/07 77 11/05
LOWEST 22 11/30 20 11/21
AVG. MAXIMUM 55.0 53.9 1.1 57.1
AVG. MINIMUM 34.4 35.8 -1.4 37.6
MEAN 44.7 44.8 -0.1 47.3
DAYS MAX >= 90 0 0.0 0.0 0
DAYS MAX <= 32 0 0.2 -0.2 0
DAYS MIN <= 32 14 10.5 3.5 9
DAYS MIN <= 0 0 0.0 0.0 0
PRECIPITATION (INCHES)
RECORD
MAXIMUM 8.56 2018
MINIMUM 0.41 1909
TOTALS 2.49 2.97 -0.48 2.74
DAILY AVG. 0.08 0.10 -0.02 0.09
DAYS >= .01 4 8.5 -4.5 9
DAYS >= .10 2 5.4 -3.4 5
DAYS >= .50 1 2.2 -1.2 2
DAYS >= 1.00 1 0.7 0.3 1
GREATEST
24 HR. TOTAL 2.33 11/21 TO 11/22 1.21 11/11 TO 11/12
SNOWFALL (INCHES)
RECORDS
TOTAL 15.4 1953
TOTALS T 0.8 -0.8 T
SINCE 7/1 T 1.0 -1.0 MM
SNOWDEPTH AVG. 0 0
DAYS >= 1.0 0 0.2 -0.2 0
GREATEST
SNOW DEPTH 0 0 MM
24 HR TOTAL T 11/28 TO 11/28 MM
DEGREE DAYS
HEATING TOTAL 602 605 -3 529
SINCE 7/1 855 953 -98 MM
COOLING TOTAL 0 0 0 6
SINCE 1/1 1178 1172 6 MM
................................................................
WIND (MPH)
AVERAGE WIND SPEED 6.0
HIGHEST WIND SPEED/DIRECTION 31/280 DATE 11/28
HIGHEST GUST SPEED/DIRECTION 41/290 DATE 11/28
SKY COVER
POSSIBLE SUNSHINE (PERCENT) MM
AVERAGE SKY COVER 0.45
NUMBER OF DAYS FAIR 9
NUMBER OF DAYS PC 16
NUMBER OF DAYS CLOUDY 5
AVERAGE RH (PERCENT) 61
WEATHER CONDITIONS. NUMBER OF DAYS WITH
THUNDERSTORM 0 MIXED PRECIP 0
HEAVY RAIN 1 RAIN 2
LIGHT RAIN 7 FREEZING RAIN 0
LT FREEZING RAIN 0 HAIL 0
HEAVY SNOW 0 SNOW 0
LIGHT SNOW 1 SLEET 0
FOG 7 FOG W/VIS <= 1/4 MILE 2
HAZE 3
- INDICATES NEGATIVE NUMBERS.
R INDICATES RECORD WAS SET OR TIED.
MM INDICATES DATA IS MISSING.
T INDICATES TRACE AMOUNT.
$$