000
CXUS54 KMEG 031711
CF6MEG
PRELIMINARY LOCAL CLIMATOLOGICAL DATA (WS FORM: F-6)
STATION: MEMPHIS/GERMANTOWN WFO
MONTH: AUGUST
YEAR: 2021
LATITUDE: 35 7 N
LONGITUDE: 89 48 W
TEMPERATURE IN F: :PCPN: SNOW: WIND :SUNSHINE: SKY :PK WND
================================================================================
1 2 3 4 5 6A 6B 7 8 9 10 11 12 13 14 15 16 17 18
12Z AVG MX 2MIN
DY MAX MIN AVG DEP HDD CDD WTR SNW DPTH SPD SPD DIR MIN PSBL S-S WX SPD DR
================================================================================
1 87 73 80 -1 0 15 0.00 0.0 0 M M M M M M M M
2 86 72 79 -2 0 14 0.00 0.0 0 M M M M M M M M
3 85 67 76 -5 0 11 0.00 0.0 0 M M M M M M M M
4 86 64 75 -6 0 10 0.00 0.0 0 M M M M M M M M
5 86 62 74 -7 0 9 0.00 0.0 0 M M M M M M M M
6 85 65 75 -6 0 10 0.00 0.0 0 M M M M M M M M
7 92 66 79 -2 0 14 0.00 0.0 0 M M M M M M M M
8 92 71 82 1 0 17 T 0.0 0 M M M M M M M M
9 95 77 86 5 0 21 0.00 0.0 0 M M M M M M M M
10 96 78 87 6 0 22 0.00 0.0 0 M M M M M M M M
11 97 78 88 7 0 23 0.00 0.0 0 M M M M M M M M
12 97 75 86 6 0 21 0.00 0.0 0 M M M M M M M M
13 93 71 82 2 0 17 2.20 0.0 0 M M M M M M 13 M M
14 91 70 81 1 0 16 0.00 0.0 0 M M M M M M M M
15 85 73 79 -1 0 14 0.00 0.0 0 M M M M M M M M
16 90 70 80 0 0 15 0.00 0.0 0 M M M M M M M M
17 91 71 81 1 0 16 T 0.0 0 M M M M M M 3 M M
18 85 72 79 -1 0 14 0.48 0.0 0 M M M M M M 13 M M
19 91 73 82 2 0 17 1.51 0.0 0 M M M M M M 13 M M
20 87 73 80 0 0 15 0.20 0.0 0 M M M M M M 1 M M
21 90 74 82 2 0 17 0.00 0.0 0 M M M M M M M M
22 92 73 83 4 0 18 0.00 0.0 0 M M M M M M M M
23 95 71 83 4 0 18 0.00 0.0 0 M M M M M M M M
24 96 73 85 6 0 20 0.00 0.0 0 M M M M M M M M
25 96 73 85 6 0 20 0.00 0.0 0 M M M M M M M M
26 95 75 85 6 0 20 0.00 0.0 0 M M M M M M M M
27 91 73 82 3 0 17 0.00 0.0 0 M M M M M M M M
28 93 73 83 5 0 18 0.00 0.0 0 M M M M M M M M
29 93 75 84 6 0 19 0.10 0.0 0 M M M M M M 13 M M
30 78 71 75 -3 0 10 0.27 0.0 0 M M M M M M 1 M M
31 87 71 79 1 0 14 0.03 0.0 0 M M M M M M M M
================================================================================
SM 2803 2223 0 502 4.79 0.0 M M M
================================================================================
AV 90.4 71.7 M FASTST M M M MAX(MPH)
MISC ----> M M M M
================================================================================
NOTES:
# LAST OF SEVERAL OCCURRENCES
COLUMN 17 PEAK WIND IN M.P.H.
PRELIMINARY LOCAL CLIMATOLOGICAL DATA (WS FORM: F-6) , PAGE 2
STATION: MEMPHIS/GERMANTOWN WFO
MONTH: AUGUST
YEAR: 2021
LATITUDE: 35 7 N
LONGITUDE: 89 48 W
[TEMPERATURE DATA] [PRECIPITATION DATA] SYMBOLS USED IN COLUMN 16
AVERAGE MONTHLY: 81.1 TOTAL FOR MONTH: 4.79 1 = FOG OR MIST
DPTR FM NORMAL: 1.2 DPTR FM NORMAL: 1.40 2 = FOG REDUCING VISIBILITY
HIGHEST: 97 ON 12,11 GRTST 24HR 2.20 ON 13-13 TO 1/4 MILE OR LESS
LOWEST: 62 ON 5 3 = THUNDER
SNOW, ICE PELLETS, HAIL 4 = ICE PELLETS
TOTAL MONTH: 0.0 INCH 5 = HAIL
GRTST 24HR 0.0 6 = FREEZING RAIN OR DRIZZLE
GRTST DEPTH: 0 7 = DUSTSTORM OR SANDSTORM:
VSBY 1/2 MILE OR LESS
8 = SMOKE OR HAZE
[NO. OF DAYS WITH] [WEATHER - DAYS WITH] 9 = BLOWING SNOW
X = TORNADO
MAX 32 OR BELOW: 0 0.01 INCH OR MORE: 7
MAX 90 OR ABOVE: 20 0.10 INCH OR MORE: 6
MIN 32 OR BELOW: 0 0.50 INCH OR MORE: 2
MIN 0 OR BELOW: 0 1.00 INCH OR MORE: 2
[HDD (BASE 65) ]
TOTAL THIS MO. 0 CLEAR (SCALE 0-3) 0
DPTR FM NORMAL 0 PTCLDY (SCALE 4-7) 0
TOTAL FM JUL 1 0 CLOUDY (SCALE 8-10) 31
DPTR FM NORMAL 0
[CDD (BASE 65) ]
TOTAL THIS MO. 502
DPTR FM NORMAL 38 [PRESSURE DATA]
TOTAL FM JAN 1 1612 HIGHEST SLP M ON M
DPTR FM NORMAL -9 LOWEST SLP M ON M
[REMARKS]
#FINAL-08-21#