000
CXUS54 KMEG 011554
CLMMEG
CLIMATE REPORT
NATIONAL WEATHER SERVICE MEMPHIS TN
1054 AM CDT MON MAY 01 2023
...................................
...THE MEMPHIS/GERMANTOWN WFO CLIMATE SUMMARY FOR THE MONTH OF APRIL 2023...
CLIMATE NORMAL PERIOD 1991 TO 2020
CLIMATE RECORD PERIOD 1988 TO 2023
WEATHER OBSERVED NORMAL DEPART LAST YEAR`S
VALUE DATE(S) VALUE FROM VALUE DATE(S)
NORMAL
................................................................
TEMPERATURE (F)
RECORD
HIGH 94 04/18/2006
LOW 26 04/08/2007
04/12/1989
04/07/2007
HIGHEST 88 04/04 MM MM MM
LOWEST 37 04/24 MM MM MM
AVG. MAXIMUM 71.6 72.7 -1.1 MM
AVG. MINIMUM 49.5 49.0 0.5 MM
MEAN 60.5 60.8 -0.3 MM
DAYS MAX >= 90 0 0.1 -0.1 MM
DAYS MAX <= 32 0 0.0 0.0 MM
DAYS MIN <= 32 0 0.8 -0.8 MM
DAYS MIN <= 0 0 0.0 0.0 MM
PRECIPITATION (INCHES)
RECORD
MAXIMUM 3.09 2021
MINIMUM 3.09 2021
TOTALS 5.85 5.85 0.00 MM
DAILY AVG. 0.20 0.19 0.01 MM
DAYS >= .01 12 10.0 2.0 MM
DAYS >= .10 7 7.1 -0.1 MM
DAYS >= .50 4 4.2 -0.2 MM
DAYS >= 1.00 3 2.0 1.0 MM
GREATEST
24 HR. TOTAL 2.07 04/21 TO 04/21
SNOWFALL (INCHES)
RECORDS
TOTAL MM 5
TOTALS 0.0 0.0 0.0 MM
SINCE 7/1 1.1 2.8 -1.7 MM
SNOWDEPTH AVG. 0 MM
DAYS >= 1.0 0 0.0 0.0 MM
GREATEST
SNOW DEPTH 0 MM
24 HR TOTAL MM
DEGREE DAYS
HEATING TOTAL 160 181 -21 MM
SINCE 7/1 2664 3311 -647 MM
COOLING TOTAL 32 56 -24 MM
SINCE 1/1 60 69 -9 MM
................................................................
- INDICATES NEGATIVE NUMBERS.
R INDICATES RECORD WAS SET OR TIED.
MM INDICATES DATA IS MISSING.
T INDICATES TRACE AMOUNT.
$$