000
CXUS56 KPDT 011910
CF6MEH
PRELIMINARY LOCAL CLIMATOLOGICAL DATA (WS FORM: F-6)
STATION: MEACHAM OR
MONTH: NOVEMBER
YEAR: 2021
LATITUDE: 45 30 N
LONGITUDE: 118 24 W
TEMPERATURE IN F: :PCPN: SNOW: WIND :SUNSHINE: SKY :PK WND
================================================================================
1 2 3 4 5 6A 6B 7 8 9 10 11 12 13 14 15 16 17 18
12Z AVG MX 2MIN
DY MAX MIN AVG DEP HDD CDD WTR SNW DPTH SPD SPD DIR MIN PSBL S-S WX SPD DR
================================================================================
1 53 28 41 2 24 0 0.16 M M 0.4 3 260 M M 6 1 11 190
2 54 36 45 7 20 0 T M M 0.0 5 100 M M 8 12 10 80
3 58 43 51 13 14 0 0.00 M M 0.5 7 110 M M 1 20 20
4 56 31 44 6 21 0 0.19 M M 0.6 9 270 M M 7 1 26 90
5 48 30 39 1 26 0 0.13 M M 0.1 5 300 M M 7 1 11 320
6 42 26 34 -3 31 0 0.11 M M 0.3 6 280 M M 7 1 11 290
7 42 21 32 -5 33 0 0.00 M M 0.1 5 200 M M 3 11 260
8 44 21 33 -4 32 0 0.00 M M 2.0 10 110 M M 0 1 34 100
9 47 28 38 2 27 0 0.32 M M 0.9 7 230 M M 8 1 26 90
10 42 27 35 -1 30 0 0.00 M M 0.1 6 310 M M 5 10 310
11 48 35 42 6 23 0 1.04 M M 0.0 3 60 M M 10 1 7 50
12 53 43 48 12 17 0 0.71 M M 0.3 6 260 M M 9 1 17 260
13 55 40 48 13 17 0 0.00 M M 0.3 5 250 M M 7 1 10 220
14 60 39 50 15 15 0 0.00 M M 0.1 6 210 M M 1 16 230
15 59 31 45 10 20 0 0.09 M M 2.1 12 290 M M 3 1 43 200
16 35 25 30 -4 35 0 T M M 1.9 8 270 M M 8 1 23 290
17 37 16 27 -7 38 0 0.00 M M 0.5 9 90 M M 0 17 180
18 38 32 35 1 30 0 0.05 M M 0.7 6 130 M M 9 17 140
19 41 32 37 3 28 0 0.80 M M 0.5 7 310 M M 10 12 16 280
20 37 25 31 -2 34 0 0.00 M M 0.3 3 250 M M 7 12 8 300
21 43 23 33 0 32 0 0.00 M M 0.1 3 180 M M 0 7 130
22 47 25 36 3 29 0 0.00 M M 0.0 5 110 M M 0 9 90
23 35 26 31 -1 34 0 0.46 M M 1.4 10 280 M M 9 12 23 290
24 37 20 29 -3 36 0 0.00 M M 0.1 6 270 M M 2 11 260
25 42 32 37 5 28 0 0.00 M M 0.3 3 240 M M 4 9 130
26 45 30 38 6 27 0 0.17 M M 0.0 3 100 M M 8 1 8 180
27 49 30 40 9 25 0 0.08 M M 0.1 5 100 M M 8 1 9 90
28 54 31 43 12 22 0 T M M 0.2 7 100 M M 1 1 11 100
29 47 29 38 7 27 0 0.32 M M 0.1 5 270 M M 5 1 10 340
30 48 29 39 9 26 0 T M M 0.1 3 90 M M 7 7 100
================================================================================
SM 1396 884 801 0 4.63 M 14.1 M 160
================================================================================
AV 46.5 29.5 0.5 FASTST M M 5 MAX(MPH)
MISC ----> 12 290 43 200
================================================================================
NOTES:
# LAST OF SEVERAL OCCURRENCES
COLUMN 17 PEAK WIND IN M.P.H.
PRELIMINARY LOCAL CLIMATOLOGICAL DATA (WS FORM: F-6) , PAGE 2
STATION: MEACHAM OR
MONTH: NOVEMBER
YEAR: 2021
LATITUDE: 45 30 N
LONGITUDE: 118 24 W
[TEMPERATURE DATA] [PRECIPITATION DATA] SYMBOLS USED IN COLUMN 16
AVERAGE MONTHLY: 38.0 TOTAL FOR MONTH: 4.63 1 = FOG OR MIST
DPTR FM NORMAL: 3.5 DPTR FM NORMAL: -0.21 2 = FOG REDUCING VISIBILITY
HIGHEST: 60 ON 14 GRTST 24HR 1.05 ON 11-12 TO 1/4 MILE OR LESS
LOWEST: 16 ON 17 3 = THUNDER
SNOW, ICE PELLETS, HAIL 4 = ICE PELLETS
TOTAL MONTH: M 5 = HAIL
GRTST 24HR M ON M 6 = FREEZING RAIN OR DRIZZLE
GRTST DEPTH: M ON M 7 = DUSTSTORM OR SANDSTORM:
VSBY 1/2 MILE OR LESS
8 = SMOKE OR HAZE
[NO. OF DAYS WITH] [WEATHER - DAYS WITH] 9 = BLOWING SNOW
X = TORNADO
MAX 32 OR BELOW: 0 0.01 INCH OR MORE: 14
MAX 90 OR ABOVE: 0 0.10 INCH OR MORE: 11
MIN 32 OR BELOW: 24 0.50 INCH OR MORE: 3
MIN 0 OR BELOW: 0 1.00 INCH OR MORE: 1
[HDD (BASE 65) ]
TOTAL THIS MO. 801 CLEAR (SCALE 0-3) 10
DPTR FM NORMAL -113 PTCLDY (SCALE 4-7) 14
TOTAL FM JUL 1 2024 CLOUDY (SCALE 8-10) 6
DPTR FM NORMAL -315
[CDD (BASE 65) ]
TOTAL THIS MO. 0
DPTR FM NORMAL 0 [PRESSURE DATA]
TOTAL FM JAN 1 193 HIGHEST SLP 30.57 ON 21
DPTR FM NORMAL 154 LOWEST SLP 29.65 ON 9
[REMARKS]
#FINAL-11-21#