000
CXUS56 KPDT 020532
CF6MEH
PRELIMINARY LOCAL CLIMATOLOGICAL DATA (WS FORM: F-6)
STATION: MEACHAM OR
MONTH: MARCH
YEAR: 2020
LATITUDE: 45 30 N
LONGITUDE: 118 24 W
TEMPERATURE IN F: :PCPN: SNOW: WIND :SUNSHINE: SKY :PK WND
================================================================================
1 2 3 4 5 6A 6B 7 8 9 10 11 12 13 14 15 16 17 18
12Z AVG MX 2MIN
DY MAX MIN AVG DEP HDD CDD WTR SNW DPTH SPD SPD DIR MIN PSBL S-S WX SPD DR
================================================================================
1 37 14 26 -6 39 0 0.00 M M 0.7 8 270 M M 3 18 11 260
2 43 28 36 4 29 0 0.14 M M 2.2 9 290 M M 9 1 16 300
3 50 30 40 8 25 0 0.01 M M 2.5 9 270 M M 6 17 260
4 45 27 36 3 29 0 T M M 1.2 8 290 M M 5 17 240
5 59 27 43 10 22 0 0.00 M M 0.6 8 50 M M 0 13 100
6 54 29 42 9 23 0 0.00 M M 0.2 5 270 M M 3 10 320
7 36 21 29 -4 36 0 0.11 M M 0.3 6 270 M M 8 12 10 270
8 42 17 30 -4 35 0 0.00 M M 0.7 7 20 M M 6 10 30
9 44 22 33 -1 32 0 0.00 M M 1.3 7 270 M M 4 12 310
10 53 16 35 1 30 0 0.00 M M 1.1 7 280 M M 2 8 13 240
11 49 26 38 4 27 0 0.00 M M 2.6 12 280 M M 3 24 290
12 42 20 31 -3 34 0 0.00 M M 0.9 7 280 M M 3 12 320
13 46 17 32 -3 33 0 0.49 M M 0.8 7 10 M M 7 12 13 10
14 30 20 25 -10 40 0 0.11 M M 1.0 7 280 M M 10 12 12 260
15 25 19 22 -13 43 0 0.00 M M 0.7 4 110 M M 9 12 M M
16 33 22 28 -7 37 0 0.00 M M 0.5 6 20 M M 10 12 9 20
17 41 8 25 -11 40 0 T M M 0.5 5 99 M M 3 1 M M
18 47 24 36 0 29 0 0.02 M M 0.5 7 10 M M 6 16 13 290
19 49 18 34 -2 31 0 0.00 M M 1.1 8 30 M M 1 12 40
20 51 20 36 0 29 0 0.00 M M 1.1 9 30 M M 0 12 30
21 50 22 36 0 29 0 0.00 M M 1.2 8 250 M M 0 15 260
22 55 19 37 0 28 0 0.00 M M 1.0 6 260 M M 0 10 230
23 45 29 37 0 28 0 0.07 M M 1.4 9 280 M M 5 1 19 260
24 42 28 35 -2 30 0 T M M 0.6 7 300 M M 7 1 13 250
25 38 27 33 -4 32 0 0.20 M M 1.5 10 270 M M 9 18 16 270
26 41 29 35 -2 30 0 0.01 M M 2.4 7 260 M M 9 1 12 220
27 39 31 35 -3 30 0 0.01 M M 1.2 7 300 M M 10 14 220
28 48 34 41 3 24 0 0.18 M M 0.1 5 280 M M 10 1 9 210
29 47 33 40 2 25 0 0.45 M M 0.3 8 260 M M 9 1 15 270
30 47 33 40 2 25 0 0.52 M M 0.9 8 300 M M 9 1 17 290
31 37 27 32 -6 33 0 0.55 M M 1.7 10 280 M M 7 12 19 300
================================================================================
SM 1365 737 957 0 2.87 M 32.8 M 173
================================================================================
AV 44.0 23.8 1.1 FASTST M M 6 MAX(MPH)
MISC ----> # 12 280 # 24 290
================================================================================
NOTES:
# LAST OF SEVERAL OCCURRENCES
COLUMN 17 PEAK WIND IN M.P.H.
PRELIMINARY LOCAL CLIMATOLOGICAL DATA (WS FORM: F-6) , PAGE 2
STATION: MEACHAM OR
MONTH: MARCH
YEAR: 2020
LATITUDE: 45 30 N
LONGITUDE: 118 24 W
[TEMPERATURE DATA] [PRECIPITATION DATA] SYMBOLS USED IN COLUMN 16
AVERAGE MONTHLY: 33.9 TOTAL FOR MONTH: 2.87 1 = FOG OR MIST
DPTR FM NORMAL: -1.4 DPTR FM NORMAL: -1.50 2 = FOG REDUCING VISIBILITY
HIGHEST: 59 ON 5 GRTST 24HR 0.55 ON 31-31 TO 1/4 MILE OR LESS
LOWEST: 8 ON 17 3 = THUNDER
SNOW, ICE PELLETS, HAIL 4 = ICE PELLETS
TOTAL MONTH: M 5 = HAIL
GRTST 24HR M ON M 6 = FREEZING RAIN OR DRIZZLE
GRTST DEPTH: M ON M 7 = DUSTSTORM OR SANDSTORM:
VSBY 1/2 MILE OR LESS
8 = SMOKE OR HAZE
[NO. OF DAYS WITH] [WEATHER - DAYS WITH] 9 = BLOWING SNOW
X = TORNADO
MAX 32 OR BELOW: 2 0.01 INCH OR MORE: 14
MAX 90 OR ABOVE: 0 0.10 INCH OR MORE: 9
MIN 32 OR BELOW: 28 0.50 INCH OR MORE: 2
MIN 0 OR BELOW: 0 1.00 INCH OR MORE: 0
[HDD (BASE 65) ]
TOTAL THIS MO. 957 CLEAR (SCALE 0-3) 10
DPTR FM NORMAL 35 PTCLDY (SCALE 4-7) 10
TOTAL FM JUL 1 6367 CLOUDY (SCALE 8-10) 11
DPTR FM NORMAL -305
[CDD (BASE 65) ]
TOTAL THIS MO. 0
DPTR FM NORMAL 0 [PRESSURE DATA]
TOTAL FM JAN 1 0 HIGHEST SLP 30.34 ON 10
DPTR FM NORMAL 0 LOWEST SLP 29.51 ON 14
[REMARKS]
#FINAL-03-20#