000
CXUS54 KJAN 040838
CLMMEI
CLIMATE REPORT
NATIONAL WEATHER SERVICE JACKSON MS
238 AM CST MON DEC 04 2023
...................................
...THE MERIDIAN CLIMATE SUMMARY FOR THE MONTH OF NOVEMBER 2023...
CLIMATE NORMAL PERIOD: 1991 TO 2020
CLIMATE RECORD PERIOD: 1889 TO 2023
WEATHER OBSERVED NORMAL DEPART LAST YEAR`S
VALUE DATE(S) VALUE FROM VALUE DATE(S)
NORMAL
................................................................
TEMPERATURE (F)
RECORD
HIGH 89 11/01/2016
LOW 12 11/16/2000
HIGHEST 84 11/08 82 2 88 11/07
LOWEST 26 11/02 27 -1 25 11/18
AVG. MAXIMUM 68.5 68.7 -0.2 68.4
AVG. MINIMUM 43.1 42.9 0.2 44.0
MEAN 55.8 55.8 0.0 56.2
DAYS MAX >= 90 0 0.0 0.0 0
DAYS MAX <= 32 0 0.0 0.0 0
DAYS MIN <= 32 6 6.8 -0.8 7
DAYS MIN <= 0 0 0.0 0.0 0
PRECIPITATION (INCHES)
RECORD
MAXIMUM 13.93 1948
MINIMUM 0.17 1924
TOTALS 1.90 4.21 -2.31 3.11
DAILY AVG. 0.06 0.14 -0.08 0.10
DAYS >= .01 10 8.3 1.7 10
DAYS >= .10 5 5.9 -0.9 7
DAYS >= .50 1 2.6 -1.6 2
DAYS >= 1.00 1 1.3 -0.3 0
GREATEST
24 HR. TOTAL 1.05 11/20 TO 11/21 0.91
SNOWFALL (INCHES)
RECORDS
TOTAL T 2022
TOTALS 0.0 0.0 0.0 T
SINCE 7/1 0.0 0.0 0.0 MM
DAYS >= TRACE 0
DAYS >= 1.0 0 0.0 0.0 0
GREATEST
24 HR TOTAL MM
DEGREE DAYS
HEATING TOTAL 283 297 -14 297
SINCE 7/1 348 381 -33 MM
COOLING TOTAL 15 21 -6 39
SINCE 1/1 2674 2469 205 MM
................................................................
WIND (MPH)
AVERAGE WIND SPEED 4.9
HIGHEST WIND SPEED/DIRECTION 22/020 DATE 11/01
22/170 11/20
HIGHEST GUST SPEED/DIRECTION 31/160 DATE 11/20
SKY COVER
POSSIBLE SUNSHINE (PERCENT) MM
AVERAGE SKY COVER 0.39
NUMBER OF DAYS FAIR 16
NUMBER OF DAYS PC 7
NUMBER OF DAYS CLOUDY 7
AVERAGE RH (PERCENT) 71
WEATHER CONDITIONS. NUMBER OF DAYS WITH
THUNDERSTORM 1 MIXED PRECIP 0
HEAVY RAIN 2 RAIN 3
LIGHT RAIN 10 FREEZING RAIN 0
LT FREEZING RAIN 0 HAIL 0
HEAVY SNOW 0 SNOW 0
LIGHT SNOW 0 SLEET 0
FOG 10 FOG W/VIS <= 1/4 MILE 2
HAZE 5
- INDICATES NEGATIVE NUMBERS.
R INDICATES RECORD WAS SET OR TIED.
MM INDICATES DATA IS MISSING.
T INDICATES TRACE AMOUNT.
$$