000
CXUS54 KMEG 010900
CF6MEM
PRELIMINARY LOCAL CLIMATOLOGICAL DATA (WS FORM: F-6)
STATION: MEMPHIS
MONTH: JULY
YEAR: 2023
LATITUDE: 35 3 N
LONGITUDE: 89 59 W
TEMPERATURE IN F: :PCPN: SNOW: WIND :SUNSHINE: SKY :PK WND
================================================================================
1 2 3 4 5 6A 6B 7 8 9 10 11 12 13 14 15 16 17 18
12Z AVG MX 2MIN
DY MAX MIN AVG DEP HDD CDD WTR SNW DPTH SPD SPD DIR MIN PSBL S-S WX SPD DR
================================================================================
1 96 81 89 7 0 24 0.00 0.0 0 9.9 21 220 M M 4 27 220
2 94 75 85 3 0 20 0.17 0.0 0 10.0 26 270 M M 6 3 40 260
3 94 74 84 2 0 19 0.09 0.0 0 5.3 24 180 M M 5 3 30 170
4 92 72 82 0 0 17 0.89 0.0 0 6.0 39 190 M M 8 13 51 200
5 91 70 81 -1 0 16 1.02 0.0 0 6.1 47 310 M M 4 13 69 330
6 91 73 82 0 0 17 0.05 0.0 0 5.1 24 290 M M 8 13 31 290
7 89 71 80 -2 0 15 0.01 0.0 0 4.1 18 20 M M 8 18 24 10
8 90 72 81 -2 0 16 0.54 0.0 0 7.2 23 230 M M 7 13 31 210
9 80 70 75 -8 0 10 0.41 0.0 0 6.7 21 20 M M 9 24 310
10 85 68 77 -6 0 12 0.00 0.0 0 5.0 10 60 M M 4 13 10
11 88 68 78 -5 0 13 0.00 0.0 0 3.8 10 150 M M 5 15 160
12 89 76 83 0 0 18 0.00 0.0 0 8.5 15 200 M M 5 26 230
13 92 77 85 2 0 20 T 0.0 0 5.5 13 160 M M 6 20 240
14 88 74 81 -2 0 16 0.43 0.0 0 7.1 21 300 M M 7 13 26 240
15 88 71 80 -3 0 15 0.08 0.0 0 8.4 18 270 M M 7 1 23 270
16 92 75 84 1 0 19 0.00 0.0 0 2.4 12 290 M M 4 18 300
17 91 74 83 0 0 18 0.00 0.0 0 5.5 14 210 M M 4 23 220
18 95 72 84 1 0 19 0.33 0.0 0 8.6 33 340 M M 7 13 48 320
19 94 78 86 3 0 21 T 0.0 0 11.8 20 240 M M 4 28 240
20 94 80 87 4 0 22 0.00 0.0 0 7.7 15 250 M M 7 24 250
21 85 70 78 -5 0 13 4.53 0.0 0 6.9 38 290 M M 8 123 54 290
22 85 70 78 -5 0 13 0.00 0.0 0 5.6 15 330 M M 3 19 340
23 90 68 79 -4 0 14 0.00 0.0 0 3.6 10 310 M M 1 17 280
24 91 72 82 -1 0 17 0.00 0.0 0 5.6 13 220 M M 2 20 240
25 91 74 83 0 0 18 0.00 0.0 0 7.6 16 200 M M 1 32 280
26 87 77 82 -1 0 17 0.05 0.0 0 8.7 17 220 M M 9 29 200
27 94 78 86 3 0 21 T 0.0 0 8.4 15 230 M M 3 32 250
28 95 77 86 3 0 21 0.00 0.0 0 6.0 13 220 M M 1 23 260
29 95 78 87 4 0 22 0.00 0.0 0 5.9 17 310 M M 3 24 300
30 93 77 85 2 0 20 0.02 0.0 0 5.7 14 10 M M 4 19 20
31 93 76 85 2 0 20 0.00 0.0 0 7.1 15 40 M M 6 19 50
================================================================================
SM 2812 2288 0 543 8.62 0.0 205.8 M 160
================================================================================
AV 90.7 73.8 6.6 FASTST M M 5 MAX(MPH)
MISC ----> 47 310 69 330
================================================================================
NOTES:
# LAST OF SEVERAL OCCURRENCES
COLUMN 17 PEAK WIND IN M.P.H.
PRELIMINARY LOCAL CLIMATOLOGICAL DATA (WS FORM: F-6) , PAGE 2
STATION: MEMPHIS
MONTH: JULY
YEAR: 2023
LATITUDE: 35 3 N
LONGITUDE: 89 59 W
[TEMPERATURE DATA] [PRECIPITATION DATA] SYMBOLS USED IN COLUMN 16
AVERAGE MONTHLY: 82.3 TOTAL FOR MONTH: 8.62 1 = FOG OR MIST
DPTR FM NORMAL: -0.5 DPTR FM NORMAL: 3.80 2 = FOG REDUCING VISIBILITY
HIGHEST: 96 ON 1 GRTST 24HR 4.53 ON 21-21 TO 1/4 MILE OR LESS
LOWEST: 68 ON 23,11 3 = THUNDER
SNOW, ICE PELLETS, HAIL 4 = ICE PELLETS
TOTAL MONTH: 0.0 INCH 5 = HAIL
GRTST 24HR 0.0 6 = FREEZING RAIN OR DRIZZLE
GRTST DEPTH: 0 7 = DUSTSTORM OR SANDSTORM:
VSBY 1/2 MILE OR LESS
8 = SMOKE OR HAZE
[NO. OF DAYS WITH] [WEATHER - DAYS WITH] 9 = BLOWING SNOW
X = TORNADO
MAX 32 OR BELOW: 0 0.01 INCH OR MORE: 14
MAX 90 OR ABOVE: 21 0.10 INCH OR MORE: 8
MIN 32 OR BELOW: 0 0.50 INCH OR MORE: 4
MIN 0 OR BELOW: 0 1.00 INCH OR MORE: 2
[HDD (BASE 65) ]
TOTAL THIS MO. 0 CLEAR (SCALE 0-3) 6
DPTR FM NORMAL 0 PTCLDY (SCALE 4-7) 22
TOTAL FM JUL 1 0 CLOUDY (SCALE 8-10) 3
DPTR FM NORMAL 0
[CDD (BASE 65) ]
TOTAL THIS MO. 543
DPTR FM NORMAL -7 [PRESSURE DATA]
TOTAL FM JAN 1 1305 HIGHEST SLP 30.17 ON 25
DPTR FM NORMAL -29 LOWEST SLP 29.77 ON 15
[REMARKS]
#FINAL-07-23#