000
CXUS54 KMEG 011516
CLMMEM
CLIMATE REPORT
NATIONAL WEATHER SERVICE MEMPHIS TN
1016 AM CDT WED NOV 01 2023
...................................
...THE MEMPHIS CLIMATE SUMMARY FOR THE MONTH OF OCTOBER 2023...
CLIMATE NORMAL PERIOD 1991 TO 2020
CLIMATE RECORD PERIOD 1872 TO 2023
WEATHER OBSERVED NORMAL DEPART LAST YEAR`S
VALUE DATE(S) VALUE FROM VALUE DATE(S)
NORMAL
................................................................
TEMPERATURE (F)
RECORD
HIGH 98 10/03/2019
LOW 25 10/29/1952
HIGHEST 92 10/01 74 18 85 10/06
10/12
LOWEST 33 10/31 52 -19 35 10/19
AVG. MAXIMUM 77.4 75.1 2.3 74.5
AVG. MINIMUM 56.7 54.0 2.7 51.9
MEAN 67.0 64.6 2.4 63.2
DAYS MAX >= 90 3 0.9 2.1 0
DAYS MAX <= 32 0 0.0 0.0 0
DAYS MIN <= 32 0 0.1 -0.1 0
DAYS MIN <= 0 0 0.0 0.0 0
PRECIPITATION (INCHES)
RECORD
MAXIMUM 12.95 2019
MINIMUM 0.00 1963
TOTALS 1.57 3.98 -2.41 4.82
DAILY AVG. 0.05 0.13 -0.08 0.16
DAYS >= .01 5 7.5 -2.5 6
DAYS >= .10 4 5.3 -1.3 4
DAYS >= .50 1 2.6 -1.6 4
DAYS >= 1.00 0 1.3 -1.3 1
GREATEST
24 HR. TOTAL 0.94 10/29 TO 10/30
SNOWFALL (INCHES)
RECORDS
TOTAL 0.0 2002
TOTALS 0.0 0.0 0.0 0.0
SINCE 7/1 0.0 0.0 0.0 MM
SNOWDEPTH AVG. 0 0
DAYS >= 1.0 0 0.0 0.0 0
GREATEST
SNOW DEPTH 0 0 MM
24 HR TOTAL MM
DEGREE DAYS
HEATING TOTAL 88 116 -28 102
SINCE 7/1 88 124 -36 MM
COOLING TOTAL 158 102 56 54
SINCE 1/1 2404 2299 105 MM
................................................................
WIND (MPH)
AVERAGE WIND SPEED 7.4
HIGHEST WIND SPEED/DIRECTION 25/010 DATE 10/06
HIGHEST GUST SPEED/DIRECTION 40/360 DATE 10/06
SKY COVER
POSSIBLE SUNSHINE (PERCENT) MM
AVERAGE SKY COVER 0.49
NUMBER OF DAYS FAIR 12
NUMBER OF DAYS PC 8
NUMBER OF DAYS CLOUDY 11
AVERAGE RH (PERCENT) 61
WEATHER CONDITIONS. NUMBER OF DAYS WITH
THUNDERSTORM 0 MIXED PRECIP 0
HEAVY RAIN 1 RAIN 4
LIGHT RAIN 8 FREEZING RAIN 0
LT FREEZING RAIN 0 HAIL 0
HEAVY SNOW 0 SNOW 0
LIGHT SNOW 0 SLEET 0
FOG 6 FOG W/VIS <= 1/4 MILE 2
HAZE 3
- INDICATES NEGATIVE NUMBERS.
R INDICATES RECORD WAS SET OR TIED.
MM INDICATES DATA IS MISSING.
T INDICATES TRACE AMOUNT.
$$