000
CXUS54 KBRO 010900
CF6MFE
PRELIMINARY LOCAL CLIMATOLOGICAL DATA (WS FORM: F-6)
STATION: MCALLEN
MONTH: DECEMBER
YEAR: 2022
LATITUDE: 26 10 N
LONGITUDE: 98 14 W
TEMPERATURE IN F: :PCPN: SNOW: WIND :SUNSHINE: SKY :PK WND
================================================================================
1 2 3 4 5 6A 6B 7 8 9 10 11 12 13 14 15 16 17 18
12Z AVG MX 2MIN
DY MAX MIN AVG DEP HDD CDD WTR SNW DPTH SPD SPD DIR MIN PSBL S-S WX SPD DR
================================================================================
1 60 55 58 -8 7 0 0.00 0.0 0 8.7 15 340 M M 10 19 330
2 69 56 63 -3 2 0 0.00 0.0 0 2.5 9 140 M M 10 1 12 150
3 80 67 74 8 0 9 0.19 0.0 0 5.1 9 340 M M 10 1238 14 110
4 79 68 74 8 0 9 0.04 0.0 0 5.5 15 130 M M 9 128 21 130
5 84 71 78 12 0 13 0.00 0.0 0 13.6 23 160 M M 7 31 160
6 85 68 77 12 0 12 0.00 0.0 0 13.5 24 170 M M 3 1 33 170
7 85 67 76 11 0 11 0.00 0.0 0 11.0 24 160 M M 7 1 32 160
8 86 70 78 13 0 13 0.00 0.0 0 12.2 20 140 M M 6 1 27 130
9 84 68 76 11 0 11 0.00 0.0 0 11.1 22 140 M M 6 128 29 130
10 85 67 76 11 0 11 0.00 0.0 0 11.5 25 130 M M 4 32 130
11 84 65 75 11 0 10 0.00 0.0 0 5.9 15 120 M M 2 12 20 110
12 82 69 76 12 0 11 0.00 0.0 0 13.2 24 140 M M 7 1 35 140
13 88 72 80 16 0 15 0.00 0.0 0 13.9 23 170 M M 4 18 34 180
14 78 55 67 3 0 2 0.00 0.0 0 9.9 29 350 M M 5 18 38 340
15 76 46 61 -3 4 0 0.00 0.0 0 5.4 13 120 M M 0 20 150
16 78 55 67 3 0 2 0.00 0.0 0 4.7 10 100 M M 6 15 140
17 70 44 57 -7 8 0 0.36 0.0 0 12.5 26 20 M M 10 1 37 30
18 56 52 54 -10 11 0 0.10 0.0 0 7.5 14 360 M M 10 18 18 270
19 64 53 59 -4 6 0 0.08 0.0 0 10.1 15 340 M M 10 1 21 330
20 68 54 61 -2 4 0 0.00 0.0 0 10.4 17 50 M M 7 24 10
21 61 50 56 -7 9 0 0.00 0.0 0 5.6 13 350 M M 9 16 350
22 75 39 57 -6 8 0 0.00 0.0 0 6.5 33 10 M M 6 1 57 360
23 39 29 34 -29 31 0 0.00 0.0 0 16.3 30 10 M M 10 50 350
24 39 31 35 -28 30 0 0.00 0.0 0 10.4 18 350 M M 10 24 350
25 55 38 47 -16 18 0 0.00 0.0 0 6.8 14 350 M M 8 8 19 360
26 69 45 57 -6 8 0 0.00 0.0 0 3.1 9 50 M M 6 12 70
27 70 41 56 -6 9 0 0.00 0.0 0 5.5 12 90 M M 0 20 80
28 82 46 64 2 1 0 0.00 0.0 0 13.3 25 160 M M 1 40 170
29 85 59 72 10 0 7 0.00 0.0 0 9.4 23 170 M M 3 1 32 160
30 81 57 69 7 0 4 0.00 0.0 0 4.8 14 360 M M 0 1 19 10
31 83 51 67 5 0 2 0.00 0.0 0 5.4 17 120 M M 1 18 23 130
================================================================================
SM 2280 1708 156 142 0.77 0.0 275.3 M 187
================================================================================
AV 73.5 55.1 8.9 FASTST M M 6 MAX(MPH)
MISC ----> 33 10 57 360
================================================================================
NOTES:
# LAST OF SEVERAL OCCURRENCES
COLUMN 17 PEAK WIND IN M.P.H.
PRELIMINARY LOCAL CLIMATOLOGICAL DATA (WS FORM: F-6) , PAGE 2
STATION: MCALLEN
MONTH: DECEMBER
YEAR: 2022
LATITUDE: 26 10 N
LONGITUDE: 98 14 W
[TEMPERATURE DATA] [PRECIPITATION DATA] SYMBOLS USED IN COLUMN 16
AVERAGE MONTHLY: 64.3 TOTAL FOR MONTH: 0.77 1 = FOG OR MIST
DPTR FM NORMAL: 0.3 DPTR FM NORMAL: -0.29 2 = FOG REDUCING VISIBILITY
HIGHEST: 88 ON 13 GRTST 24HR 0.36 ON 17-17 TO 1/4 MILE OR LESS
LOWEST: 29 ON 23 3 = THUNDER
SNOW, ICE PELLETS, HAIL 4 = ICE PELLETS
TOTAL MONTH: 0.0 INCH 5 = HAIL
GRTST 24HR 0.0 6 = FREEZING RAIN OR DRIZZLE
GRTST DEPTH: 0 7 = DUSTSTORM OR SANDSTORM:
VSBY 1/2 MILE OR LESS
8 = SMOKE OR HAZE
[NO. OF DAYS WITH] [WEATHER - DAYS WITH] 9 = BLOWING SNOW
X = TORNADO
MAX 32 OR BELOW: 0 0.01 INCH OR MORE: 5
MAX 90 OR ABOVE: 0 0.10 INCH OR MORE: 3
MIN 32 OR BELOW: 2 0.50 INCH OR MORE: 0
MIN 0 OR BELOW: 0 1.00 INCH OR MORE: 0
[HDD (BASE 65) ]
TOTAL THIS MO. 156 CLEAR (SCALE 0-3) 7
DPTR FM NORMAL 20 PTCLDY (SCALE 4-7) 14
TOTAL FM JUL 1 294 CLOUDY (SCALE 8-10) 10
DPTR FM NORMAL 104
[CDD (BASE 65) ]
TOTAL THIS MO. 142
DPTR FM NORMAL 38 [PRESSURE DATA]
TOTAL FM JAN 1 4805 HIGHEST SLP 30.73 ON 23
DPTR FM NORMAL -185 LOWEST SLP 29.60 ON 13
[REMARKS]
#FINAL-12-22#