000
CXUS56 KMFR 022220
CF6MFR
PRELIMINARY LOCAL CLIMATOLOGICAL DATA (WS FORM: F-6)
STATION: MEDFORD OR
MONTH: MARCH
YEAR: 2022
LATITUDE: 42 22 N
LONGITUDE: 122 52 W
TEMPERATURE IN F: :PCPN: SNOW: WIND :SUNSHINE: SKY :PK WND
================================================================================
1 2 3 4 5 6A 6B 7 8 9 10 11 12 13 14 15 16 17 18
12Z AVG MX 2MIN
DY MAX MIN AVG DEP HDD CDD WTR SNW DPTH SPD SPD DIR MIN PSBL S-S WX SPD DR
================================================================================
1 64 44 54 8 11 0 T 0.0 0 3.3 13 310 M M 7 8 18 320
2 63 41 52 6 13 0 0.21 0.0 0 5.0 18 290 M M 6 1 27 310
3 53 38 46 -1 19 0 0.18 0.0 0 4.7 16 320 M M 9 1 22 320
4 45 36 41 -6 24 0 0.08 0.0 0 3.2 15 240 M M 10 1 18 250
5 52 38 45 -2 20 0 T 0.0 0 6.1 16 290 M M 9 24 320
6 57 27 42 -5 23 0 0.00 0.0 0 1.9 10 360 M M 0 1 12 10
7 64 28 46 -1 19 0 0.00 0.0 0 2.6 14 280 M M 0 22 290
8 61 30 46 -1 19 0 0.00 0.0 0 2.7 18 350 M M 4 23 350
9 57 37 47 -1 18 0 T 0.0 0 4.6 22 340 M M 7 34 320
10 61 27 44 -4 21 0 0.00 0.0 0 3.0 10 360 M M 1 13 310
11 68 27 48 0 17 0 0.00 0.0 0 1.9 8 180 M M 0 11 180
12 72 31 52 4 13 0 0.24 0.0 0 9.1 35 210 M M 3 1 50 200
13 53 42 48 0 17 0 T 0.0 0 5.1 12 310 M M 9 16 240
14 62 42 52 4 13 0 0.08 M M 2.5 10 20 M M 8 1 16 360
15 60 40 50 2 15 0 0.27 0.0 M 5.3 21 310 M M 6 1 29 290
16 63 33 48 0 17 0 0.00 0.0 0 1.9 9 180 M M 1 12 180
17 63 38 51 3 14 0 0.00 0.0 0 3.1 16 320 M M 1 21 320
18 63 34 49 0 16 0 0.00 0.0 0 2.4 10 300 M M 0 14 290
19 54 34 44 -5 21 0 0.23 0.0 0 6.3 20 340 M M 9 1 27 280
20 51 28 40 -9 25 0 0.00 0.0 0 2.3 8 40 M M 2 11 50
21 49 39 44 -5 21 0 T 0.0 0 1.7 7 360 M M 9 18 10 360
22 72 46 59 10 6 0 0.00 0.0 0 0.7 7 110 M M 5 1 9 190
23 73 45 59 10 6 0 0.00 0.0 0 4.6 18 290 M M 0 26 300
24 75 40 58 9 7 0 0.00 0.0 0 1.5 10 180 M M 1 13 170
25 72 42 57 8 8 0 0.00 0.0 0 4.9 16 310 M M 0 23 320
26 75 41 58 9 7 0 0.00 0.0 0 1.9 9 290 M M 0 13 360
27 69 46 58 8 7 0 0.00 0.0 0 3.4 17 300 M M 0 26 300
28 65 50 58 8 7 0 0.09 0.0 0 5.7 15 360 M M 9 1 21 320
29 71 43 57 7 8 0 0.00 0.0 0 3.9 14 290 M M 4 12 21 300
30 61 42 52 2 13 0 0.00 0.0 0 6.0 14 310 M M 5 21 350
31 62 37 50 0 15 0 0.00 0.0 M 3.6 15 350 M M 2 20 340
================================================================================
SM 1930 1166 460 0 1.38 0.0 114.9 M 127
================================================================================
AV 62.3 37.6 3.7 FASTST M M 4 MAX(MPH)
MISC ----> 35 210 50 200
================================================================================
NOTES:
# LAST OF SEVERAL OCCURRENCES
COLUMN 17 PEAK WIND IN M.P.H.
PRELIMINARY LOCAL CLIMATOLOGICAL DATA (WS FORM: F-6) , PAGE 2
STATION: MEDFORD OR
MONTH: MARCH
YEAR: 2022
LATITUDE: 42 22 N
LONGITUDE: 122 52 W
[TEMPERATURE DATA] [PRECIPITATION DATA] SYMBOLS USED IN COLUMN 16
AVERAGE MONTHLY: 49.9 TOTAL FOR MONTH: 1.38 1 = FOG OR MIST
DPTR FM NORMAL: 1.6 DPTR FM NORMAL: -0.43 2 = FOG REDUCING VISIBILITY
HIGHEST: 75 ON 26,24 GRTST 24HR 0.39 ON 2- 3 TO 1/4 MILE OR LESS
LOWEST: 27 ON 11,10 3 = THUNDER
SNOW, ICE PELLETS, HAIL 4 = ICE PELLETS
TOTAL MONTH: 0.0 INCH 5 = HAIL
GRTST 24HR 0.0 6 = FREEZING RAIN OR DRIZZLE
GRTST DEPTH: 0 7 = DUSTSTORM OR SANDSTORM:
VSBY 1/2 MILE OR LESS
8 = SMOKE OR HAZE
[NO. OF DAYS WITH] [WEATHER - DAYS WITH] 9 = BLOWING SNOW
X = TORNADO
MAX 32 OR BELOW: 0 0.01 INCH OR MORE: 8
MAX 90 OR ABOVE: 0 0.10 INCH OR MORE: 5
MIN 32 OR BELOW: 7 0.50 INCH OR MORE: 0
MIN 0 OR BELOW: 0 1.00 INCH OR MORE: 0
[HDD (BASE 65) ]
TOTAL THIS MO. 460 CLEAR (SCALE 0-3) 15
DPTR FM NORMAL -58 PTCLDY (SCALE 4-7) 9
TOTAL FM JUL 1 3416 CLOUDY (SCALE 8-10) 7
DPTR FM NORMAL -184
[CDD (BASE 65) ]
TOTAL THIS MO. 0
DPTR FM NORMAL 0 [PRESSURE DATA]
TOTAL FM JAN 1 0 HIGHEST SLP 30.60 ON 7
DPTR FM NORMAL 0 LOWEST SLP 29.51 ON 27
[REMARKS]
#FINAL-03-22#