000
CXUS56 KMFR 010844
CLMMFR
CLIMATE REPORT
NATIONAL WEATHER SERVICE MEDFORD, OR
144 AM PDT SAT APR 01 2023
...................................
...THE MEDFORD OR CLIMATE SUMMARY FOR THE MONTH OF MARCH 2023...
CLIMATE NORMAL PERIOD 1991 TO 2020
CLIMATE RECORD PERIOD 1911 TO 2023
WEATHER OBSERVED NORMAL DEPART LAST YEAR`S
VALUE DATE(S) VALUE FROM VALUE DATE(S)
NORMAL
................................................................
TEMPERATURE (F)
RECORD
HIGH 86 03/28/1930
03/31/1911
03/30/1911
LOW 14 03/01/1960
03/01/1917
HIGHEST 64 03/21 75 03/24
03/26
LOWEST 24 03/06 27 03/06
03/10
03/11
AVG. MAXIMUM 52.5 59.4 -6.9 62.3
AVG. MINIMUM 32.4 37.2 -4.8 37.6
MEAN 42.5 48.3 -5.8 49.9
DAYS MAX >= 90 0 0.0 0.0 0
DAYS MAX <= 32 0 0.0 0.0 0
DAYS MIN <= 32 18 7.3 10.7 7
DAYS MIN <= 0 0 0.0 0.0 0
PRECIPITATION (INCHES)
RECORD
MAXIMUM 5.54 1957
TOTALS 1.92 1.81 0.11 1.38
DAILY AVG. 0.06 0.06 0.00 0.04
DAYS >= .01 16 12.6 3.4 8
DAYS >= .10 7 5.6 1.4 5
DAYS >= .50 1 0.6 0.4 0
DAYS >= 1.00 0 0.0 0.0 0
GREATEST
24 HR. TOTAL 0.74 03/13 TO 03/14
SNOWFALL (INCHES)
RECORDS
TOTAL 8.1 1956
TOTALS 1.2 0.2 1.0 0.0
SINCE 7/1 4.7 3.4 1.3 MM
DEGREE DAYS
HEATING TOTAL 690 518 172 460
SINCE 7/1 3733 3600 133 MM
COOLING TOTAL 0 0 0 0
SINCE 1/1 0 0 0 MM
FREEZE DATES
RECORD
EARLIEST 09/13/1921
LATEST 06/12/1952
EARLIEST 11/10
LATEST 04/15
................................................................
WIND (MPH)
AVERAGE WIND SPEED 4.5
HIGHEST WIND SPEED/DIRECTION 33/140 DATE 03/09
HIGHEST GUST SPEED/DIRECTION 45/140 DATE 03/28
SKY COVER
POSSIBLE SUNSHINE (PERCENT) MM
AVERAGE SKY COVER 0.63
NUMBER OF DAYS FAIR 4
NUMBER OF DAYS PC 14
NUMBER OF DAYS CLOUDY 13
AVERAGE RH (PERCENT) 68
WEATHER CONDITIONS. NUMBER OF DAYS WITH
THUNDERSTORM 0 MIXED PRECIP 0
HEAVY RAIN 1 RAIN 3
LIGHT RAIN 19 FREEZING RAIN 0
LT FREEZING RAIN 0 HAIL 0
HEAVY SNOW 0 SNOW 1
LIGHT SNOW 5 SLEET 0
FOG 19 FOG W/VIS <= 1/4 MILE 4
HAZE 4
- INDICATES NEGATIVE NUMBERS.
R INDICATES RECORD WAS SET OR TIED.
MM INDICATES DATA IS MISSING.
T INDICATES TRACE AMOUNT.
$$