000
CXUS54 KBMX 021654
CF6MGM
PRELIMINARY LOCAL CLIMATOLOGICAL DATA (WS FORM: F-6)
STATION: MONTGOMERY
MONTH: FEBRUARY
YEAR: 2022
LATITUDE: 32 17 N
LONGITUDE: 86 24 W
TEMPERATURE IN F: :PCPN: SNOW: WIND :SUNSHINE: SKY :PK WND
================================================================================
1 2 3 4 5 6A 6B 7 8 9 10 11 12 13 14 15 16 17 18
12Z AVG MX 2MIN
DY MAX MIN AVG DEP HDD CDD WTR SNW DPTH SPD SPD DIR MIN PSBL S-S WX SPD DR
================================================================================
1 70 34 52 2 13 0 0.00 0.0 0 7.1 18 130 M M 0 26 120
2 70 46 58 8 7 0 0.48 0.0 0 10.0 22 140 M M 7 1 28 140
3 72 53 63 13 2 0 3.18 0.0 0 9.7 24 180 M M 10 13 33 180
4 53 35 44 -6 21 0 0.53 0.0 0 11.1 18 310 M M 10 23 320
5 50 31 41 -9 24 0 0.00 0.0 0 8.8 17 360 M M 2 21 350
6 59 28 44 -7 21 0 0.00 0.0 0 2.6 13 80 M M 0 15 80
7 54 34 44 -7 21 0 0.00 0.0 0 3.7 8 300 M M 1 10 290
8 61 31 46 -5 19 0 0.00 0.0 0 4.2 13 360 M M 0 18 330
9 66 29 48 -3 17 0 0.00 0.0 0 4.1 14 260 M M 0 24 230
10 70 34 52 1 13 0 0.00 0.0 0 2.7 10 310 M M 0 13 310
11 71 36 54 2 11 0 0.00 0.0 0 3.4 12 150 M M 0 14 180
12 73 39 56 4 9 0 0.00 0.0 0 4.0 17 350 M M 1 1 21 340
13 53 34 44 -8 21 0 T 0.0 0 11.2 21 290 M M 3 8 26 290
14 63 27 45 -7 20 0 0.00 0.0 0 3.2 13 300 M M 0 17 300
15 70 32 51 -2 14 0 0.00 0.0 0 5.6 15 120 M M 0 20 120
16 77 41 59 6 6 0 0.00 0.0 0 8.2 20 150 M M 4 27 140
17 76 51 64 11 1 0 0.91 0.0 0 12.9 26 170 M M 8 1 37 180
18 63 36 50 -3 15 0 0.01 0.0 0 10.0 20 300 M M 6 24 310
19 63 30 47 -7 18 0 0.00 0.0 0 6.1 21 360 M M 0 24 360
20 70 31 51 -3 14 0 0.00 0.0 0 4.1 14 90 M M 2 18 80
21 57 49 53 -1 12 0 0.52 0.0 0 7.2 15 110 M M 10 13 18 110
22 82 57 70 16 0 5 0.00 0.0 0 8.9 21 180 M M 6 1 25 170
23 82 66 74 20 0 9 0.02 0.0 0 5.3 13 190 M M 5 16 210
24 81 66 74 19 0 9 0.00 0.0 0 6.6 15 200 M M 5 17 210
25 66 46 56 1 9 0 0.08 0.0 0 M M M M M 0 M M
26 60 41 51 -4 14 0 0.00 0.0 0 M M M M M 0 M M
27 56 49 53 -3 12 0 T 0.0 0 M M M M M 0 M M
28 66 44 55 -1 10 0 0.00 0.0 0 8.5 10 20 M M 0 10 20
================================================================================
SM 1854 1130 344 23 5.73 0.0 169.2 M 80
================================================================================
AV 66.2 40.4 6.8 FASTST M M 3 MAX(MPH)
MISC ----> 26 170 37 180
================================================================================
NOTES:
# LAST OF SEVERAL OCCURRENCES
COLUMN 17 PEAK WIND IN M.P.H.
PRELIMINARY LOCAL CLIMATOLOGICAL DATA (WS FORM: F-6) , PAGE 2
STATION: MONTGOMERY
MONTH: FEBRUARY
YEAR: 2022
LATITUDE: 32 17 N
LONGITUDE: 86 24 W
[TEMPERATURE DATA] [PRECIPITATION DATA] SYMBOLS USED IN COLUMN 16
AVERAGE MONTHLY: 53.3 TOTAL FOR MONTH: 5.73 1 = FOG OR MIST
DPTR FM NORMAL: 0.7 DPTR FM NORMAL: 0.85 2 = FOG REDUCING VISIBILITY
HIGHEST: 82 ON 23,22 GRTST 24HR 3.23 ON 2- 3 TO 1/4 MILE OR LESS
LOWEST: 27 ON 14 3 = THUNDER
SNOW, ICE PELLETS, HAIL 4 = ICE PELLETS
TOTAL MONTH: 0.0 INCH 5 = HAIL
GRTST 24HR 0.0 6 = FREEZING RAIN OR DRIZZLE
GRTST DEPTH: 0 7 = DUSTSTORM OR SANDSTORM:
VSBY 1/2 MILE OR LESS
8 = SMOKE OR HAZE
[NO. OF DAYS WITH] [WEATHER - DAYS WITH] 9 = BLOWING SNOW
X = TORNADO
MAX 32 OR BELOW: 0 0.01 INCH OR MORE: 8
MAX 90 OR ABOVE: 0 0.10 INCH OR MORE: 5
MIN 32 OR BELOW: 8 0.50 INCH OR MORE: 4
MIN 0 OR BELOW: 0 1.00 INCH OR MORE: 1
[HDD (BASE 65) ]
TOTAL THIS MO. 344 CLEAR (SCALE 0-3) 18
DPTR FM NORMAL -15 PTCLDY (SCALE 4-7) 7
TOTAL FM JUL 1 1491 CLOUDY (SCALE 8-10) 3
DPTR FM NORMAL -205
[CDD (BASE 65) ]
TOTAL THIS MO. 23
DPTR FM NORMAL 13 [PRESSURE DATA]
TOTAL FM JAN 1 35 HIGHEST SLP 30.51 ON 15
DPTR FM NORMAL 27 LOWEST SLP 29.85 ON 17
[REMARKS]
#FINAL-02-22#