000
CXUS54 KBMX 011110
CF6MGM
PRELIMINARY LOCAL CLIMATOLOGICAL DATA (WS FORM: F-6)
STATION: MONTGOMERY
MONTH: JANUARY
YEAR: 2022
LATITUDE: 32 17 N
LONGITUDE: 86 24 W
TEMPERATURE IN F: :PCPN: SNOW: WIND :SUNSHINE: SKY :PK WND
================================================================================
1 2 3 4 5 6A 6B 7 8 9 10 11 12 13 14 15 16 17 18
12Z AVG MX 2MIN
DY MAX MIN AVG DEP HDD CDD WTR SNW DPTH SPD SPD DIR MIN PSBL S-S WX SPD DR
================================================================================
1 83 71 77 29 0 12 T 0.0 0 11.6 22 210 M M 5 30 190
2 76 37 57 9 8 0 0.71 0.0 0 11.6 36 280 M M 9 1 49 290
3 44 33 39 -9 26 0 0.00 0.0 0 12.2 25 300 M M 8 33 300
4 56 28 42 -6 23 0 0.00 0.0 0 3.6 12 150 M M 1 15 130
5 66 34 50 2 15 0 0.00 0.0 M 2.3 9 320 M M 4 1 12 320
6 74 40 57 9 8 0 0.23 0.0 M 9.6 32 300 M M 5 1 42 320
7 50 33 42 -6 23 0 0.00 0.0 0 6.3 15 360 M M 2 19 340
8 63 32 48 0 17 0 0.00 0.0 0 8.4 15 80 M M 0 18 80
9 74 48 61 13 4 0 1.09 0.0 0 8.4 18 350 M M 9 13 25 360
10 58 36 47 -1 18 0 0.00 0.0 M 10.7 21 320 M M 3 25 340
11 55 29 42 -6 23 0 0.00 0.0 M 5.0 12 360 M M 0 16 350
12 58 30 44 -4 21 0 0.00 0.0 0 1.8 7 310 M M 0 9 200
13 66 32 49 1 16 0 0.00 0.0 0 5.8 18 280 M M 0 25 280
14 63 33 48 0 17 0 0.00 0.0 0 4.0 12 310 M M 0 18 350
15 61 39 50 2 15 0 0.95 0.0 0 8.6 24 70 M M 5 29 80
16 51 35 43 -5 22 0 0.52 T 0 15.3 26 80 M M 10 1 33 230
17 45 30 38 -10 27 0 0.00 0.0 0 6.9 21 280 M M 7 27 280
18 56 27 42 -6 23 0 0.00 0.0 0 1.8 8 160 M M 1 1 12 160
19 69 36 53 5 12 0 T 0.0 0 6.2 15 130 M M 3 8 19 130
20 61 34 48 0 17 0 0.56 0.0 0 8.7 17 280 M M 10 1 23 280
21 38 32 35 -13 30 0 0.00 0.0 0 9.0 14 340 M M 9 20 350
22 51 29 40 -8 25 0 0.00 0.0 0 5.8 10 360 M M 5 13 360
23 52 22 37 -11 28 0 0.00 0.0 0 5.8 13 260 M M 0 16 250
24 62 27 45 -3 20 0 0.00 0.0 0 3.3 10 220 M M 0 14 220
25 62 44 53 5 12 0 0.01 0.0 0 3.7 13 360 M M 7 16 350
26 57 35 46 -3 19 0 0.00 0.0 0 8.7 17 10 M M 0 22 10
27 61 29 45 -4 20 0 0.00 0.0 0 4.6 13 80 M M 0 17 90
28 54 38 46 -3 19 0 0.00 0.0 M 10.7 23 320 M M 5 33 300
29 46 27 37 -12 28 0 0.00 0.0 M 9.6 23 310 M M 0 31 300
30 66 24 45 -4 20 0 0.00 0.0 0 7.6 21 240 M M 0 26 240
31 69 32 51 2 14 0 0.00 0.0 0 2.4 9 220 M M 0 11 230
================================================================================
SM 1847 1056 570 12 4.07 T 220.0 M 108
================================================================================
AV 59.6 34.1 7.1 FASTST M M 3 MAX(MPH)
MISC ----> 36 280 49 290
================================================================================
NOTES:
# LAST OF SEVERAL OCCURRENCES
COLUMN 17 PEAK WIND IN M.P.H.
PRELIMINARY LOCAL CLIMATOLOGICAL DATA (WS FORM: F-6) , PAGE 2
STATION: MONTGOMERY
MONTH: JANUARY
YEAR: 2022
LATITUDE: 32 17 N
LONGITUDE: 86 24 W
[TEMPERATURE DATA] [PRECIPITATION DATA] SYMBOLS USED IN COLUMN 16
AVERAGE MONTHLY: 46.8 TOTAL FOR MONTH: 4.07 1 = FOG OR MIST
DPTR FM NORMAL: -1.3 DPTR FM NORMAL: -0.57 2 = FOG REDUCING VISIBILITY
HIGHEST: 83 ON 1 GRTST 24HR 1.45 ON 2- 2 TO 1/4 MILE OR LESS
LOWEST: 22 ON 23 3 = THUNDER
SNOW, ICE PELLETS, HAIL 4 = ICE PELLETS
TOTAL MONTH: T 5 = HAIL
GRTST 24HR T ON 16-16 6 = FREEZING RAIN OR DRIZZLE
GRTST DEPTH: 0 7 = DUSTSTORM OR SANDSTORM:
VSBY 1/2 MILE OR LESS
8 = SMOKE OR HAZE
[NO. OF DAYS WITH] [WEATHER - DAYS WITH] 9 = BLOWING SNOW
X = TORNADO
MAX 32 OR BELOW: 0 0.01 INCH OR MORE: 7
MAX 90 OR ABOVE: 0 0.10 INCH OR MORE: 6
MIN 32 OR BELOW: 15 0.50 INCH OR MORE: 5
MIN 0 OR BELOW: 0 1.00 INCH OR MORE: 1
[HDD (BASE 65) ]
TOTAL THIS MO. 570 CLEAR (SCALE 0-3) 17
DPTR FM NORMAL 44 PTCLDY (SCALE 4-7) 9
TOTAL FM JUL 1 1147 CLOUDY (SCALE 8-10) 5
DPTR FM NORMAL -187
[CDD (BASE 65) ]
TOTAL THIS MO. 12
DPTR FM NORMAL 8 [PRESSURE DATA]
TOTAL FM JAN 1 12 HIGHEST SLP 30.57 ON 11
DPTR FM NORMAL 8 LOWEST SLP 29.47 ON 16
[REMARKS]
#FINAL-01-22#