000
CXUS54 KBMX 011110
CF6MGM
PRELIMINARY LOCAL CLIMATOLOGICAL DATA (WS FORM: F-6)
STATION: MONTGOMERY
MONTH: NOVEMBER
YEAR: 2023
LATITUDE: 32 17 N
LONGITUDE: 86 24 W
TEMPERATURE IN F: :PCPN: SNOW: WIND :SUNSHINE: SKY :PK WND
================================================================================
1 2 3 4 5 6A 6B 7 8 9 10 11 12 13 14 15 16 17 18
12Z AVG MX 2MIN
DY MAX MIN AVG DEP HDD CDD WTR SNW DPTH SPD SPD DIR MIN PSBL S-S WX SPD DR
================================================================================
1 59 35 47 -14 18 0 0.00 0.0 0 9.3 20 360 M M 0 26 360
2 65 28 47 -14 18 0 0.00 0.0 M 5.4 18 90 M M 0 26 90
3 72 35 54 -6 11 0 0.00 0.0 0 2.7 10 90 M M 0 13 100
4 77 41 59 -1 6 0 0.00 0.0 0 1.4 10 300 M M 0 1 14 310
5 80 40 60 0 5 0 0.00 0.0 0 2.1 14 300 M M 0 19 290
6 79 42 61 2 4 0 0.00 0.0 M 1.1 8 320 M M 0 1 11 270
7 82 47 65 6 0 0 0.00 0.0 M 2.0 13 220 M M 0 1 17 190
8 82 50 66 7 0 1 0.00 0.0 0 3.1 13 160 M M 2 12 17 190
9 82 53 68 10 0 3 0.00 0.0 0 2.3 10 230 M M 1 12 14 240
10 71 58 65 7 0 0 0.49 0.0 0 4.3 13 10 M M 9 18 18 10
11 62 56 59 1 6 0 0.25 0.0 0 9.1 15 80 M M 10 1 22 50
12 61 56 59 2 6 0 T 0.0 0 7.9 15 70 M M 10 18 20 70
13 65 54 60 3 5 0 0.00 0.0 0 5.8 14 40 M M 6 18 80
14 66 53 60 3 5 0 0.15 0.0 M 6.9 18 130 M M 5 1 23 130
15 64 52 58 2 7 0 0.19 0.0 0 12.7 20 80 M M 10 1 26 80
16 77 57 67 11 0 2 0.01 0.0 0 8.4 17 80 M M 6 25 90
17 74 54 64 8 1 0 0.00 0.0 0 4.8 14 80 M M 2 18 300
18 76 48 62 6 3 0 0.00 0.0 0 7.7 17 330 M M 2 23 300
19 71 39 55 0 10 0 0.00 0.0 0 0.9 9 280 M M 0 12 240
20 76 42 59 4 6 0 0.01 0.0 M 7.7 16 140 M M 4 23 150
21 73 59 66 11 0 1 2.48 0.0 M 11.6 28 130 M M 9 1 40 130
22 59 41 50 -5 15 0 0.00 0.0 0 9.4 17 310 M M 7 23 320
23 56 37 47 -7 18 0 T M 0 4.2 9 360 M M 0 12 340
24 64 42 53 -1 12 0 T 0.0 0 4.0 13 310 M M 4 17 270
25 69 38 54 0 11 0 0.00 0.0 M 3.4 10 100 M M 0 14 100
26 56 50 53 -1 12 0 0.17 0.0 0 6.1 15 70 M M 7 12 19 70
27 54 38 46 -8 19 0 0.00 0.0 0 8.8 17 310 M M 1 26 330
28 58 33 46 -7 19 0 0.00 0.0 0 7.9 20 300 M M 0 27 300
29 60 26 43 -10 22 0 0.00 0.0 0 1.4 9 10 M M 0 13 10
30 57 28 43 -10 22 0 0.00 0.0 0 4.7 13 120 M M 1 15 120
================================================================================
SM 2047 1332 261 7 3.75 0.0 167.1 M 96
================================================================================
AV 68.2 44.4 5.6 FASTST M M 3 MAX(MPH)
MISC ----> 28 130 40 130
================================================================================
NOTES:
# LAST OF SEVERAL OCCURRENCES
COLUMN 17 PEAK WIND IN M.P.H.
PRELIMINARY LOCAL CLIMATOLOGICAL DATA (WS FORM: F-6) , PAGE 2
STATION: MONTGOMERY
MONTH: NOVEMBER
YEAR: 2023
LATITUDE: 32 17 N
LONGITUDE: 86 24 W
[TEMPERATURE DATA] [PRECIPITATION DATA] SYMBOLS USED IN COLUMN 16
AVERAGE MONTHLY: 56.3 TOTAL FOR MONTH: 3.75 1 = FOG OR MIST
DPTR FM NORMAL: -0.3 DPTR FM NORMAL: -0.10 2 = FOG REDUCING VISIBILITY
HIGHEST: 82 ON 9, 8 GRTST 24HR 2.49 ON 20-21 TO 1/4 MILE OR LESS
LOWEST: 26 ON 29 3 = THUNDER
SNOW, ICE PELLETS, HAIL 4 = ICE PELLETS
TOTAL MONTH: 0.0 INCH 5 = HAIL
GRTST 24HR 0.0 6 = FREEZING RAIN OR DRIZZLE
GRTST DEPTH: 0 7 = DUSTSTORM OR SANDSTORM:
VSBY 1/2 MILE OR LESS
8 = SMOKE OR HAZE
[NO. OF DAYS WITH] [WEATHER - DAYS WITH] 9 = BLOWING SNOW
X = TORNADO
MAX 32 OR BELOW: 0 0.01 INCH OR MORE: 8
MAX 90 OR ABOVE: 0 0.10 INCH OR MORE: 6
MIN 32 OR BELOW: 3 0.50 INCH OR MORE: 1
MIN 0 OR BELOW: 0 1.00 INCH OR MORE: 1
[HDD (BASE 65) ]
TOTAL THIS MO. 261 CLEAR (SCALE 0-3) 18
DPTR FM NORMAL -16 PTCLDY (SCALE 4-7) 7
TOTAL FM JUL 1 309 CLOUDY (SCALE 8-10) 5
DPTR FM NORMAL -40
[CDD (BASE 65) ]
TOTAL THIS MO. 7
DPTR FM NORMAL -17 [PRESSURE DATA]
TOTAL FM JAN 1 2716 HIGHEST SLP 30.49 ON 2
DPTR FM NORMAL 184 LOWEST SLP 29.84 ON 21
[REMARKS]
#FINAL-11-23#