000
CXUS54 KBMX 011010
CF6MGM
PRELIMINARY LOCAL CLIMATOLOGICAL DATA (WS FORM: F-6)
STATION: MONTGOMERY
MONTH: OCTOBER
YEAR: 2023
LATITUDE: 32 17 N
LONGITUDE: 86 24 W
TEMPERATURE IN F: :PCPN: SNOW: WIND :SUNSHINE: SKY :PK WND
================================================================================
1 2 3 4 5 6A 6B 7 8 9 10 11 12 13 14 15 16 17 18
12Z AVG MX 2MIN
DY MAX MIN AVG DEP HDD CDD WTR SNW DPTH SPD SPD DIR MIN PSBL S-S WX SPD DR
================================================================================
1 88 61 75 2 0 10 0.00 0.0 0 6.6 20 90 M M 1 26 100
2 87 61 74 1 0 9 0.00 0.0 0 6.4 18 80 M M 0 25 100
3 87 57 72 0 0 7 0.00 0.0 0 4.2 14 110 M M 0 20 80
4 88 57 73 1 0 8 0.00 0.0 M 5.3 16 90 M M 0 8 21 80
5 87 63 75 3 0 10 0.00 0.0 M 4.9 13 120 M M 1 17 110
6 89 67 78 7 0 13 T 0.0 M 5.9 15 330 M M 7 22 320
7 79 47 63 -8 2 0 0.00 0.0 M 8.9 21 330 M M 0 27 350
8 75 42 59 -12 6 0 0.00 0.0 0 4.3 15 290 M M 0 19 30
9 81 43 62 -8 3 0 0.00 0.0 0 3.8 14 250 M M 0 22 270
10 85 48 67 -3 0 2 0.00 0.0 0 3.7 14 240 M M 0 22 290
11 70 60 65 -4 0 0 1.76 0.0 0 5.6 23 100 M M 5 1 33 90
12 71 61 66 -3 0 1 0.82 0.0 M 11.3 25 90 M M 10 1 38 100
13 71 64 68 -1 0 3 0.01 0.0 M 4.0 13 60 M M 10 1 16 60
14 79 58 69 1 0 4 0.00 0.0 0 8.6 20 280 M M 4 1 26 290
15 66 52 59 -9 6 0 T 0.0 0 9.5 18 310 M M 8 26 310
16 68 46 57 -10 8 0 0.00 0.0 M 8.8 20 310 M M 3 26 300
17 71 48 60 -7 5 0 0.00 0.0 M 2.9 12 300 M M 3 18 280
18 76 44 60 -6 5 0 0.00 0.0 0 2.0 10 100 M M 0 1 14 110
19 77 49 63 -3 2 0 0.00 0.0 M 3.2 13 240 M M 2 19 140
20 84 56 70 4 0 5 0.01 0.0 M 9.8 21 270 M M 1 28 280
21 81 47 64 -1 1 0 0.00 0.0 M 4.5 12 250 M M 0 16 230
22 86 54 70 5 0 5 0.00 0.0 M 2.6 9 20 M M 0 13 350
23 83 53 68 4 0 3 0.00 0.0 0 5.6 12 80 M M 0 16 70
24 82 53 68 4 0 3 0.00 0.0 M 8.5 15 100 M M 0 21 100
25 83 55 69 5 0 4 0.00 0.0 0 7.9 17 100 M M 3 22 120
26 85 61 73 10 0 8 0.00 0.0 0 7.6 16 130 M M 4 21 100
27 85 59 72 9 0 7 0.00 0.0 0 4.5 12 60 M M 1 15 50
28 85 56 71 9 0 6 0.00 0.0 0 1.8 9 120 M M 1 1 14 110
29 86 56 71 9 0 6 0.00 0.0 0 3.4 12 160 M M 2 1 16 140
30 81 54 68 6 0 3 0.00 0.0 0 7.9 18 300 M M 6 128 26 280
31 66 43 55 -6 10 0 T 0.0 0 9.9 18 330 M M 5 25 320
================================================================================
SM 2482 1675 48 117 2.60 0.0 183.9 M 77
================================================================================
AV 80.1 54.0 5.9 FASTST M M 2 MAX(MPH)
MISC ----> 25 90 38 100
================================================================================
NOTES:
# LAST OF SEVERAL OCCURRENCES
COLUMN 17 PEAK WIND IN M.P.H.
PRELIMINARY LOCAL CLIMATOLOGICAL DATA (WS FORM: F-6) , PAGE 2
STATION: MONTGOMERY
MONTH: OCTOBER
YEAR: 2023
LATITUDE: 32 17 N
LONGITUDE: 86 24 W
[TEMPERATURE DATA] [PRECIPITATION DATA] SYMBOLS USED IN COLUMN 16
AVERAGE MONTHLY: 67.0 TOTAL FOR MONTH: 2.60 1 = FOG OR MIST
DPTR FM NORMAL: -0.4 DPTR FM NORMAL: -0.27 2 = FOG REDUCING VISIBILITY
HIGHEST: 89 ON 6 GRTST 24HR 2.58 ON 11-12 TO 1/4 MILE OR LESS
LOWEST: 42 ON 8 3 = THUNDER
SNOW, ICE PELLETS, HAIL 4 = ICE PELLETS
TOTAL MONTH: 0.0 INCH 5 = HAIL
GRTST 24HR 0.0 6 = FREEZING RAIN OR DRIZZLE
GRTST DEPTH: 0 7 = DUSTSTORM OR SANDSTORM:
VSBY 1/2 MILE OR LESS
8 = SMOKE OR HAZE
[NO. OF DAYS WITH] [WEATHER - DAYS WITH] 9 = BLOWING SNOW
X = TORNADO
MAX 32 OR BELOW: 0 0.01 INCH OR MORE: 4
MAX 90 OR ABOVE: 0 0.10 INCH OR MORE: 2
MIN 32 OR BELOW: 0 0.50 INCH OR MORE: 2
MIN 0 OR BELOW: 0 1.00 INCH OR MORE: 1
[HDD (BASE 65) ]
TOTAL THIS MO. 48 CLEAR (SCALE 0-3) 22
DPTR FM NORMAL -22 PTCLDY (SCALE 4-7) 6
TOTAL FM JUL 1 48 CLOUDY (SCALE 8-10) 3
DPTR FM NORMAL -25
[CDD (BASE 65) ]
TOTAL THIS MO. 117
DPTR FM NORMAL -26 [PRESSURE DATA]
TOTAL FM JAN 1 2709 HIGHEST SLP 30.30 ON 25
DPTR FM NORMAL 201 LOWEST SLP 29.66 ON 12
[REMARKS]
#FINAL-10-23#