000
CXUS53 KFSD 012230
CF6MHE
PRELIMINARY LOCAL CLIMATOLOGICAL DATA (WS FORM: F-6)
STATION: MITCHELL SD
MONTH: AUGUST
YEAR: 2022
LATITUDE: 43 46 N
LONGITUDE: 98 2 W
TEMPERATURE IN F: :PCPN: SNOW: WIND :SUNSHINE: SKY :PK WND
================================================================================
1 2 3 4 5 6A 6B 7 8 9 10 11 12 13 14 15 16 17 18
12Z AVG MX 2MIN
DY MAX MIN AVG DEP HDD CDD WTR SNW DPTH SPD SPD DIR MIN PSBL S-S WX SPD DR
================================================================================
1 93 59 76 1 0 11 0.00 0.0 0 8.9 18 160 M M 0 26 140
2 107 72 90 15 0 25 0.25 0.0 0 8.3 36 310 M M 0 3 55 280
3 86 65 76 2 0 11 T 0.0 0 9.1 21 330 M M 0 28 10
4 88 61 75 1 0 10 T 0.0 0 12.2 24 150 M M 0 30 160
5 102 70 86 12 0 21 T 0.0 0 18.6 31 170 M M 0 46 180
6 84 66 75 1 0 10 0.59 0.0 0 13.4 35 30 M M 5 13 47 20
7 70 58 64 -10 1 0 0.36 0.0 0 9.5 21 340 M M 9 13 25 330
8 80 53 67 -7 0 2 0.00 0.0 0 4.8 12 140 M M 2 12 17 150
9 94 59 77 3 0 12 0.00 0.0 0 9.9 20 170 M M 0 28 170
10 92 66 79 6 0 14 0.00 0.0 0 9.0 16 70 M M 0 21 70
11 93 69 81 8 0 16 0.00 0.0 0 12.6 21 90 M M 0 26 80
12 102 68 85 12 0 20 0.00 0.0 0 10.4 24 340 M M 0 31 340
13 80 64 72 -1 0 7 0.00 0.0 0 7.1 14 330 M M 6 1 20 40
14 73 63 68 -5 0 3 T 0.0 0 8.4 16 140 M M 2 1 20 130
15 70 61 66 -6 0 1 0.05 0.0 0 7.3 14 130 M M 6 1 18 130
16 80 57 69 -3 0 4 0.00 0.0 0 5.4 14 160 M M 4 12 22 150
17 85 59 72 0 0 7 0.00 0.0 0 7.3 16 210 M M 1 1 21 210
18 90 64 77 5 0 12 0.00 0.0 0 9.6 21 360 M M 1 29 290
19 74 57 66 -6 0 1 0.04 0.0 0 11.6 24 320 M M 5 1 32 320
20 81 61 71 -1 0 6 0.00 0.0 0 6.7 14 10 M M 4 1 18 20
21 86 57 72 1 0 7 0.00 0.0 0 4.6 12 120 M M 1 1 17 110
22 93 61 77 6 0 12 0.00 0.0 0 9.8 16 160 M M 0 23 200
23 94 65 80 9 0 15 0.00 0.0 0 8.7 15 140 M M 0 20 130
24 89 66 78 7 0 13 0.02 0.0 0 7.2 18 270 M M 2 13 26 260
25 83 59 71 1 0 6 0.00 0.0 0 6.3 14 20 M M 2 18 30
26 88 60 74 4 0 9 T 0.0 0 9.6 22 140 M M 2 29 150
27 89 67 78 8 0 13 0.02 0.0 0 11.6 26 210 M M 1 13 37 200
28 90 65 78 8 0 13 0.00 0.0 0 11.5 28 330 M M 0 39 320
29 88 58 73 3 0 8 0.00 0.0 0 11.1 26 310 M M 0 36 310
30 90 52 71 2 0 6 0.00 0.0 0 5.2 10 250 M M 0 15 310
31 94 57 76 7 0 11 0.00 0.0 0 6.5 13 80 M M 0 18 80
================================================================================
SM 2708 1919 1 306 1.33 0.0 282.2 M 53
================================================================================
AV 87.4 61.9 9.1 FASTST M M 2 MAX(MPH)
MISC ----> 36 310 55 280
================================================================================
NOTES:
# LAST OF SEVERAL OCCURRENCES
-COLUMN 17 PEAK WIND IN M.P.H.
-PRECIPITATION AMOUNTS IN COLUMNS 7,8 AND 9 ARE THE OFFICIAL
PRECIPITATION AMOUNTS FOR MITCHELL, SD.
-SNOW DEPTH IN COLUMN 9 IS RECORDED AT 6 AM CST (12Z).
PRELIMINARY LOCAL CLIMATOLOGICAL DATA (WS FORM: F-6) , PAGE 2
STATION: MITCHELL SD
MONTH: AUGUST
YEAR: 2022
LATITUDE: 43 46 N
LONGITUDE: 98 2 W
[TEMPERATURE DATA] [PRECIPITATION DATA] SYMBOLS USED IN COLUMN 16
AVERAGE MONTHLY: 74.6 TOTAL FOR MONTH: 1.33 1 = FOG OR MIST
DPTR FM NORMAL: 2.4 DPTR FM NORMAL: -1.81 2 = FOG REDUCING VISIBILITY
HIGHEST: 107 ON 2 GRTST 24HR 0.85 ON 6- 7 TO 1/4 MILE OR LESS
LOWEST: 52 ON 30 3 = THUNDER
SNOW, ICE PELLETS, HAIL 4 = ICE PELLETS
TOTAL MONTH: 0.0 INCH 5 = HAIL
GRTST 24HR 0.0 6 = FREEZING RAIN OR DRIZZLE
GRTST DEPTH: 0 7 = DUSTSTORM OR SANDSTORM:
VSBY 1/2 MILE OR LESS
8 = SMOKE OR HAZE
[NO. OF DAYS WITH] [WEATHER - DAYS WITH] 9 = BLOWING SNOW
X = TORNADO
MAX 32 OR BELOW: 0 0.01 INCH OR MORE: 7
MAX 90 OR ABOVE: 13 0.10 INCH OR MORE: 3
MIN 32 OR BELOW: 0 0.50 INCH OR MORE: 1
MIN 0 OR BELOW: 0 1.00 INCH OR MORE: 0
[HDD (BASE 65) ]
TOTAL THIS MO. 1 CLEAR (SCALE 0-3) 24
DPTR FM NORMAL -10 PTCLDY (SCALE 4-7) 6
TOTAL FM JUL 1 1 CLOUDY (SCALE 8-10) 1
DPTR FM NORMAL -10
[CDD (BASE 65) ]
TOTAL THIS MO. 306
DPTR FM NORMAL 72 [PRESSURE DATA]
TOTAL FM JAN 1 962 HIGHEST SLP 30.18 ON 30
DPTR FM NORMAL 181 LOWEST SLP 29.47 ON 2
[REMARKS]
NO NEW RECORDS THIS MONTH.
#FINAL-08-22#