000
CXUS53 KTOP 010910
CF6MHK
PRELIMINARY LOCAL CLIMATOLOGICAL DATA (WS FORM: F-6)
STATION: MANHATTAN KS
MONTH: JANUARY
YEAR: 2024
LATITUDE: 39 9 N
LONGITUDE: 96 40 W
TEMPERATURE IN F: :PCPN: SNOW: WIND :SUNSHINE: SKY :PK WND
================================================================================
1 2 3 4 5 6A 6B 7 8 9 10 11 12 13 14 15 16 17 18
12Z AVG MX 2MIN
DY MAX MIN AVG DEP HDD CDD WTR SNW DPTH SPD SPD DIR MIN PSBL S-S WX SPD DR
================================================================================
1 35 20 28 -1 37 0 0.00 M M 3.9 14 230 M M 7 18 230
2 43 18 31 2 34 0 0.00 M M 2.2 10 250 M M 0 1 13 230
3 44 21 33 4 32 0 0.00 M M 1.2 8 240 M M 5 12 10 240
4 39 28 34 5 31 0 0.00 M M 7.9 14 110 M M 7 18 20 140
5 33 29 31 2 34 0 0.11 M M 4.3 9 50 M M 7 12 13 50
6 41 27 34 5 31 0 0.01 M M 3.9 9 330 M M 10 18 16 290
7 40 17 29 0 36 0 0.00 M M 5.9 15 130 M M 1 24 110
8 41 33 37 8 28 0 0.92 M M 11.4 20 120 M M 8 123 29 140
9 34 12 23 -6 42 0 0.11 M M 9.8 18 340 M M 7 18 37 340
10 36 10 23 -6 42 0 0.00 M M 6.4 18 210 M M 1 22 220
11 29 15 22 -7 43 0 T M M 9.0 25 40 M M 4 128 30 30
12 15 1 8 -21 57 0 0.02 M M 9.5 16 310 M M 8 8 34 300
13 4 -7 -1 -30 66 0 T M M 7.3 15 340 M M 3 8 30 340
14 1 -10 -4 -33 69 0 0.00 M M 3.6 12 350 M M 4 19 350
15 5 -14 -4 -33 69 0 T M M 4.2 12 340 M M 4 8 20 360
16 11 -15 -2 -31 67 0 0.00 M M 7.8 17 220 M M 0 20 220
17 33 1 17 -12 48 0 0.00 M M 4.9 14 210 M M 0 17 210
18 33 7 20 -9 45 0 T M M 4.8 20 350 M M 3 18 37 350
19 12 -4 4 -25 61 0 M M M 4.8 14 340 M M 0 25 330
20 11 -9 1 -28 64 0 0.00 M M 3.7 9 130 M M 0 12 20
21 33 5 19 -10 46 0 0.00 M M 11.2 22 170 M M 1 32 180
22 36 31 34 5 31 0 0.01 M M 7.5 18 200 M M 10 1 27 190
23 36 33 35 5 30 0 0.29 M M 3.7 9 90 M M 10 1 15 80
24 40 34 37 7 28 0 0.01 M M 0.8 6 210 M M 10 12 7 280
25 40 34 37 7 28 0 0.19 M M 1.1 6 270 M M 10 12 8 270
26 35 32 34 4 31 0 0.00 M M 3.4 9 30 M M 10 1 15 30
27 41 25 33 3 32 0 0.00 M M 3.7 10 30 M M 7 1 14 30
28 56 22 39 9 26 0 0.00 M M 2.5 7 220 M M 0 1 9 230
29 63 26 45 15 20 0 0.00 M M 3.4 10 270 M M 0 12 17 290
30 61 28 45 15 20 0 0.00 M M 2.5 10 270 M M 2 1 16 300
31 70 26 48 18 17 0 0.00 M M 4.7 16 210 M M 0 20 210
================================================================================
SM 1051 476 1245 0 1.67 M 161.0 M 139
================================================================================
AV 33.9 15.4 5.2 FASTST M M 4 MAX(MPH)
MISC ----> 25 40 # 37 340
================================================================================
NOTES:
# LAST OF SEVERAL OCCURRENCES
COLUMN 17 PEAK WIND IN M.P.H.
PRELIMINARY LOCAL CLIMATOLOGICAL DATA (WS FORM: F-6) , PAGE 2
STATION: MANHATTAN KS
MONTH: JANUARY
YEAR: 2024
LATITUDE: 39 9 N
LONGITUDE: 96 40 W
[TEMPERATURE DATA] [PRECIPITATION DATA] SYMBOLS USED IN COLUMN 16
AVERAGE MONTHLY: 24.6 TOTAL FOR MONTH: 1.67 1 = FOG OR MIST
DPTR FM NORMAL: -4.8 DPTR FM NORMAL: 1.02 2 = FOG REDUCING VISIBILITY
HIGHEST: 70 ON 31 GRTST 24HR 0.99 ON 8- 9 TO 1/4 MILE OR LESS
LOWEST: -15 ON 16 3 = THUNDER
SNOW, ICE PELLETS, HAIL 4 = ICE PELLETS
TOTAL MONTH: M 5 = HAIL
GRTST 24HR M ON M 6 = FREEZING RAIN OR DRIZZLE
GRTST DEPTH: M ON M 7 = DUSTSTORM OR SANDSTORM:
VSBY 1/2 MILE OR LESS
8 = SMOKE OR HAZE
[NO. OF DAYS WITH] [WEATHER - DAYS WITH] 9 = BLOWING SNOW
X = TORNADO
MAX 32 OR BELOW: 8 0.01 INCH OR MORE: 9
MAX 90 OR ABOVE: 0 0.10 INCH OR MORE: 5
MIN 32 OR BELOW: 27 0.50 INCH OR MORE: 1
MIN 0 OR BELOW: 6 1.00 INCH OR MORE: 0
[HDD (BASE 65) ]
TOTAL THIS MO. 1245 CLEAR (SCALE 0-3) 12
DPTR FM NORMAL 142 PTCLDY (SCALE 4-7) 12
TOTAL FM JUL 1 2918 CLOUDY (SCALE 8-10) 7
DPTR FM NORMAL -235
[CDD (BASE 65) ]
TOTAL THIS MO. 0
DPTR FM NORMAL 0 [PRESSURE DATA]
TOTAL FM JAN 1 0 HIGHEST SLP 30.78 ON 20
DPTR FM NORMAL 0 LOWEST SLP 29.45 ON 10
[REMARKS]
#FINAL-01-24#