000
CXUS53 KTOP 010800
CF6MHK
PRELIMINARY LOCAL CLIMATOLOGICAL DATA (WS FORM: F-6)
STATION: Manhattan KS
MONTH: OCTOBER
YEAR: 2020
LATITUDE: 39 9 N
LONGITUDE: 96 40 W
TEMPERATURE IN F: :PCPN: SNOW: WIND :SUNSHINE: SKY :PK WND
================================================================================
1 2 3 4 5 6A 6B 7 8 9 10 11 12 13 14 15 16 17 18
12Z AVG MX 2MIN
DY MAX MIN AVG DEP HDD CDD WTR SNW DPTH SPD SPD DIR MIN PSBL S-S WX SPD DR
================================================================================
1 66 39 53 -8 12 0 0.00 M M 3.8 17 360 M M 0 35 30
2 71 32 52 -9 13 0 0.00 M M 4.3 14 190 M M 0 21 180
3 67 39 53 -7 12 0 0.00 M M 5.8 17 30 M M 1 28 30
4 70 34 52 -8 13 0 0.00 M M 3.1 14 150 M M 0 1 20 140
5 81 50 66 6 0 1 0.00 M M 9.4 26 220 M M 0 36 200
6 86 44 65 6 0 0 0.00 M M 1.5 10 220 M M 0 8 15 220
7 93 49 71 12 0 6 0.00 M M 3.4 13 220 M M 0 1 16 220
8 89 53 71 13 0 6 0.00 M M 6.9 20 170 M M 0 1 28 170
9 86 66 76 18 0 11 0.00 M M 12.0 24 210 M M 0 36 220
10 85 55 70 13 0 5 0.00 M M 2.4 9 180 M M 2 12 14 170
11 89 55 72 15 0 7 0.00 M M 11.4 29 180 M M 0 18 46 350
12 74 48 61 4 4 0 0.00 M M 6.0 16 10 M M 2 8 27 330
13 78 44 61 5 4 0 0.00 M M 5.5 15 40 M M 0 22 40
14 82 48 65 9 0 0 0.00 M M 7.7 22 200 M M 0 34 200
15 61 32 47 -8 18 0 0.00 M M 5.6 17 20 M M 0 25 10
16 64 29 47 -8 18 0 0.00 M M 6.2 26 200 M M 1 40 210
17 72 48 60 5 5 0 0.00 M M 13.3 32 220 M M 0 49 210
18 53 40 47 -7 18 0 0.00 M M 13.8 24 40 M M 8 34 30
19 49 42 46 -8 19 0 0.00 M M 8.3 14 70 M M 10 20 70
20 54 40 47 -7 18 0 0.00 M M 3.7 10 120 M M 8 18 13 110
21 51 34 43 -10 22 0 0.05 M M 5.5 12 60 M M 8 1238 15 70
22 84 39 62 9 3 0 0.18 M M 11.8 29 210 M M 7 13 42 230
23 44 37 41 -11 24 0 0.04 M M 10.2 16 360 M M 10 13 31 350
24 40 35 38 -14 27 0 0.00 M M 6.7 13 60 M M 10 16 40
25 39 30 35 -17 30 0 0.00 M M 9.7 17 20 M M 10 18 27 40
26 31 24 28 -23 37 0 0.02 M M 8.8 17 20 M M 10 8 29 30
27 38 29 34 -17 31 0 0.02 M M 2.4 7 220 M M 8 11 350
28 50 26 38 -12 27 0 0.00 M M 3.4 14 40 M M 4 21 20
29 52 29 41 -9 24 0 0.00 M M 7.4 20 20 M M 1 31 30
30 73 27 50 0 15 0 0.00 M M 3.3 12 230 M M 0 16 210
31 70 43 57 8 8 0 0.00 M M 12.0 30 210 M M 0 42 210
================================================================================
SM 2042 1240 402 36 0.31 M 215.3 M 100
================================================================================
AV 65.9 40.0 6.9 FASTST M M 3 MAX(MPH)
MISC ----> # 32 220 # 49 210
================================================================================
NOTES:
# LAST OF SEVERAL OCCURRENCES
COLUMN 17 PEAK WIND IN M.P.H.
PRELIMINARY LOCAL CLIMATOLOGICAL DATA (WS FORM: F-6) , PAGE 2
STATION: Manhattan KS
MONTH: OCTOBER
YEAR: 2020
LATITUDE: 39 9 N
LONGITUDE: 96 40 W
[TEMPERATURE DATA] [PRECIPITATION DATA] SYMBOLS USED IN COLUMN 16
AVERAGE MONTHLY: 52.9 TOTAL FOR MONTH: 0.31 1 = FOG OR MIST
DPTR FM NORMAL: -2.3 DPTR FM NORMAL: -1.91 2 = FOG REDUCING VISIBILITY
HIGHEST: 93 ON 7 GRTST 24HR 0.18 ON 22-22 TO 1/4 MILE OR LESS
LOWEST: 24 ON 26 3 = THUNDER
SNOW, ICE PELLETS, HAIL 4 = ICE PELLETS
TOTAL MONTH: M 5 = HAIL
GRTST 24HR M ON M 6 = FREEZING RAIN OR DRIZZLE
GRTST DEPTH: M ON M 7 = DUSTSTORM OR SANDSTORM:
VSBY 1/2 MILE OR LESS
8 = SMOKE OR HAZE
[NO. OF DAYS WITH] [WEATHER - DAYS WITH] 9 = BLOWING SNOW
X = TORNADO
MAX 32 OR BELOW: 1 0.01 INCH OR MORE: 5
MAX 90 OR ABOVE: 1 0.10 INCH OR MORE: 1
MIN 32 OR BELOW: 9 0.50 INCH OR MORE: 0
MIN 0 OR BELOW: 0 1.00 INCH OR MORE: 0
[HDD (BASE 65) ]
TOTAL THIS MO. 402 CLEAR (SCALE 0-3) 20
DPTR FM NORMAL 73 PTCLDY (SCALE 4-7) 6
TOTAL FM JUL 1 470 CLOUDY (SCALE 8-10) 5
DPTR FM NORMAL 71
[CDD (BASE 65) ]
TOTAL THIS MO. 36
DPTR FM NORMAL 12 [PRESSURE DATA]
TOTAL FM JAN 1 1534 HIGHEST SLP M ON M
DPTR FM NORMAL 173 LOWEST SLP 29.52 ON 11
[REMARKS]
#FINAL-10-20#