000
CXUS56 KMFR 011030
CF6MHS
PRELIMINARY LOCAL CLIMATOLOGICAL DATA (WS FORM: F-6)
STATION: MT SHASTA CITY CA
MONTH: DECEMBER
YEAR: 2022
LATITUDE: 41 19 N
LONGITUDE: 122 19 W
TEMPERATURE IN F: :PCPN: SNOW: WIND :SUNSHINE: SKY :PK WND
================================================================================
1 2 3 4 5 6A 6B 7 8 9 10 11 12 13 14 15 16 17 18
12Z AVG MX 2MIN
DY MAX MIN AVG DEP HDD CDD WTR SNW DPTH SPD SPD DIR MIN PSBL S-S WX SPD DR
================================================================================
1 37 18 28 -8 37 0 0.44 M M 1.2 8 90 M M 6 18 16 110
2 35 12 24 -12 41 0 0.00 M M 0.6 6 110 M M 0 8 14 120
3 38 23 31 -5 34 0 0.09 M M 1.8 16 70 M M 10 1 29 60
4 37 33 35 -1 30 0 0.48 M M 3.1 9 90 M M 10 1 17 30
5 38 32 35 -1 30 0 0.60 M M 0.0 6 130 M M 10 1 11 130
6 41 25 33 -2 32 0 0.00 M M 0.9 6 300 M M 6 18 11 300
7 42 21 32 -3 33 0 0.00 M M 1.7 9 90 M M 3 18 18 50
8 37 30 34 -1 31 0 0.55 M M 3.5 10 90 M M 10 12 19 90
9 34 26 30 -5 35 0 0.39 M M 3.0 9 100 M M 10 12 20 140
10 38 31 35 0 30 0 M M M 2.7 10 90 M M 9 12 23 90
11 37 30 34 -1 31 0 0.03 M M 1.4 7 320 M M 8 1 15 310
12 37 28 33 -2 32 0 0.00 M M 2.7 9 330 M M 9 18 290
13 35 22 29 -5 36 0 0.00 M M 1.5 7 290 M M 3 18 15 340
14 34 20 27 -7 38 0 0.00 M M 2.5 9 320 M M 3 18 20 290
15 32 17 25 -9 40 0 0.00 M M 2.2 8 300 M M 0 18 18 300
16 36 15 26 -8 39 0 0.00 M M 2.4 8 320 M M 0 8 16 340
17 38 15 27 -7 38 0 0.00 M M 1.9 7 330 M M 0 18 14 300
18 44 15 30 -4 35 0 0.00 M M 1.2 6 300 M M 0 8 14 290
19 43 18 31 -3 34 0 0.00 M M 0.0 5 350 M M 0 8 9 10
20 42 29 36 2 29 0 T M M 0.4 5 130 M M 9 18 10 120
21 44 33 39 5 26 0 0.00 M M 0.0 5 60 M M 10 18 8 150
22 42 34 38 4 27 0 0.05 M M 0.3 6 70 M M 10 18 9 350
23 43 36 40 6 25 0 T M M 1.1 7 100 M M 10 12 15 140
24 51 35 43 9 22 0 0.03 M M 0.4 5 210 M M 9 12 8 250
25 57 33 45 11 20 0 0.00 M M 0.8 6 320 M M 2 1 11 330
26 52 36 44 9 21 0 0.97 M M 4.1 14 90 M M 9 1 26 90
27 48 32 40 5 25 0 0.80 M M 2.2 15 90 M M 8 18 30 70
28 42 29 36 1 29 0 0.03 M M 0.4 7 90 M M 8 128 16 140
29 37 33 35 0 30 0 0.60 M M 4.6 12 90 M M 10 18 21 90
30 45 35 40 5 25 0 0.74 M M 2.3 10 90 M M 10 12 19 80
31 45 35 40 5 25 0 T M M 3.9 14 310 M M 7 12 29 300
================================================================================
SM 1261 831 960 0 5.80 M 54.8 M 199
================================================================================
AV 40.7 26.8 1.8 FASTST M M 6 MAX(MPH)
MISC ----> 16 70 30 70
================================================================================
NOTES:
# LAST OF SEVERAL OCCURRENCES
COLUMN 17 PEAK WIND IN M.P.H.
PRELIMINARY LOCAL CLIMATOLOGICAL DATA (WS FORM: F-6) , PAGE 2
STATION: MT SHASTA CITY CA
MONTH: DECEMBER
YEAR: 2022
LATITUDE: 41 19 N
LONGITUDE: 122 19 W
[TEMPERATURE DATA] [PRECIPITATION DATA] SYMBOLS USED IN COLUMN 16
AVERAGE MONTHLY: 33.7 TOTAL FOR MONTH: 5.80 1 = FOG OR MIST
DPTR FM NORMAL: -1.2 DPTR FM NORMAL: -0.81 2 = FOG REDUCING VISIBILITY
HIGHEST: 57 ON 25 GRTST 24HR 1.77 ON 26-27 TO 1/4 MILE OR LESS
LOWEST: 12 ON 2 3 = THUNDER
SNOW, ICE PELLETS, HAIL 4 = ICE PELLETS
TOTAL MONTH: M 5 = HAIL
GRTST 24HR M ON M 6 = FREEZING RAIN OR DRIZZLE
GRTST DEPTH: M ON M 7 = DUSTSTORM OR SANDSTORM:
VSBY 1/2 MILE OR LESS
8 = SMOKE OR HAZE
[NO. OF DAYS WITH] [WEATHER - DAYS WITH] 9 = BLOWING SNOW
X = TORNADO
MAX 32 OR BELOW: 1 0.01 INCH OR MORE: 14
MAX 90 OR ABOVE: 0 0.10 INCH OR MORE: 9
MIN 32 OR BELOW: 21 0.50 INCH OR MORE: 6
MIN 0 OR BELOW: 0 1.00 INCH OR MORE: 0
[HDD (BASE 65) ]
TOTAL THIS MO. 960 CLEAR (SCALE 0-3) 10
DPTR FM NORMAL 26 PTCLDY (SCALE 4-7) 4
TOTAL FM JUL 1 2134 CLOUDY (SCALE 8-10) 17
DPTR FM NORMAL -146
[CDD (BASE 65) ]
TOTAL THIS MO. 0
DPTR FM NORMAL 0 [PRESSURE DATA]
TOTAL FM JAN 1 663 HIGHEST SLP 30.51 ON 24
DPTR FM NORMAL 354 LOWEST SLP 29.52 ON 10
[REMARKS]
#FINAL-12-22#