000
CXUS53 KIND 010600
CF6MIE
PRELIMINARY LOCAL CLIMATOLOGICAL DATA (WS FORM: F-6)
STATION: MUNCIE IN
MONTH: SEPTEMBER
YEAR: 2023
LATITUDE: 40 13 N
LONGITUDE: 85 23 W
TEMPERATURE IN F: :PCPN: SNOW: WIND :SUNSHINE: SKY :PK WND
================================================================================
1 2 3 4 5 6A 6B 7 8 9 10 11 12 13 14 15 16 17 18
12Z AVG MX 2MIN
DY MAX MIN AVG DEP HDD CDD WTR SNW DPTH SPD SPD DIR MIN PSBL S-S WX SPD DR
================================================================================
1 82 50 66 -6 0 1 0.00 M M 4.3 12 120 M M 0 15 110
2 89 57 73 2 0 8 0.00 M M 4.8 15 270 M M 1 22 260
3 90 72 81 10 0 16 0.00 M M 6.8 14 250 M M 1 1 20 280
4 91 69 80 9 0 15 0.00 M M 5.8 14 190 M M 1 20 190
5 92 74 83 12 0 18 0.00 M M 7.3 17 200 M M 1 26 190
6 86 69 78 8 0 13 0.13 M M 8.7 17 220 M M 5 28 190
7 79 63 71 1 0 6 T M M 6.9 15 330 M M 8 18 22 340
8 76 59 68 -2 0 3 0.00 M M 5.0 10 330 M M 7 16 340
9 76 58 67 -3 0 2 0.00 M M 7.1 14 40 M M 9 18 19 50
10 79 53 66 -3 0 1 0.00 M M 2.6 9 60 M M 3 12 14 90
11 83 52 68 -1 0 3 T M M 3.7 10 280 M M 1 8 19 300
12 75 52 64 -5 1 0 0.07 M M 4.5 10 300 M M 7 1 15 360
13 75 48 62 -6 3 0 0.00 M M 3.0 21 20 M M 4 128 28 20
14 78 44 61 -7 4 0 0.00 M M 3.2 10 90 M M 2 128 16 80
15 78 45 62 -6 3 0 0.00 M M 3.0 10 80 M M 0 15 140
16 76 45 61 -6 4 0 T M M 2.4 9 70 M M 2 14 70
17 76 47 62 -5 3 0 0.21 M M 1.9 10 360 M M 5 1 14 350
18 74 48 61 -6 4 0 0.00 M M 4.2 15 310 M M 6 12 21 330
19 78 46 62 -4 3 0 0.00 M M 2.5 10 130 M M 2 17 190
20 83 56 70 4 0 5 0.00 M M 4.9 13 130 M M 0 22 130
21 82 58 70 4 0 5 0.00 M M 5.3 10 140 M M 0 15 130
22 86 56 71 6 0 6 0.00 M M 5.9 14 110 M M 0 18 140
23 80 48 64 -1 1 0 0.00 M M 5.0 16 50 M M 0 18 24 40
24 84 47 66 2 0 1 0.00 M M 5.1 14 30 M M 0 18 19 30
25 79 54 67 3 0 2 0.00 M M 3.9 13 70 M M 4 1 17 80
26 78 57 68 4 0 3 0.09 M M 6.1 15 240 M M 6 1238 22 260
27 72 60 66 3 0 1 0.95 M M 4.7 12 100 M M 7 1 16 100
28 74 60 67 4 0 2 0.01 M M 2.3 8 10 M M 8 128 13 10
29 75 55 65 3 0 0 0.00 M M 3.0 10 60 M M 7 18 13 50
30 83 52 68 6 0 3 0.00 M M 2.2 12 40 M M 3 128 16 40
================================================================================
SM 2409 1654 26 114 1.46 M 136.1 M 100
================================================================================
AV 80.3 55.1 4.5 FASTST M M 3 MAX(MPH)
MISC ----> 21 20 # 28 190
================================================================================
NOTES:
# LAST OF SEVERAL OCCURRENCES
COLUMN 17 PEAK WIND IN M.P.H.
PRELIMINARY LOCAL CLIMATOLOGICAL DATA (WS FORM: F-6) , PAGE 2
STATION: MUNCIE IN
MONTH: SEPTEMBER
YEAR: 2023
LATITUDE: 40 13 N
LONGITUDE: 85 23 W
[TEMPERATURE DATA] [PRECIPITATION DATA] SYMBOLS USED IN COLUMN 16
AVERAGE MONTHLY: 67.7 TOTAL FOR MONTH: 1.46 1 = FOG OR MIST
DPTR FM NORMAL: 0.5 DPTR FM NORMAL: -1.63 2 = FOG REDUCING VISIBILITY
HIGHEST: 92 ON 5 GRTST 24HR 1.04 ON 26-27 TO 1/4 MILE OR LESS
LOWEST: 44 ON 14 3 = THUNDER
SNOW, ICE PELLETS, HAIL 4 = ICE PELLETS
TOTAL MONTH: M 5 = HAIL
GRTST 24HR M ON M 6 = FREEZING RAIN OR DRIZZLE
GRTST DEPTH: M ON M 7 = DUSTSTORM OR SANDSTORM:
VSBY 1/2 MILE OR LESS
8 = SMOKE OR HAZE
[NO. OF DAYS WITH] [WEATHER - DAYS WITH] 9 = BLOWING SNOW
X = TORNADO
MAX 32 OR BELOW: 0 0.01 INCH OR MORE: 6
MAX 90 OR ABOVE: 3 0.10 INCH OR MORE: 3
MIN 32 OR BELOW: 0 0.50 INCH OR MORE: 1
MIN 0 OR BELOW: 0 1.00 INCH OR MORE: 0
[HDD (BASE 65) ]
TOTAL THIS MO. 26 CLEAR (SCALE 0-3) 16
DPTR FM NORMAL -40 PTCLDY (SCALE 4-7) 13
TOTAL FM JUL 1 32 CLOUDY (SCALE 8-10) 1
DPTR FM NORMAL -39
[CDD (BASE 65) ]
TOTAL THIS MO. 114
DPTR FM NORMAL -20 [PRESSURE DATA]
TOTAL FM JAN 1 951 HIGHEST SLP M ON M
DPTR FM NORMAL -192 LOWEST SLP 29.77 ON 6
[REMARKS]
#FINAL-09-23#