000
CXUS53 KDMX 050301
CF6MIW
PRELIMINARY LOCAL CLIMATOLOGICAL DATA (WS FORM: F-6)
STATION: MARSHALLTOWN IA
MONTH: APRIL
YEAR: 2022
LATITUDE: 42 6 N
LONGITUDE: 92 55 W
TEMPERATURE IN F: :PCPN: SNOW: WIND :SUNSHINE: SKY :PK WND
================================================================================
1 2 3 4 5 6A 6B 7 8 9 10 11 12 13 14 15 16 17 18
12Z AVG MX 2MIN
DY MAX MIN AVG DEP HDD CDD WTR SNW DPTH SPD SPD DIR MIN PSBL S-S WX SPD DR
================================================================================
1 48 21 35 -8 30 0 T 0.0 M 6.9 12 160 M M 2 17 150
2 56 33 45 2 20 0 0.44 M M 11.5 24 320 M M 7 1 34 280
3 46 26 36 -8 29 0 0.02 0.0 M 9.9 18 140 M M 4 24 140
4 52 31 42 -2 23 0 0.00 0.0 M 12.5 29 300 M M 4 38 300
5 53 30 42 -2 23 0 0.02 0.0 M 15.0 26 290 M M 5 1 34 140
6 47 37 42 -3 23 0 T 0.0 M 21.2 35 260 M M 6 51 270
7 42 31 37 -8 28 0 0.03 M M 23.0 33 300 M M 10 1 44 300
8 47 25 36 -10 29 0 0.01 M M 17.4 28 350 M M 8 1 37 330
9 56 20 38 -8 27 0 0.00 0.0 M 7.3 13 300 M M 0 17 150
10 71 33 52 6 13 0 0.00 0.0 M 19.9 37 140 M M 2 50 130
11 64 35 50 3 15 0 0.00 0.0 M 10.4 32 310 M M 0 42 310
12 74 35 55 8 10 0 0.25 0.0 M 21.1 37 140 M M 5 13 51 270
13 59 29 44 -3 21 0 0.06 M M 16.0 25 300 M M 7 1 33 300
14 48 27 38 -10 27 0 0.00 0.0 M 21.9 43 260 M M 2 62 250
15 46 25 36 -12 29 0 0.00 0.0 M 11.3 20 310 M M 5 26 310
16 45 21 33 -15 32 0 0.00 0.0 M 11.4 24 320 M M 0 33 320
17 41 24 33 -16 32 0 0.04 M M 7.3 20 130 M M 7 18 27 130
18 44 22 33 -16 32 0 0.00 0.0 M 20.1 36 320 M M 6 12 49 310
19 46 17 32 -18 33 0 0.00 0.0 M 9.4 18 130 M M 5 25 140
20 48 44 46 -4 19 0 0.38 0.0 M 16.1 30 160 M M 10 138 40 160
21 66 33 50 0 15 0 0.08 0.0 M 6.3 15 330 M M 4 12 19 310
22 68 51 60 9 5 0 1.44 0.0 M 16.3 37 100 M M 8 13 48 100
23 74 56 65 14 0 0 0.51 0.0 M 18.5 43 220 M M 6 13 58 230
24 57 44 51 0 14 0 0.00 0.0 M 19.5 37 260 M M 3 49 250
25 45 26 36 -16 29 0 T M M 17.2 29 300 M M 8 8 35 300
26 54 22 38 -14 27 0 0.00 0.0 M 9.2 17 310 M M 0 28 300
27 60 33 47 -5 18 0 0.00 0.0 M 20.8 32 80 M M 1 40 80
28 64 39 52 -1 13 0 0.09 0.0 M 19.5 32 110 M M 8 1 44 150
29 59 52 56 3 9 0 0.13 0.0 M 18.9 32 120 M M 10 13 41 120
30 62 45 54 0 11 0 0.02 0.0 M 22.2 47 110 M M 8 138 61 100
================================================================================
SM 1642 967 636 0 3.52 0.0 458.0 M 151
================================================================================
AV 54.7 32.2 15.3 FASTST M M 5 MAX(MPH)
MISC ----> 47 110 62 250
================================================================================
NOTES:
# LAST OF SEVERAL OCCURRENCES
COLUMN 17 PEAK WIND IN M.P.H.
PRELIMINARY LOCAL CLIMATOLOGICAL DATA (WS FORM: F-6) , PAGE 2
STATION: MARSHALLTOWN IA
MONTH: APRIL
YEAR: 2022
LATITUDE: 42 6 N
LONGITUDE: 92 55 W
[TEMPERATURE DATA] [PRECIPITATION DATA] SYMBOLS USED IN COLUMN 16
AVERAGE MONTHLY: 43.5 TOTAL FOR MONTH: 3.52 1 = FOG OR MIST
DPTR FM NORMAL: -4.8 DPTR FM NORMAL: -0.17 2 = FOG REDUCING VISIBILITY
HIGHEST: 74 ON 12,23 GRTST 24HR 1.52 ON 21-22 TO 1/4 MILE OR LESS
LOWEST: 17 ON 19 3 = THUNDER
SNOW, ICE PELLETS, HAIL 4 = ICE PELLETS
TOTAL MONTH: 0.0 INCH 5 = HAIL
GRTST 24HR 0.0 6 = FREEZING RAIN OR DRIZZLE
GRTST DEPTH: M ON M 7 = DUSTSTORM OR SANDSTORM:
VSBY 1/2 MILE OR LESS
8 = SMOKE OR HAZE
[NO. OF DAYS WITH] [WEATHER - DAYS WITH] 9 = BLOWING SNOW
X = TORNADO
MAX 32 OR BELOW: 0 0.01 INCH OR MORE: 15
MAX 90 OR ABOVE: 0 0.10 INCH OR MORE: 6
MIN 32 OR BELOW: 16 0.50 INCH OR MORE: 2
MIN 0 OR BELOW: 0 1.00 INCH OR MORE: 1
[HDD (BASE 65) ]
TOTAL THIS MO. 636 CLEAR (SCALE 0-3) 9
DPTR FM NORMAL 130 PTCLDY (SCALE 4-7) 16
TOTAL FM JUL 1 6585 CLOUDY (SCALE 8-10) 5
DPTR FM NORMAL -179
[CDD (BASE 65) ]
TOTAL THIS MO. 0
DPTR FM NORMAL -4 [PRESSURE DATA]
TOTAL FM JAN 1 0 HIGHEST SLP 30.44 ON 26
DPTR FM NORMAL -5 LOWEST SLP 29.24 ON 12
[REMARKS]
#FINAL-04-22#