000
CXUS53 KMKX 010910
CF6MKE
PRELIMINARY LOCAL CLIMATOLOGICAL DATA (WS FORM: F-6)
STATION: MILWAUKEE WI
MONTH: JULY
YEAR: 2020
LATITUDE: 42 57 N
LONGITUDE: 87 54 W
TEMPERATURE IN F: :PCPN: SNOW: WIND :SUNSHINE: SKY :PK WND
================================================================================
1 2 3 4 5 6A 6B 7 8 9 10 11 12 13 14 15 16 17 18
12Z AVG MX 2MIN
DY MAX MIN AVG DEP HDD CDD WTR SNW DPTH SPD SPD DIR MIN PSBL S-S WX SPD DR
================================================================================
1 82 69 76 5 0 11 0.00 0.0 0 5.6 16 100 M M 5 20 90
2 86 66 76 5 0 11 0.00 0.0 0 3.8 10 70 M M 6 14 60
3 88 68 78 7 0 13 0.00 0.0 0 5.7 13 50 M M 4 16 60
4 85 72 79 8 0 14 0.00 0.0 0 6.4 13 30 M M 3 18 20
5 89 69 79 8 0 14 0.03 0.0 0 4.6 13 300 M M 5 38 18 290
6 93 75 84 12 0 19 0.00 0.0 0 6.9 15 70 M M 3 24 40
7 93 70 82 10 0 17 1.25 0.0 0 6.7 23 30 M M 5 138 31 30
8 89 69 79 7 0 14 T 0.0 0 6.1 17 140 M M 5 23 130
9 88 71 80 8 0 15 1.51 0.0 0 7.0 16 140 M M 7 138 21 140
10 85 71 78 6 0 13 0.09 0.0 0 10.5 22 320 M M 6 1 30 310
11 87 71 79 7 0 14 0.00 0.0 0 8.2 17 280 M M 5 25 260
12 76 64 70 -2 0 5 0.00 0.0 0 9.3 18 50 M M 5 27 50
13 76 62 69 -3 0 4 0.00 0.0 0 5.8 15 110 M M 4 8 20 120
14 84 66 75 3 0 10 T 0.0 0 9.1 22 140 M M 6 3 26 150
15 83 69 76 4 0 11 1.05 0.0 0 8.3 21 30 M M 8 13 28 240
16 77 68 73 1 0 8 0.00 0.0 0 7.8 15 10 M M 5 20 360
17 89 68 79 7 0 14 0.00 0.0 0 8.4 17 210 M M 2 22 210
18 90 74 82 10 0 17 0.22 0.0 0 13.4 30 240 M M 6 3 47 250
19 86 73 80 8 0 15 0.01 0.0 0 11.1 20 220 M M 5 3 27 280
20 80 68 74 2 0 9 0.00 0.0 0 7.4 13 70 M M 7 17 60
21 76 66 71 -1 0 6 0.01 0.0 0 7.8 16 120 M M 8 8 21 110
22 86 69 78 6 0 13 0.00 0.0 0 7.6 15 250 M M 8 8 21 250
23 75 64 70 -2 0 5 T 0.0 0 8.6 17 50 M M 5 21 50
24 80 64 72 0 0 7 0.00 0.0 0 6.5 12 140 M M 3 16 110
25 89 70 80 8 0 15 0.00 0.0 0 8.7 17 140 M M 5 18 22 130
26 95 75 85 13 0 20 0.17 0.0 0 13.6 26 310 M M 6 138 39 310
27 85 74 80 8 0 15 0.00 0.0 0 9.0 20 300 M M 6 28 290
28 87 69 78 6 0 13 T 0.0 0 10.5 21 230 M M 4 30 230
29 86 71 79 7 0 14 0.00 0.0 0 6.3 14 140 M M 5 19 240
30 77 68 73 1 0 8 0.00 0.0 0 10.3 21 50 M M 7 18 27 50
31 77 65 71 -1 0 6 0.00 0.0 0 9.0 16 70 M M 7 22 70
================================================================================
SM 2619 2138 0 370 4.34 0.0 250.0 M 166
================================================================================
AV 84.5 69.0 8.1 FASTST M M 5 MAX(MPH)
MISC ----> # 30 240 # 47 250
================================================================================
NOTES:
# LAST OF SEVERAL OCCURRENCES
COLUMN 17 PEAK WIND IN M.P.H.
PRELIMINARY LOCAL CLIMATOLOGICAL DATA (WS FORM: F-6) , PAGE 2
STATION: MILWAUKEE WI
MONTH: JULY
YEAR: 2020
LATITUDE: 42 57 N
LONGITUDE: 87 54 W
[TEMPERATURE DATA] [PRECIPITATION DATA] SYMBOLS USED IN COLUMN 16
AVERAGE MONTHLY: 76.7 TOTAL FOR MONTH: 4.34 1 = FOG OR MIST
DPTR FM NORMAL: 4.9 DPTR FM NORMAL: 0.67 2 = FOG REDUCING VISIBILITY
HIGHEST: 95 ON 26 GRTST 24HR 1.51 ON 9- 9 TO 1/4 MILE OR LESS
LOWEST: 62 ON 13 3 = THUNDER
SNOW, ICE PELLETS, HAIL 4 = ICE PELLETS
TOTAL MONTH: 0.0 INCH 5 = HAIL
GRTST 24HR 0.0 6 = FREEZING RAIN OR DRIZZLE
GRTST DEPTH: 0 7 = DUSTSTORM OR SANDSTORM:
VSBY 1/2 MILE OR LESS
8 = SMOKE OR HAZE
[NO. OF DAYS WITH] [WEATHER - DAYS WITH] 9 = BLOWING SNOW
X = TORNADO
MAX 32 OR BELOW: 0 0.01 INCH OR MORE: 9
MAX 90 OR ABOVE: 4 0.10 INCH OR MORE: 5
MIN 32 OR BELOW: 0 0.50 INCH OR MORE: 3
MIN 0 OR BELOW: 0 1.00 INCH OR MORE: 3
[HDD (BASE 65) ]
TOTAL THIS MO. 0 CLEAR (SCALE 0-3) 3
DPTR FM NORMAL -11 PTCLDY (SCALE 4-7) 27
TOTAL FM JUL 1 0 CLOUDY (SCALE 8-10) 1
DPTR FM NORMAL -11
[CDD (BASE 65) ]
TOTAL THIS MO. 370
DPTR FM NORMAL 148 [PRESSURE DATA]
TOTAL FM JAN 1 593 HIGHEST SLP 30.18 ON 24
DPTR FM NORMAL 221 LOWEST SLP 29.69 ON 19
[REMARKS]
#FINAL-07-20#