000
CXHW52 PHFO 011250
CF6MKK
PRELIMINARY LOCAL CLIMATOLOGICAL DATA (WS FORM: F-6)
STATION: MOLOKAI HI
MONTH: DECEMBER
YEAR: 2021
LATITUDE: 21 8 N
LONGITUDE: 157 6 W
TEMPERATURE IN F: :PCPN: SNOW: WIND :SUNSHINE: SKY :PK WND
================================================================================
1 2 3 4 5 6A 6B 7 8 9 10 11 12 13 14 15 16 17 18
12Z AVG MX 2MIN
DY MAX MIN AVG DEP HDD CDD WTR SNW DPTH SPD SPD DIR MIN PSBL S-S WX SPD DR
================================================================================
1 85 67 76 1 0 11 0.00 M M 6.9 16 40 M M 2 23 40
2 84 64 74 -1 0 9 T M M 2.8 14 320 M M 3 19 270
3 78 68 73 -2 0 8 0.13 M M 12.8 26 320 M M 7 18 34 330
4 77 58 68 -7 0 3 T M M 7.6 20 170 M M 4 26 170
5 73 66 70 -5 0 5 3.38 M M 8.7 32 150 M M 9 1 42 150
6 80 71 76 2 0 11 1.02 M M 9.1 26 160 M M 9 1 36 160
7 77 70 74 0 0 9 0.14 M M 10.4 21 310 M M 7 1 27 300
8 83 70 77 3 0 12 0.00 M M 6.8 17 50 M M 4 23 60
9 82 67 75 1 0 10 0.00 M M 10.3 23 50 M M 2 32 50
10 81 70 76 2 0 11 0.00 M M 13.2 26 50 M M 3 36 60
11 81 72 77 3 0 12 T M M 14.3 25 50 M M 2 37 50
12 80 71 76 2 0 11 0.02 M M 12.7 24 40 M M 5 1 31 50
13 79 71 75 1 0 10 T M M 15.2 23 50 M M 4 33 40
14 M 69 M M M M 0.30 M M 12.8 23 30 M M 7 1 33 50
15 82 70 76 2 0 11 0.00 M M 9.9 20 50 M M 1 27 30
16 82 63 73 -1 0 8 T M M 7.1 17 50 M M 3 23 40
17 81 67 74 1 0 9 0.43 M M 5.9 18 330 M M 3 1 23 330
18 81 63 72 -1 0 7 T M M 9.1 24 50 M M 3 33 60
19 78 71 75 2 0 10 T M M 12.8 23 50 M M 6 33 50
20 78 70 74 1 0 9 T M M 14.6 26 50 M M 2 36 40
21 75 68 72 -1 0 7 0.00 M M 13.3 24 50 M M 6 32 50
22 75 68 72 -1 0 7 0.59 M M 14.2 24 50 M M 6 32 60
23 77 69 73 0 0 8 T M M 14.6 24 50 M M 2 35 50
24 77 66 72 -1 0 7 T M M 12.4 22 50 M M 6 1 30 60
25 77 67 72 -1 0 7 T M M 10.8 18 50 M M 4 27 50
26 78 60 69 -4 0 4 0.00 M M 8.0 18 50 M M 2 27 40
27 81 63 72 0 0 7 0.00 M M 7.6 15 50 M M 1 23 40
28 79 67 73 1 0 8 T M M 11.1 22 50 M M 2 30 50
29 79 69 74 2 0 9 0.00 M M 12.9 21 50 M M 3 32 40
30 80 70 75 3 0 10 0.01 M M 7.3 16 40 M M 7 24 40
31 75 69 72 0 0 7 0.39 M M 8.6 20 140 M M 7 1 28 130
================================================================================
SM 2375 2094 0 257 6.41 M 323.8 M 132
================================================================================
AV 79.2 67.5 10.4 FASTST M M 4 MAX(MPH)
MISC ----> 32 150 42 150
================================================================================
NOTES:
# LAST OF SEVERAL OCCURRENCES
COLUMN 17 PEAK WIND IN M.P.H.
PRELIMINARY LOCAL CLIMATOLOGICAL DATA (WS FORM: F-6) , PAGE 2
STATION: MOLOKAI HI
MONTH: DECEMBER
YEAR: 2021
LATITUDE: 21 8 N
LONGITUDE: 157 6 W
[TEMPERATURE DATA] [PRECIPITATION DATA] SYMBOLS USED IN COLUMN 16
AVERAGE MONTHLY: 73.4 TOTAL FOR MONTH: 6.41 1 = FOG OR MIST
DPTR FM NORMAL: -0.1 DPTR FM NORMAL: 3.54 2 = FOG REDUCING VISIBILITY
HIGHEST: 85 ON 1 GRTST 24HR 3.96 ON 5- 6 TO 1/4 MILE OR LESS
LOWEST: 58 ON 4 3 = THUNDER
SNOW, ICE PELLETS, HAIL 4 = ICE PELLETS
TOTAL MONTH: M 5 = HAIL
GRTST 24HR M ON M 6 = FREEZING RAIN OR DRIZZLE
GRTST DEPTH: M ON M 7 = DUSTSTORM OR SANDSTORM:
VSBY 1/2 MILE OR LESS
8 = SMOKE OR HAZE
[NO. OF DAYS WITH] [WEATHER - DAYS WITH] 9 = BLOWING SNOW
X = TORNADO
MAX 32 OR BELOW: 0 0.01 INCH OR MORE: 10
MAX 90 OR ABOVE: 0 0.10 INCH OR MORE: 8
MIN 32 OR BELOW: 0 0.50 INCH OR MORE: 3
MIN 0 OR BELOW: 0 1.00 INCH OR MORE: 2
[HDD (BASE 65) ]
TOTAL THIS MO. 0 CLEAR (SCALE 0-3) 13
DPTR FM NORMAL 0 PTCLDY (SCALE 4-7) 16
TOTAL FM JUL 1 0 CLOUDY (SCALE 8-10) 2
DPTR FM NORMAL 0
[CDD (BASE 65) ]
TOTAL THIS MO. 257
DPTR FM NORMAL -8 [PRESSURE DATA]
TOTAL FM JAN 1 3975 HIGHEST SLP 30.14 ON 9
DPTR FM NORMAL -6 LOWEST SLP 29.65 ON 4
[REMARKS]
#FINAL-12-21#