000
CXUS54 KFWD 010830
CF6MKN
PRELIMINARY LOCAL CLIMATOLOGICAL DATA (WS FORM: F-6)
STATION: COMANCHE
MONTH: FEBRUARY
YEAR: 2022
LATITUDE: 31 55 N
LONGITUDE: 98 36 W
TEMPERATURE IN F: :PCPN: SNOW: WIND :SUNSHINE: SKY :PK WND
================================================================================
1 2 3 4 5 6A 6B 7 8 9 10 11 12 13 14 15 16 17 18
12Z AVG MX 2MIN
DY MAX MIN AVG DEP HDD CDD WTR SNW DPTH SPD SPD DIR MIN PSBL S-S WX SPD DR
================================================================================
1 72 47 60 M 5 0 0.00 M M 9.3 15 190 M M 4 20 180
2 53 25 39 M 26 0 0.92 M M 12.6 16 20 M M 9 25 350
3 25 16 21 M 44 0 0.00 M M M M M M M 10 M M
4 33 17 25 M 40 0 0.00 M M M M M M M 6 M M
5 50 19 35 M 30 0 0.00 M M 8.2 10 180 M M 0 115 M
6 62 26 44 M 21 0 0.00 M M 5.3 12 200 M M 0 M M
7 58 32 45 M 20 0 0.00 M M 7.8 14 10 M M 0 22 360
8 67 32 50 M 15 0 0.00 M M 8.0 16 250 M M 0 22 250
9 74 39 57 M 8 0 0.00 M M 6.3 12 240 M M 0 M M
10 75 34 55 M 10 0 0.00 M M 2.6 9 20 M M 0 M M
11 78 47 63 M 2 0 0.00 M M 12.2 21 220 M M 0 29 220
12 54 32 43 M 22 0 0.00 M M 13.3 24 10 M M 4 31 360
13 67 29 48 M 17 0 0.00 M M 6.8 14 280 M M 0 21 280
14 73 39 56 M 9 0 0.00 M M 9.9 16 200 M M 0 25 200
15 74 42 58 M 7 0 0.00 M M 14.8 24 180 M M 0 31 200
16 77 59 68 M 0 3 0.00 M M 17.2 26 190 M M 6 36 190
17 66 28 47 M 18 0 0.04 M M 16.6 28 340 M M 8 1 36 340
18 59 24 42 M 23 0 0.00 M M 4.1 12 350 M M 0 M M
19 70 29 50 M 15 0 0.00 M M 4.7 12 140 M M 0 16 160
20 68 40 54 M 11 0 0.00 M M 12.4 18 200 M M 0 25 210
21 87 55 71 M 0 6 0.00 M M 12.8 22 190 M M 3 35 190
22 66 32 49 M 16 0 0.02 M M 11.1 20 330 M M 3 26 340
23 32 20 26 M 39 0 M M M 16.5 21 360 M M 10 1 28 360
24 31 21 26 M 39 0 0.00 M M M M M M M 10 1 M M
25 37 20 29 M 36 0 0.00 M M 7.6 9 80 M M 7 22 60
26 34 32 33 M 32 0 0.00 M M 6.4 9 350 M M 10 1 M M
27 59 26 43 M 22 0 0.00 M M 7.7 14 340 M M 1 20 360
28 73 28 51 M 14 0 0.00 M M 2.6 6 150 M M 0 M M
================================================================================
SM 1674 890 541 9 0.98 M 236.8 M 91
================================================================================
AV 59.8 31.8 9.5 FASTST M M 3 MAX(MPH)
MISC ----> 28 340 115 9999
================================================================================
NOTES:
# LAST OF SEVERAL OCCURRENCES
COLUMN 17 PEAK WIND IN M.P.H.
PRELIMINARY LOCAL CLIMATOLOGICAL DATA (WS FORM: F-6) , PAGE 2
STATION: COMANCHE
MONTH: FEBRUARY
YEAR: 2022
LATITUDE: 31 55 N
LONGITUDE: 98 36 W
[TEMPERATURE DATA] [PRECIPITATION DATA] SYMBOLS USED IN COLUMN 16
AVERAGE MONTHLY: 45.8 TOTAL FOR MONTH: 0.98 1 = FOG OR MIST
DPTR FM NORMAL: 0.0 DPTR FM NORMAL: -1.18 2 = FOG REDUCING VISIBILITY
HIGHEST: 87 ON 21 GRTST 24HR 0.92 ON 2- 2 TO 1/4 MILE OR LESS
LOWEST: 16 ON 3 3 = THUNDER
SNOW, ICE PELLETS, HAIL 4 = ICE PELLETS
TOTAL MONTH: M 5 = HAIL
GRTST 24HR M ON M 6 = FREEZING RAIN OR DRIZZLE
GRTST DEPTH: M ON M 7 = DUSTSTORM OR SANDSTORM:
VSBY 1/2 MILE OR LESS
8 = SMOKE OR HAZE
[NO. OF DAYS WITH] [WEATHER - DAYS WITH] 9 = BLOWING SNOW
X = TORNADO
MAX 32 OR BELOW: 3 0.01 INCH OR MORE: 3
MAX 90 OR ABOVE: 0 0.10 INCH OR MORE: 1
MIN 32 OR BELOW: 19 0.50 INCH OR MORE: 1
MIN 0 OR BELOW: 0 1.00 INCH OR MORE: 0
[HDD (BASE 65) ]
TOTAL THIS MO. 541 CLEAR (SCALE 0-3) 17
DPTR FM NORMAL M PTCLDY (SCALE 4-7) 6
TOTAL FM JUL 1 1496 CLOUDY (SCALE 8-10) 5
DPTR FM NORMAL M
[CDD (BASE 65) ]
TOTAL THIS MO. 9
DPTR FM NORMAL M [PRESSURE DATA]
TOTAL FM JAN 1 9 HIGHEST SLP M ON M
DPTR FM NORMAL M LOWEST SLP M ON M
[REMARKS]
#FINAL-02-22#