000
CXUS54 KTSA 010850
CF6MKO
PRELIMINARY LOCAL CLIMATOLOGICAL DATA (WS FORM: F-6)
STATION: MUSKOGEE OKLAHOMA
MONTH: APRIL
YEAR: 2022
LATITUDE: 35 40 N
LONGITUDE: 95 22 W
TEMPERATURE IN F: :PCPN: SNOW: WIND :SUNSHINE: SKY :PK WND
================================================================================
1 2 3 4 5 6A 6B 7 8 9 10 11 12 13 14 15 16 17 18
12Z AVG MX 2MIN
DY MAX MIN AVG DEP HDD CDD WTR SNW DPTH SPD SPD DIR MIN PSBL S-S WX SPD DR
================================================================================
1 66 31 49 -8 16 0 0.03 0.0 M 8.3 16 120 M M 2 24 110
2 71 46 59 2 6 0 0.13 0.0 M 5.1 14 360 M M 3 1 18 40
3 80 47 64 7 1 0 0.00 0.0 M 11.0 22 160 M M 1 32 150
4 67 56 62 4 3 0 1.31 0.0 M 8.3 32 200 M M 9 13 54 200
5 78 52 65 7 0 0 0.00 0.0 M 10.3 37 10 M M 3 1 50 360
6 69 50 60 2 5 0 0.00 0.0 M 16.0 37 360 M M 5 52 10
7 62 42 52 -6 13 0 T 0.0 M 16.5 31 360 M M 4 46 320
8 59 39 49 -10 16 0 0.00 0.0 M 14.5 30 340 M M 1 46 340
9 76 31 54 -5 11 0 0.00 0.0 M 9.7 23 190 M M 0 31 180
10 80 58 69 10 0 4 0.00 0.0 M 14.8 29 190 M M 1 41 190
11 71 56 64 5 1 0 0.17 0.0 M 8.1 18 360 M M 8 1 26 180
12 80 57 69 9 0 4 0.00 0.0 M 14.5 30 170 M M 6 1 44 170
13 72 39 56 -4 9 0 1.13 0.0 M 14.1 31 350 M M 4 13 40 350
14 69 35 52 -8 13 0 0.00 0.0 M 4.9 12 200 M M 0 18 190
15 79 51 65 5 0 0 T 0.0 M 11.1 26 180 M M 3 3 39 190
16 67 51 59 -2 6 0 0.99 0.0 M 13.7 25 60 M M 10 13 36 50
17 58 47 53 -8 12 0 T 0.0 M 10.7 21 360 M M 10 1 29 350
18 65 43 54 -7 11 0 0.00 0.0 M 10.1 18 20 M M 4 24 20
19 71 37 54 -7 11 0 T 0.0 M 10.9 22 120 M M 1 32 150
20 68 53 61 -1 4 0 0.20 0.0 M 14.2 24 140 M M 7 1 36 140
21 81 59 70 8 0 5 0.00 0.0 M 11.5 21 150 M M 8 1 30 160
22 83 67 75 13 0 10 0.00 0.0 M 14.8 26 180 M M 5 40 150
23 79 65 72 10 0 7 0.00 0.0 M 16.0 31 180 M M 6 3 50 200
24 74 54 64 2 1 0 2.20 0.0 M 10.2 20 140 M M 10 13 32 140
25 65 48 57 -6 8 0 0.00 0.0 M 10.6 21 360 M M 2 29 350
26 71 41 56 -7 9 0 0.00 0.0 M 5.7 15 10 M M 0 26 320
27 75 46 61 -2 4 0 0.00 0.0 M 9.5 17 150 M M 0 25 150
28 71 56 64 0 1 0 0.82 0.0 M 9.4 22 140 M M 9 13 31 150
29 77 64 71 7 0 6 0.00 0.0 M 12.9 22 170 M M 8 39 180
30 76 53 65 1 0 0 0.16 0.0 M 9.8 23 280 M M 2 13 37 290
================================================================================
SM 2160 1474 161 36 7.14 0.0 337.2 M 132
================================================================================
AV 72.0 49.1 11.2 FASTST M M 4 MAX(MPH)
MISC ----> # 37 10 54 200
================================================================================
NOTES:
# LAST OF SEVERAL OCCURRENCES
COLUMN 17 PEAK WIND IN M.P.H.
PRELIMINARY LOCAL CLIMATOLOGICAL DATA (WS FORM: F-6) , PAGE 2
STATION: MUSKOGEE OKLAHOMA
MONTH: APRIL
YEAR: 2022
LATITUDE: 35 40 N
LONGITUDE: 95 22 W
[TEMPERATURE DATA] [PRECIPITATION DATA] SYMBOLS USED IN COLUMN 16
AVERAGE MONTHLY: 60.6 TOTAL FOR MONTH: 7.14 1 = FOG OR MIST
DPTR FM NORMAL: 0.1 DPTR FM NORMAL: 3.03 2 = FOG REDUCING VISIBILITY
HIGHEST: 83 ON 22 GRTST 24HR 2.20 ON 24-24 TO 1/4 MILE OR LESS
LOWEST: 31 ON 9, 1 3 = THUNDER
SNOW, ICE PELLETS, HAIL 4 = ICE PELLETS
TOTAL MONTH: 0.0 INCH 5 = HAIL
GRTST 24HR 0.0 6 = FREEZING RAIN OR DRIZZLE
GRTST DEPTH: M ON M 7 = DUSTSTORM OR SANDSTORM:
VSBY 1/2 MILE OR LESS
8 = SMOKE OR HAZE
[NO. OF DAYS WITH] [WEATHER - DAYS WITH] 9 = BLOWING SNOW
X = TORNADO
MAX 32 OR BELOW: 0 0.01 INCH OR MORE: 10
MAX 90 OR ABOVE: 0 0.10 INCH OR MORE: 9
MIN 32 OR BELOW: 2 0.50 INCH OR MORE: 5
MIN 0 OR BELOW: 0 1.00 INCH OR MORE: 3
[HDD (BASE 65) ]
TOTAL THIS MO. 161 CLEAR (SCALE 0-3) 14
DPTR FM NORMAL -20 PTCLDY (SCALE 4-7) 10
TOTAL FM JUL 1 3002 CLOUDY (SCALE 8-10) 6
DPTR FM NORMAL -367
[CDD (BASE 65) ]
TOTAL THIS MO. 36
DPTR FM NORMAL -8 [PRESSURE DATA]
TOTAL FM JAN 1 40 HIGHEST SLP 30.47 ON 26
DPTR FM NORMAL -18 LOWEST SLP 29.41 ON 5
[REMARKS]
#FINAL-04-22#