000
CXUS53 KDVN 011000
CF6MLI
PRELIMINARY LOCAL CLIMATOLOGICAL DATA (WS FORM: F-6)
STATION: MOLINE IL
MONTH: APRIL
YEAR: 2022
LATITUDE: 41 27 N
LONGITUDE: 90 31 W
TEMPERATURE IN F: :PCPN: SNOW: WIND :SUNSHINE: SKY :PK WND
================================================================================
1 2 3 4 5 6A 6B 7 8 9 10 11 12 13 14 15 16 17 18
12Z AVG MX 2MIN
DY MAX MIN AVG DEP HDD CDD WTR SNW DPTH SPD SPD DIR MIN PSBL S-S WX SPD DR
================================================================================
1 49 29 39 -7 26 0 0.00 0.0 0 6.3 15 310 M M 2 22 310
2 47 33 40 -6 25 0 0.21 0.0 0 8.5 24 310 M M 6 1 32 320
3 55 30 43 -4 22 0 0.19 0.0 0 4.6 10 120 M M 4 14 300
4 48 35 42 -5 23 0 0.03 0.0 0 9.9 22 310 M M 9 33 290
5 53 28 41 -7 24 0 0.48 0.0 0 8.3 18 150 M M 6 18 26 130
6 55 43 49 1 16 0 0.04 0.0 0 17.7 35 260 M M 7 1 45 270
7 44 36 40 -8 25 0 0.06 0.0 0 17.3 25 270 M M 10 1 37 270
8 41 33 37 -12 28 0 0.04 0.1 T 12.7 26 310 M M 10 18 35 310
9 55 29 42 -7 23 0 0.00 0.0 0 5.6 18 280 M M 2 27 280
10 71 35 53 4 12 0 0.00 0.0 0 15.9 35 140 M M 1 47 140
11 66 37 52 2 13 0 0.00 0.0 0 7.2 20 270 M M 0 27 280
12 73 31 52 2 13 0 0.00 0.0 0 15.0 31 170 M M 3 47 180
13 69 34 52 2 13 0 0.67 0.0 0 12.6 23 280 M M 7 13 33 280
14 53 31 42 -9 23 0 0.00 0.0 0 17.5 39 270 M M 1 56 270
15 52 37 45 -6 20 0 0.00 0.0 0 9.3 17 330 M M 5 24 250
16 50 29 40 -12 25 0 0.00 0.0 0 11.9 23 310 M M 1 33 310
17 49 24 37 -15 28 0 0.17 0.4 0 6.9 21 100 M M 4 1 27 110
18 44 33 39 -13 26 0 0.01 0.1 0 15.5 29 300 M M 8 1 42 300
19 53 29 41 -12 24 0 0.00 0.0 0 7.8 20 310 M M 3 28 300
20 54 46 50 -3 15 0 0.61 0.0 0 13.9 26 150 M M 10 1 37 150
21 72 48 60 6 5 0 0.07 0.0 0 7.6 16 240 M M 3 1 24 300
22 72 53 63 9 2 0 0.35 0.0 0 11.8 30 140 M M 7 13 38 150
23 85 64 75 21 0 10 0.00 0.0 0 15.8 29 180 M M 1 44 210
24 69 51 60 5 5 0 0.21 0.0 0 15.0 28 260 M M 4 1 37 260
25 51 37 44 -11 21 0 0.00 0.0 0 16.1 24 280 M M 8 36 280
26 56 32 44 -11 21 0 0.00 0.0 0 10.0 23 280 M M 2 37 260
27 64 32 48 -8 17 0 0.00 0.0 0 15.2 30 80 M M 2 38 80
28 68 40 54 -2 11 0 0.02 0.0 0 13.2 22 150 M M 8 3 30 120
29 67 53 60 4 5 0 0.05 0.0 0 13.3 23 110 M M 10 3 31 110
30 75 53 64 7 1 0 0.16 0.0 0 18.1 31 250 M M 8 13 43 250
================================================================================
SM 1760 1125 512 10 3.37 0.6 360.5 M 152
================================================================================
AV 58.7 37.5 12.0 FASTST M M 5 MAX(MPH)
MISC ----> 39 270 56 270
================================================================================
NOTES:
# LAST OF SEVERAL OCCURRENCES
COLUMN 17 PEAK WIND IN M.P.H.
PRELIMINARY LOCAL CLIMATOLOGICAL DATA (WS FORM: F-6) , PAGE 2
STATION: MOLINE IL
MONTH: APRIL
YEAR: 2022
LATITUDE: 41 27 N
LONGITUDE: 90 31 W
[TEMPERATURE DATA] [PRECIPITATION DATA] SYMBOLS USED IN COLUMN 16
AVERAGE MONTHLY: 48.1 TOTAL FOR MONTH: 3.37 1 = FOG OR MIST
DPTR FM NORMAL: -3.3 DPTR FM NORMAL: -0.44 2 = FOG REDUCING VISIBILITY
HIGHEST: 85 ON 23 GRTST 24HR 0.67 ON 13-13 TO 1/4 MILE OR LESS
LOWEST: 24 ON 17 3 = THUNDER
SNOW, ICE PELLETS, HAIL 4 = ICE PELLETS
TOTAL MONTH: 1.4 INCHES 5 = HAIL
GRTST 24HR 0.4 ON 17-17 6 = FREEZING RAIN OR DRIZZLE
GRTST DEPTH: T 7 = DUSTSTORM OR SANDSTORM:
VSBY 1/2 MILE OR LESS
8 = SMOKE OR HAZE
[NO. OF DAYS WITH] [WEATHER - DAYS WITH] 9 = BLOWING SNOW
X = TORNADO
MAX 32 OR BELOW: 0 0.01 INCH OR MORE: 17
MAX 90 OR ABOVE: 0 0.10 INCH OR MORE: 9
MIN 32 OR BELOW: 11 0.50 INCH OR MORE: 2
MIN 0 OR BELOW: 0 1.00 INCH OR MORE: 0
[HDD (BASE 65) ]
TOTAL THIS MO. 512 CLEAR (SCALE 0-3) 11
DPTR FM NORMAL 95 PTCLDY (SCALE 4-7) 12
TOTAL FM JUL 1 5627 CLOUDY (SCALE 8-10) 7
DPTR FM NORMAL -229
[CDD (BASE 65) ]
TOTAL THIS MO. 10
DPTR FM NORMAL -1 [PRESSURE DATA]
TOTAL FM JAN 1 10 HIGHEST SLP 30.39 ON 26
DPTR FM NORMAL -3 LOWEST SLP 29.38 ON 12
[REMARKS]
#FINAL-04-22#