000
CXUS55 KBYZ 152132
CF6MLS
PRELIMINARY LOCAL CLIMATOLOGICAL DATA (WS FORM: F-6)
STATION: MILES CITY MT
MONTH: JULY
YEAR: 2020
LATITUDE: 46 25 N
LONGITUDE: 105 53 W
TEMPERATURE IN F: :PCPN: SNOW: WIND :SUNSHINE: SKY :PK WND
================================================================================
1 2 3 4 5 6A 6B 7 8 9 10 11 12 13 14 15 16 17 18
12Z AVG MX 2MIN
DY MAX MIN AVG DEP HDD CDD WTR SNW DPTH SPD SPD DIR MIN PSBL S-S WX SPD DR
================================================================================
1 81 50 66 -5 0 1 0.04 M M 6.6 15 210 M M 1 21 200
2 84 54 69 -2 0 4 0.00 M M 5.9 15 310 M M 0 19 300
3 93 59 76 5 0 11 0.05 M M 6.8 28 140 M M 1 38 38 140
4 92 61 77 5 0 12 0.14 M M 9.3 47 250 M M 1 38 60 260
5 86 61 74 2 0 9 0.04 M M 7.9 21 290 M M 2 1 26 310
6 86 58 72 0 0 7 0.01 M M 6.9 23 360 M M 3 3 28 360
7 89 55 72 0 0 7 0.02 M M 10.7 58 310 M M 1 3 74 300
8 83 52 68 -5 0 3 0.00 M M 10.1 26 300 M M 0 33 270
9 83 49 66 -7 0 1 0.00 M M 6.3 15 60 M M 0 8 19 60
10 82 58 70 -3 0 5 0.17 M M 11.1 31 290 M M 1 3 39 290
11 88 51 70 -3 0 5 T M M 5.1 15 170 M M 0 19 170
12 98 63 81 7 0 16 0.00 M M 13.5 32 330 M M 0 38 330
13 79 58 69 -5 0 4 0.00 M M 12.6 33 340 M M 2 40 340
14 83 52 68 -6 0 3 T M M 6.5 17 280 M M 2 23 290
15 87 47 67 -7 0 2 T M M 8.0 23 250 M M 0 30 260
16 93 51 72 -2 0 7 0.00 M M 6.3 17 230 M M 0 22 210
17 96 67 82 8 0 17 0.00 M M 11.3 30 340 M M 0 34 340
18 82 58 70 -5 0 5 0.19 M M 10.0 24 320 M M 3 18 32 320
19 87 51 69 -6 0 4 0.00 M M 7.2 18 60 M M 2 22 50
20 79 58 69 -6 0 4 0.21 M M 9.9 26 10 M M 2 13 34 350
21 88 53 71 -4 0 6 0.00 M M 7.7 16 50 M M 0 22 120
22 102 67 85 10 0 20 0.00 M M 7.7 17 140 M M 0 25 150
23 93 70 82 7 0 17 0.00 M M 11.4 25 320 M M 0 33 310
24 93 64 79 4 0 14 0.00 M M 5.3 15 270 M M 0 21 230
25 86 65 76 1 0 11 0.00 M M 10.3 21 360 M M 0 26 340
26 88 56 72 -4 0 7 0.00 M M 5.4 14 60 M M 0 17 50
27 93 56 75 -1 0 10 0.00 M M 7.2 14 60 M M 0 20 310
28 96 59 78 2 0 13 0.00 M M 7.0 17 180 M M 1 21 150
29 84 66 75 -1 0 10 T M M 8.1 17 160 M M 2 21 160
30 97 62 80 4 0 15 0.05 M M 8.2 54 310 M M 1 38 68 320
31 88 62 75 -1 0 10 0.00 M M 11.8 31 20 M M 0 40 20
================================================================================
SM 2739 1793 0 260 0.92 M 262.1 M 25
================================================================================
AV 88.4 57.8 8.5 FASTST M M 1 MAX(MPH)
MISC ----> 58 310 74 300
================================================================================
NOTES:
# LAST OF SEVERAL OCCURRENCES
COLUMN 17 PEAK WIND IN M.P.H.
PRELIMINARY LOCAL CLIMATOLOGICAL DATA (WS FORM: F-6) , PAGE 2
STATION: MILES CITY MT
MONTH: JULY
YEAR: 2020
LATITUDE: 46 25 N
LONGITUDE: 105 53 W
[TEMPERATURE DATA] [PRECIPITATION DATA] SYMBOLS USED IN COLUMN 16
AVERAGE MONTHLY: 73.1 TOTAL FOR MONTH: 0.92 1 = FOG OR MIST
DPTR FM NORMAL: -0.8 DPTR FM NORMAL: -0.72 2 = FOG REDUCING VISIBILITY
HIGHEST: 102 ON 22 GRTST 24HR 0.21 ON 19-20 TO 1/4 MILE OR LESS
LOWEST: 47 ON 15 3 = THUNDER
SNOW, ICE PELLETS, HAIL 4 = ICE PELLETS
TOTAL MONTH: M 5 = HAIL
GRTST 24HR M ON M 6 = FREEZING RAIN OR DRIZZLE
GRTST DEPTH: M ON M 7 = DUSTSTORM OR SANDSTORM:
VSBY 1/2 MILE OR LESS
8 = SMOKE OR HAZE
[NO. OF DAYS WITH] [WEATHER - DAYS WITH] 9 = BLOWING SNOW
X = TORNADO
MAX 32 OR BELOW: 0 0.01 INCH OR MORE: 10
MAX 90 OR ABOVE: 11 0.10 INCH OR MORE: 4
MIN 32 OR BELOW: 0 0.50 INCH OR MORE: 0
MIN 0 OR BELOW: 0 1.00 INCH OR MORE: 0
[HDD (BASE 65) ]
TOTAL THIS MO. 0 CLEAR (SCALE 0-3) 31
DPTR FM NORMAL -10 PTCLDY (SCALE 4-7) 0
TOTAL FM JUL 1 0 CLOUDY (SCALE 8-10) 0
DPTR FM NORMAL -10
[CDD (BASE 65) ]
TOTAL THIS MO. 260
DPTR FM NORMAL -28 [PRESSURE DATA]
TOTAL FM JAN 1 367 HIGHEST SLP 30.16 ON 11
DPTR FM NORMAL -48 LOWEST SLP 29.51 ON 7
[REMARKS]
#FINAL-07-20#