000
CXUS55 KBYZ 011100
CF6MLS
PRELIMINARY LOCAL CLIMATOLOGICAL DATA (WS FORM: F-6)
STATION: MILES CITY MT
MONTH: NOVEMBER
YEAR: 2023
LATITUDE: 46 25 N
LONGITUDE: 105 53 W
TEMPERATURE IN F: :PCPN: SNOW: WIND :SUNSHINE: SKY :PK WND
================================================================================
1 2 3 4 5 6A 6B 7 8 9 10 11 12 13 14 15 16 17 18
12Z AVG MX 2MIN
DY MAX MIN AVG DEP HDD CDD WTR SNW DPTH SPD SPD DIR MIN PSBL S-S WX SPD DR
================================================================================
1 43 15 29 -10 36 0 0.00 M M 3.8 9 260 M M 0 1 10 260
2 43 17 30 -8 35 0 0.05 M M 4.7 8 230 M M 4 1 9 180
3 52 36 44 6 21 0 0.14 M M 5.1 9 270 M M 8 1 12 240
4 60 33 47 10 18 0 T M M 7.0 13 190 M M 3 20 190
5 58 39 49 12 16 0 0.01 M M 8.9 18 270 M M 4 24 290
6 58 32 45 9 20 0 0.00 M M 7.6 22 160 M M 2 30 150
7 58 37 48 12 17 0 0.00 M M 12.2 31 280 M M 1 38 280
8 50 33 42 6 23 0 0.00 M M 12.7 26 310 M M 5 34 310
9 44 32 38 3 27 0 0.00 M M 10.6 22 320 M M 4 32 300
10 49 28 39 4 26 0 0.00 M M 7.2 14 150 M M 2 19 170
11 53 26 40 6 25 0 0.00 M M 9.0 16 220 M M 0 24 230
12 59 32 46 12 19 0 0.00 M M 8.9 23 340 M M 0 31 310
13 50 31 41 7 24 0 0.00 M M 7.9 13 160 M M 0 16 160
14 55 31 43 10 22 0 0.00 M M 5.0 12 10 M M 1 15 160
15 56 30 43 10 22 0 0.00 M M 8.6 16 160 M M 0 19 160
16 46 27 37 5 28 0 0.00 M M 8.1 35 320 M M 4 43 330
17 56 25 41 9 24 0 0.00 M M 6.8 14 240 M M 0 17 220
18 55 28 42 10 23 0 0.00 M M 3.5 9 230 M M 0 10 170
19 52 24 38 7 27 0 0.00 M M 4.4 16 280 M M 1 18 280
20 50 26 38 7 27 0 0.00 M M 11.4 28 320 M M 5 36 320
21 53 23 38 7 27 0 0.00 M M 7.5 13 220 M M 0 18 230
22 54 31 43 13 22 0 0.00 M M 8.2 20 330 M M 5 26 340
23 31 13 22 -8 43 0 T M M 8.2 16 20 M M 8 20 30
24 27 9 18 -11 47 0 0.00 M M 6.5 10 130 M M 0 14 150
25 38 11 25 -4 40 0 T M M 10.9 31 340 M M 4 43 330
26 37 25 31 2 34 0 T M M 11.5 28 310 M M 8 40 310
27 42 19 31 3 34 0 0.00 M M 7.6 21 320 M M 1 28 320
28 52 24 38 10 27 0 0.00 M M 9.2 22 290 M M 0 27 290
29 49 19 34 6 31 0 0.00 M M 8.4 15 320 M M 0 19 310
30 35 20 28 1 37 0 0.00 M M 5.1 8 60 M M 7 12 120
================================================================================
SM 1465 776 822 0 0.20 M 236.5 M 77
================================================================================
AV 48.8 25.9 7.9 FASTST M M 3 MAX(MPH)
MISC ----> 35 320 # 43 330
================================================================================
NOTES:
# LAST OF SEVERAL OCCURRENCES
COLUMN 17 PEAK WIND IN M.P.H.
PRELIMINARY LOCAL CLIMATOLOGICAL DATA (WS FORM: F-6) , PAGE 2
STATION: MILES CITY MT
MONTH: NOVEMBER
YEAR: 2023
LATITUDE: 46 25 N
LONGITUDE: 105 53 W
[TEMPERATURE DATA] [PRECIPITATION DATA] SYMBOLS USED IN COLUMN 16
AVERAGE MONTHLY: 37.4 TOTAL FOR MONTH: 0.20 1 = FOG OR MIST
DPTR FM NORMAL: 4.6 DPTR FM NORMAL: -0.13 2 = FOG REDUCING VISIBILITY
HIGHEST: 60 ON 4 GRTST 24HR 0.19 ON 2- 3 TO 1/4 MILE OR LESS
LOWEST: 9 ON 24 3 = THUNDER
SNOW, ICE PELLETS, HAIL 4 = ICE PELLETS
TOTAL MONTH: M 5 = HAIL
GRTST 24HR M ON M 6 = FREEZING RAIN OR DRIZZLE
GRTST DEPTH: M ON M 7 = DUSTSTORM OR SANDSTORM:
VSBY 1/2 MILE OR LESS
8 = SMOKE OR HAZE
[NO. OF DAYS WITH] [WEATHER - DAYS WITH] 9 = BLOWING SNOW
X = TORNADO
MAX 32 OR BELOW: 2 0.01 INCH OR MORE: 3
MAX 90 OR ABOVE: 0 0.10 INCH OR MORE: 1
MIN 32 OR BELOW: 25 0.50 INCH OR MORE: 0
MIN 0 OR BELOW: 0 1.00 INCH OR MORE: 0
[HDD (BASE 65) ]
TOTAL THIS MO. 822 CLEAR (SCALE 0-3) 17
DPTR FM NORMAL -146 PTCLDY (SCALE 4-7) 13
TOTAL FM JUL 1 1548 CLOUDY (SCALE 8-10) 0
DPTR FM NORMAL -208
[CDD (BASE 65) ]
TOTAL THIS MO. 0
DPTR FM NORMAL 0 [PRESSURE DATA]
TOTAL FM JAN 1 830 HIGHEST SLP 30.66 ON 24
DPTR FM NORMAL 99 LOWEST SLP 29.56 ON 6
[REMARKS]
#FINAL-11-23#