000
CXUS54 KSHV 011400
CF6MLU
PRELIMINARY LOCAL CLIMATOLOGICAL DATA (WS FORM: F-6)
STATION: MONROE
MONTH: NOVEMBER
YEAR: 2020
LATITUDE: 32 30 N
LONGITUDE: 92 2 W
TEMPERATURE IN F: :PCPN: SNOW: WIND :SUNSHINE: SKY :PK WND
================================================================================
1 2 3 4 5 6A 6B 7 8 9 10 11 12 13 14 15 16 17 18
12Z AVG MX 2MIN
DY MAX MIN AVG DEP HDD CDD WTR SNW DPTH SPD SPD DIR MIN PSBL S-S WX SPD DR
================================================================================
1 73 47 60 -1 5 0 0.00 0.0 0 6.8 20 360 M M 0 1 24 350
2 65 40 53 -8 12 0 0.00 0.0 0 3.6 12 50 M M 0 16 50
3 73 38 56 -4 9 0 0.00 0.0 0 0.5 8 270 M M 0 1 11 270
4 75 40 58 -2 7 0 0.00 0.0 0 1.2 8 150 M M 0 1 13 150
5 75 46 61 1 4 0 0.00 0.0 0 1.2 9 170 M M 0 1 11 170
6 78 46 62 2 3 0 0.00 0.0 0 3.5 13 50 M M 3 1 16 30
7 73 56 65 6 0 0 0.07 0.0 0 2.5 7 50 M M 6 12 9 60
8 82 60 71 12 0 6 T 0.0 0 3.7 9 150 M M 6 12 15 120
9 80 61 71 12 0 6 0.00 0.0 0 3.6 10 90 M M 3 1 15 70
10 85 61 73 15 0 8 0.00 0.0 0 2.3 13 260 M M 7 12 15 190
11 79 53 66 8 0 1 0.00 0.0 0 6.5 14 360 M M 4 12 17 320
12 75 46 61 3 4 0 0.00 0.0 0 2.2 9 30 M M 0 12 10
13 77 50 64 7 1 0 0.00 0.0 0 3.3 15 50 M M 0 1 21 60
14 81 51 66 9 0 1 0.00 0.0 0 8.3 21 200 M M 5 27 200
15 72 45 59 2 6 0 0.14 0.0 0 8.0 35 350 M M 2 1 46 350
16 69 39 54 -2 11 0 0.00 0.0 0 1.7 9 20 M M 0 12 80
17 72 42 57 1 8 0 0.00 0.0 0 5.8 20 40 M M 0 1 23 40
18 72 39 56 0 9 0 0.00 0.0 0 2.9 9 80 M M 0 13 120
19 75 39 57 2 8 0 0.00 0.0 0 4.0 13 170 M M 0 17 160
20 79 49 64 9 1 0 0.00 0.0 0 1.5 9 180 M M 4 12 14 190
21 78 49 64 9 1 0 0.00 0.0 0 0.5 6 190 M M 1 128 8 190
22 78 49 64 10 1 0 0.00 0.0 0 7.5 22 10 M M 6 128 26 10
23 63 41 52 -2 13 0 0.00 0.0 0 7.5 15 50 M M 3 22 50
24 74 39 57 3 8 0 0.00 0.0 0 6.9 18 170 M M 3 30 180
25 71 46 59 6 6 0 0.19 0.0 0 9.1 23 280 M M 4 12 32 280
26 69 38 54 1 11 0 0.00 0.0 0 1.7 9 80 M M 2 12 16 80
27 64 51 58 5 7 0 0.45 0.0 0 4.4 14 10 M M 9 138 17 10
28 58 50 54 2 11 0 0.00 0.0 0 7.2 15 50 M M 3 19 50
29 52 45 49 -3 16 0 0.58 0.0 0 8.1 18 320 M M 10 1 26 320
30 51 37 44 -8 21 0 0.00 0.0 0 13.5 20 340 M M 2 30 310
================================================================================
SM 2168 1393 183 22 1.43 0.0 139.5 M 83
================================================================================
AV 72.3 46.4 4.7 FASTST M M 3 MAX(MPH)
MISC ----> 35 350 46 350
================================================================================
NOTES:
# LAST OF SEVERAL OCCURRENCES
COLUMN 17 PEAK WIND IN M.P.H.
PRELIMINARY LOCAL CLIMATOLOGICAL DATA (WS FORM: F-6) , PAGE 2
STATION: MONROE
MONTH: NOVEMBER
YEAR: 2020
LATITUDE: 32 30 N
LONGITUDE: 92 2 W
[TEMPERATURE DATA] [PRECIPITATION DATA] SYMBOLS USED IN COLUMN 16
AVERAGE MONTHLY: 59.4 TOTAL FOR MONTH: 1.43 1 = FOG OR MIST
DPTR FM NORMAL: 3.0 DPTR FM NORMAL: -3.41 2 = FOG REDUCING VISIBILITY
HIGHEST: 85 ON 10 GRTST 24HR 0.58 ON 29-29 TO 1/4 MILE OR LESS
LOWEST: 37 ON 30 3 = THUNDER
SNOW, ICE PELLETS, HAIL 4 = ICE PELLETS
TOTAL MONTH: 0.0 INCH 5 = HAIL
GRTST 24HR 0.0 6 = FREEZING RAIN OR DRIZZLE
GRTST DEPTH: 0 7 = DUSTSTORM OR SANDSTORM:
VSBY 1/2 MILE OR LESS
8 = SMOKE OR HAZE
[NO. OF DAYS WITH] [WEATHER - DAYS WITH] 9 = BLOWING SNOW
X = TORNADO
MAX 32 OR BELOW: 0 0.01 INCH OR MORE: 5
MAX 90 OR ABOVE: 0 0.10 INCH OR MORE: 4
MIN 32 OR BELOW: 0 0.50 INCH OR MORE: 1
MIN 0 OR BELOW: 0 1.00 INCH OR MORE: 0
[HDD (BASE 65) ]
TOTAL THIS MO. 183 CLEAR (SCALE 0-3) 19
DPTR FM NORMAL -99 PTCLDY (SCALE 4-7) 9
TOTAL FM JUL 1 259 CLOUDY (SCALE 8-10) 2
DPTR FM NORMAL -113
[CDD (BASE 65) ]
TOTAL THIS MO. 22
DPTR FM NORMAL -2 [PRESSURE DATA]
TOTAL FM JAN 1 2527 HIGHEST SLP M ON M
DPTR FM NORMAL 19 LOWEST SLP 29.82 ON 10
[REMARKS]
#FINAL-11-20#