000
CXUS55 KBOU 010900
CF6MNH
PRELIMINARY LOCAL CLIMATOLOGICAL DATA (WS FORM: F-6)
STATION: ELBERT 6W CO
MONTH: MAY
YEAR: 2023
LATITUDE: 39 13 N
LONGITUDE: 104 38 W
TEMPERATURE IN F: :PCPN: SNOW: WIND :SUNSHINE: SKY :PK WND
================================================================================
1 2 3 4 5 6A 6B 7 8 9 10 11 12 13 14 15 16 17 18
12Z AVG MX 2MIN
DY MAX MIN AVG DEP HDD CDD WTR SNW DPTH SPD SPD DIR MIN PSBL S-S WX SPD DR
================================================================================
1 64 34 49 M 16 0 M M M 8.3 15 190 M M 1 18 90
2 61 37 49 M 16 0 M M M 14.7 26 160 M M 2 35 150
3 70 39 55 M 10 0 M M M 7.3 16 190 M M 2 32 230
4 66 41 54 M 11 0 M M M 9.2 21 230 M M 6 35 230
5 68 36 52 M 13 0 M M M 10.3 35 180 M M 1 41 180
6 68 32 50 M 15 0 M M M 9.5 21 250 M M 1 31 260
7 64 36 50 M 15 0 M M M 7.6 20 250 M M 2 25 270
8 64 36 50 M 15 0 M M M 12.4 24 150 M M 3 3 37 150
9 73 36 55 M 10 0 M M M 8.2 17 140 M M 0 29 140
10 61 41 51 M 14 0 M M M 8.9 15 270 M M 9 13 30 300
11 41 34 38 M 27 0 M M M 13.2 23 330 M M 10 3 31 330
12 54 41 48 M 17 0 M M M 19.0 29 330 M M 10 3 36 340
13 52 37 45 M 20 0 M M M 7.8 13 320 M M 8 18 330
14 52 43 48 M 17 0 M M M 8.9 13 360 M M 10 12 17 350
15 55 43 49 M 16 0 M M M 5.7 13 210 M M 7 123 17 190
16 66 43 55 M 10 0 M M M 6.7 12 220 M M 3 3 M M
17 68 45 57 M 8 0 M M M 6.9 17 350 M M 5 24 350
18 59 43 51 M 14 0 M M M 5.2 16 20 M M 9 123 22 20
19 50 43 47 M 18 0 M M M 6.0 12 200 M M 10 1 20 200
20 63 43 53 M 12 0 M M M 11.0 21 180 M M 5 138 26 180
21 64 41 53 M 12 0 M M M 8.4 15 360 M M 1 20 360
22 64 43 54 M 11 0 M M M 5.4 10 150 M M 0 M M
23 68 46 57 M 8 0 M M M 7.6 16 160 M M 1 21 160
24 63 45 54 M 11 0 M M M 8.6 16 310 M M 3 13 22 310
25 68 45 57 M 8 0 M M M 11.0 20 150 M M 2 23 180
26 66 45 56 M 9 0 M M M 12.5 27 160 M M 3 33 160
27 70 45 58 M 7 0 M M M 13.1 24 160 M M 4 13 31 160
28 64 41 53 M 12 0 M M M 4.6 7 200 M M 0 M M
29 M M M M M M M M M M M M M M M M M
30 M M M M M M M M M M M M M M M M M
31 M M M M M M M M M M M M M M M M M
================================================================================
SM 1746 1134 372 0 M M 258.1 M 118
================================================================================
AV 62.4 40.5 9.2 FASTST M M 4 MAX(MPH)
MISC ----> 35 180 41 180
================================================================================
NOTES:
# LAST OF SEVERAL OCCURRENCES
COLUMN 17 PEAK WIND IN M.P.H.
PRELIMINARY LOCAL CLIMATOLOGICAL DATA (WS FORM: F-6) , PAGE 2
STATION: ELBERT 6W CO
MONTH: MAY
YEAR: 2023
LATITUDE: 39 13 N
LONGITUDE: 104 38 W
[TEMPERATURE DATA] [PRECIPITATION DATA] SYMBOLS USED IN COLUMN 16
AVERAGE MONTHLY: 51.4 TOTAL FOR MONTH: M 1 = FOG OR MIST
DPTR FM NORMAL: 0.0 DPTR FM NORMAL: M 2 = FOG REDUCING VISIBILITY
HIGHEST: 73 ON 9 GRTST 24HR M ON M TO 1/4 MILE OR LESS
LOWEST: 32 ON 6 3 = THUNDER
SNOW, ICE PELLETS, HAIL 4 = ICE PELLETS
TOTAL MONTH: M 5 = HAIL
GRTST 24HR M ON M 6 = FREEZING RAIN OR DRIZZLE
GRTST DEPTH: M ON M 7 = DUSTSTORM OR SANDSTORM:
VSBY 1/2 MILE OR LESS
8 = SMOKE OR HAZE
[NO. OF DAYS WITH] [WEATHER - DAYS WITH] 9 = BLOWING SNOW
X = TORNADO
MAX 32 OR BELOW: 0 0.01 INCH OR MORE: 0
MAX 90 OR ABOVE: 0 0.10 INCH OR MORE: 0
MIN 32 OR BELOW: 1 0.50 INCH OR MORE: 0
MIN 0 OR BELOW: 0 1.00 INCH OR MORE: 0
[HDD (BASE 65) ]
TOTAL THIS MO. 372 CLEAR (SCALE 0-3) 14
DPTR FM NORMAL M PTCLDY (SCALE 4-7) 7
TOTAL FM JUL 1 7167 CLOUDY (SCALE 8-10) 10
DPTR FM NORMAL M
[CDD (BASE 65) ]
TOTAL THIS MO. 0
DPTR FM NORMAL M [PRESSURE DATA]
TOTAL FM JAN 1 0 HIGHEST SLP M ON M
DPTR FM NORMAL M LOWEST SLP M ON M
[REMARKS]
#FINAL-05-23#