000
CXUS55 KBOU 011430
CF6MNH
PRELIMINARY LOCAL CLIMATOLOGICAL DATA (WS FORM: F-6)
STATION: ELBERT 6W CO
MONTH: DECEMBER
YEAR: 2022
LATITUDE: 39 13 N
LONGITUDE: 104 38 W
TEMPERATURE IN F: :PCPN: SNOW: WIND :SUNSHINE: SKY :PK WND
================================================================================
1 2 3 4 5 6A 6B 7 8 9 10 11 12 13 14 15 16 17 18
12Z AVG MX 2MIN
DY MAX MIN AVG DEP HDD CDD WTR SNW DPTH SPD SPD DIR MIN PSBL S-S WX SPD DR
================================================================================
1 54 34 44 M 21 0 0.00 M M 14.1 24 230 M M 0 35 150
2 50 16 33 M 32 0 0.00 M M 21.9 41 240 M M 0 55 240
3 50 14 32 M 33 0 0.00 M M 14.4 28 250 M M 0 35 250
4 46 30 38 M 27 0 0.00 M M 13.1 27 170 M M 0 32 170
5 50 28 39 M 26 0 0.00 M M 13.0 25 250 M M 0 38 230
6 48 19 34 M 31 0 0.00 M M 8.9 17 180 M M 2 24 290
7 46 21 34 M 31 0 0.00 M M 9.8 18 160 M M 0 23 140
8 43 19 31 M 34 0 0.00 M M 15.5 28 300 M M 0 36 280
9 46 19 33 M 32 0 0.00 M M 10.2 16 240 M M 0 25 250
10 39 16 28 M 37 0 0.00 M M 12.5 23 180 M M 0 30 170
11 57 28 43 M 22 0 0.00 M M 9.3 17 230 M M 0 25 250
12 46 21 34 M 31 0 0.00 M M 12.1 21 180 M M 2 8 27 160
13 21 7 14 M 51 0 M M M 10.3 18 320 M M 9 1 25 320
14 30 5 18 M 47 0 0.00 M M 8.4 14 10 M M 3 22 20
15 21 5 13 M 52 0 0.00 M M 4.4 8 90 M M 5 M M
16 25 -2 12 M 53 0 0.00 M M 10.1 20 320 M M 0 28 320
17 32 7 20 M 45 0 0.00 M M 9.7 17 190 M M 0 22 190
18 43 14 29 M 36 0 0.00 M M 6.8 13 220 M M 0 M M
19 41 7 24 M 41 0 0.00 M M 6.7 13 190 M M 0 18 300
20 41 18 30 M 35 0 0.00 M M 8.2 13 180 M M 1 M M
21 45 -13 16 M 49 0 0.00 M M 12.1 30 270 M M 3 33 260
22 -6 -18 -12 M 77 0 0.03 M M 5.8 13 150 M M 4 8 16 30
23 10 -9 1 M 64 0 0.00 M M 13.7 20 190 M M 0 25 190
24 M M M M M M 0.00 M M M M M M M M M M
25 M M M M M M 0.00 M M M M M M M M M M
26 M M M M M M 0.00 M M M M M M M M M M
27 M M M M M M 0.00 M M M M M M M M M M
28 M M M M M M M M M M M M M M M M M
29 M M M M M M M M M M M M M M M M M
30 M M M M M M 0.00 M M M M M M M M M M
31 46 32 39 M 26 0 0.00 M M 6.0 14 230 M M 1 22 230
================================================================================
SM 924 318 933 0 M M 256.9 M 30
================================================================================
AV 38.5 13.3 10.7 FASTST M M 1 MAX(MPH)
MISC ----> 41 240 55 240
================================================================================
NOTES:
# LAST OF SEVERAL OCCURRENCES
COLUMN 17 PEAK WIND IN M.P.H.
PRELIMINARY LOCAL CLIMATOLOGICAL DATA (WS FORM: F-6) , PAGE 2
STATION: ELBERT 6W CO
MONTH: DECEMBER
YEAR: 2022
LATITUDE: 39 13 N
LONGITUDE: 104 38 W
[TEMPERATURE DATA] [PRECIPITATION DATA] SYMBOLS USED IN COLUMN 16
AVERAGE MONTHLY: 25.9 TOTAL FOR MONTH: M 1 = FOG OR MIST
DPTR FM NORMAL: M DPTR FM NORMAL: M 2 = FOG REDUCING VISIBILITY
HIGHEST: 57 ON 11 GRTST 24HR M TO 1/4 MILE OR LESS
LOWEST: -18 ON 22 3 = THUNDER
SNOW, ICE PELLETS, HAIL 4 = ICE PELLETS
TOTAL MONTH: M 5 = HAIL
GRTST 24HR M ON M 6 = FREEZING RAIN OR DRIZZLE
GRTST DEPTH: M ON M 7 = DUSTSTORM OR SANDSTORM:
VSBY 1/2 MILE OR LESS
8 = SMOKE OR HAZE
[NO. OF DAYS WITH] [WEATHER - DAYS WITH] 9 = BLOWING SNOW
X = TORNADO
MAX 32 OR BELOW: 7 0.01 INCH OR MORE: 1
MAX 90 OR ABOVE: 0 0.10 INCH OR MORE: 0
MIN 32 OR BELOW: 23 0.50 INCH OR MORE: 0
MIN 0 OR BELOW: 4 1.00 INCH OR MORE: 0
[HDD (BASE 65) ]
TOTAL THIS MO. 933 CLEAR (SCALE 0-3) 21
DPTR FM NORMAL M PTCLDY (SCALE 4-7) 2
TOTAL FM JUL 1 2704 CLOUDY (SCALE 8-10) 8
DPTR FM NORMAL M
[CDD (BASE 65) ]
TOTAL THIS MO. 0
DPTR FM NORMAL M [PRESSURE DATA]
TOTAL FM JAN 1 250 HIGHEST SLP M ON M
DPTR FM NORMAL M LOWEST SLP M ON M
[REMARKS]
#FINAL-12-22#