000
CXUS55 KBOU 010900
CF6MNH
PRELIMINARY LOCAL CLIMATOLOGICAL DATA (WS FORM: F-6)
STATION: ELBERT 6W CO
MONTH: MARCH
YEAR: 2022
LATITUDE: 39 13 N
LONGITUDE: 104 38 W
TEMPERATURE IN F: :PCPN: SNOW: WIND :SUNSHINE: SKY :PK WND
================================================================================
1 2 3 4 5 6A 6B 7 8 9 10 11 12 13 14 15 16 17 18
12Z AVG MX 2MIN
DY MAX MIN AVG DEP HDD CDD WTR SNW DPTH SPD SPD DIR MIN PSBL S-S WX SPD DR
================================================================================
1 61 30 46 M 19 0 M M M 7.5 12 160 M M 0 16 160
2 63 34 49 M 16 0 M M M 8.3 14 190 M M 0 17 190
3 64 34 49 M 16 0 M M M 9.5 15 170 M M 0 25 140
4 57 34 46 M 19 0 M M M 9.5 35 180 M M 3 43 180
5 36 18 27 M 38 0 M M M 8.2 10 20 M M 9 12 M M
6 18 10 14 M 51 0 M M M 7.9 10 40 M M 10 1 M M
7 23 7 15 M 50 0 M M M 4.6 8 350 M M 8 M M
8 32 10 21 M 44 0 M M M 7.7 17 180 M M 1 24 180
9 21 0 11 M 54 0 M M M 8.8 16 320 M M 8 1 23 150
10 14 -9 3 M 62 0 M M M 3.2 17 180 M M 5 21 180
11 30 -2 14 M 51 0 M M M 6.8 13 210 M M 1 M M
12 50 18 34 M 31 0 M M M 10.3 15 340 M M 0 26 310
13 57 30 44 M 21 0 M M M 10.4 16 30 M M 2 24 250
14 45 25 35 M 30 0 M M M 10.9 21 340 M M 1 29 340
15 61 28 45 M 20 0 M M M 10.3 16 180 M M 0 22 180
16 46 30 38 M 27 0 M M M 6.4 9 320 M M 5 17 70
17 30 14 22 M 43 0 M M M 12.3 18 350 M M 9 27 350
18 41 10 26 M 39 0 M M M 5.2 10 240 M M 0 M M
19 45 19 32 M 33 0 M M M 9.9 18 170 M M 0 M M
20 54 30 42 M 23 0 M M M 9.2 18 150 M M 0 25 150
21 37 23 30 M 35 0 M M M 15.4 23 350 M M 8 12 29 10
22 32 19 26 M 39 0 M M M 19.4 28 350 M M 8 40 340
23 41 23 32 M 33 0 M M M 18.7 35 350 M M 1 53 350
24 55 27 41 M 24 0 M M M 10.0 21 310 M M 0 33 330
25 52 28 40 M 25 0 M M M 9.3 16 160 M M 2 20 170
26 68 37 53 M 12 0 M M M 8.8 16 290 M M 2 25 320
27 70 39 55 M 10 0 M M M 9.3 16 150 M M 0 23 170
28 68 37 53 M 12 0 M M M 9.7 14 150 M M 0 21 160
29 50 27 39 M 26 0 M M M 12.1 25 360 M M 9 32 360
30 34 19 27 M 38 0 M M M 9.0 18 20 M M 7 33 340
31 52 19 36 M 29 0 M M M 8.8 17 170 M M 1 25 M
================================================================================
SM 1407 668 970 0 M M 297.2 M 100
================================================================================
AV 45.4 21.5 9.6 FASTST M M 3 MAX(MPH)
MISC ----> 35 180 53 350
================================================================================
NOTES:
# LAST OF SEVERAL OCCURRENCES
COLUMN 17 PEAK WIND IN M.P.H.
PRELIMINARY LOCAL CLIMATOLOGICAL DATA (WS FORM: F-6) , PAGE 2
STATION: ELBERT 6W CO
MONTH: MARCH
YEAR: 2022
LATITUDE: 39 13 N
LONGITUDE: 104 38 W
[TEMPERATURE DATA] [PRECIPITATION DATA] SYMBOLS USED IN COLUMN 16
AVERAGE MONTHLY: 33.5 TOTAL FOR MONTH: M 1 = FOG OR MIST
DPTR FM NORMAL: 0.0 DPTR FM NORMAL: M 2 = FOG REDUCING VISIBILITY
HIGHEST: 70 ON 27 GRTST 24HR M ON M TO 1/4 MILE OR LESS
LOWEST: -9 ON 10 3 = THUNDER
SNOW, ICE PELLETS, HAIL 4 = ICE PELLETS
TOTAL MONTH: M 5 = HAIL
GRTST 24HR M ON M 6 = FREEZING RAIN OR DRIZZLE
GRTST DEPTH: M ON M 7 = DUSTSTORM OR SANDSTORM:
VSBY 1/2 MILE OR LESS
8 = SMOKE OR HAZE
[NO. OF DAYS WITH] [WEATHER - DAYS WITH] 9 = BLOWING SNOW
X = TORNADO
MAX 32 OR BELOW: 8 0.01 INCH OR MORE: 0
MAX 90 OR ABOVE: 0 0.10 INCH OR MORE: 0
MIN 32 OR BELOW: 25 0.50 INCH OR MORE: 0
MIN 0 OR BELOW: 3 1.00 INCH OR MORE: 0
[HDD (BASE 65) ]
TOTAL THIS MO. 970 CLEAR (SCALE 0-3) 20
DPTR FM NORMAL M PTCLDY (SCALE 4-7) 5
TOTAL FM JUL 1 5595 CLOUDY (SCALE 8-10) 6
DPTR FM NORMAL M
[CDD (BASE 65) ]
TOTAL THIS MO. 0
DPTR FM NORMAL M [PRESSURE DATA]
TOTAL FM JAN 1 0 HIGHEST SLP M ON M
DPTR FM NORMAL M LOWEST SLP M ON M
[REMARKS]
#FINAL-03-22#