000
CXUS55 KBOU 011000
CF6MNH
PRELIMINARY LOCAL CLIMATOLOGICAL DATA (WS FORM: F-6)
STATION: ELBERT 6W CO
MONTH: DECEMBER
YEAR: 2021
LATITUDE: 39 13 N
LONGITUDE: 104 38 W
TEMPERATURE IN F: :PCPN: SNOW: WIND :SUNSHINE: SKY :PK WND
================================================================================
1 2 3 4 5 6A 6B 7 8 9 10 11 12 13 14 15 16 17 18
12Z AVG MX 2MIN
DY MAX MIN AVG DEP HDD CDD WTR SNW DPTH SPD SPD DIR MIN PSBL S-S WX SPD DR
================================================================================
1 64 32 48 M 17 0 M M M 7.2 13 210 M M 0 8 M M
2 68 32 50 M 15 0 M M M 7.8 13 170 M M 0 8 16 170
3 55 28 42 M 23 0 M M M 7.8 16 180 M M 0 20 170
4 63 32 48 M 17 0 M M M 9.3 20 180 M M 0 23 180
5 57 14 36 M 29 0 M M M 11.7 23 40 M M 3 29 290
6 36 12 24 M 41 0 M M M 12.7 24 190 M M 2 32 180
7 45 28 37 M 28 0 M M M 7.1 10 220 M M 0 M M
8 50 28 39 M 26 0 M M M 11.7 16 220 M M 0 24 220
9 50 27 39 M 26 0 M M M 9.5 18 190 M M 0 26 190
10 32 9 21 M 44 0 M M M 11.5 25 310 M M 3 35 320
11 45 3 24 M 41 0 M M M 8.6 12 240 M M 0 18 240
12 59 32 46 M 19 0 M M M 9.7 16 220 M M 0 26 220
13 57 32 45 M 20 0 M M M 10.2 16 230 M M 0 24 230
14 61 34 48 M 17 0 M M M 11.7 21 210 M M 0 29 220
15 46 28 37 M 28 0 M M M 19.2 38 280 M M 1 51 280
16 46 19 33 M 32 0 M M M 14.0 27 230 M M 0 36 230
17 37 10 24 M 41 0 M M M 5.5 15 10 M M 0 22 240
18 39 5 22 M 43 0 M M M 6.8 12 200 M M 0 M M
19 54 23 39 M 26 0 M M M 7.6 13 250 M M 0 16 250
20 52 21 37 M 28 0 M M M 9.0 16 190 M M 0 23 190
21 54 25 40 M 25 0 M M M 7.7 15 330 M M 0 22 340
22 59 28 44 M 21 0 M M M 8.6 14 220 M M 0 22 190
23 55 36 46 M 19 0 M M M 15.9 30 240 M M 0 39 240
24 54 25 40 M 25 0 M M M 15.3 28 240 M M 1 36 220
25 45 23 34 M 31 0 M M M 12.5 21 220 M M 0 32 250
26 45 27 36 M 29 0 M M M 15.6 28 230 M M 0 37 230
27 32 18 25 M 40 0 M M M 13.1 23 180 M M 0 31 160
28 32 12 22 M 43 0 M M M 11.7 20 220 M M 0 29 230
29 32 10 21 M 44 0 M M M 10.8 21 170 M M 0 27 170
30 41 25 33 M 32 0 M M M 19.8 38 260 M M 0 53 230
31 34 10 22 M 43 0 M M M 12.8 22 250 M M 3 29 230
================================================================================
SM 1499 688 913 0 M M 342.4 M 13
================================================================================
AV 48.4 22.2 11.0 FASTST M M 0 MAX(MPH)
MISC ----> # 38 260 53 230
================================================================================
NOTES:
# LAST OF SEVERAL OCCURRENCES
COLUMN 17 PEAK WIND IN M.P.H.
PRELIMINARY LOCAL CLIMATOLOGICAL DATA (WS FORM: F-6) , PAGE 2
STATION: ELBERT 6W CO
MONTH: DECEMBER
YEAR: 2021
LATITUDE: 39 13 N
LONGITUDE: 104 38 W
[TEMPERATURE DATA] [PRECIPITATION DATA] SYMBOLS USED IN COLUMN 16
AVERAGE MONTHLY: 35.3 TOTAL FOR MONTH: M 1 = FOG OR MIST
DPTR FM NORMAL: 0.0 DPTR FM NORMAL: M 2 = FOG REDUCING VISIBILITY
HIGHEST: 68 ON 2 GRTST 24HR M ON M TO 1/4 MILE OR LESS
LOWEST: 3 ON 11 3 = THUNDER
SNOW, ICE PELLETS, HAIL 4 = ICE PELLETS
TOTAL MONTH: M 5 = HAIL
GRTST 24HR M ON M 6 = FREEZING RAIN OR DRIZZLE
GRTST DEPTH: M ON M 7 = DUSTSTORM OR SANDSTORM:
VSBY 1/2 MILE OR LESS
8 = SMOKE OR HAZE
[NO. OF DAYS WITH] [WEATHER - DAYS WITH] 9 = BLOWING SNOW
X = TORNADO
MAX 32 OR BELOW: 4 0.01 INCH OR MORE: 0
MAX 90 OR ABOVE: 0 0.10 INCH OR MORE: 0
MIN 32 OR BELOW: 29 0.50 INCH OR MORE: 0
MIN 0 OR BELOW: 0 1.00 INCH OR MORE: 0
[HDD (BASE 65) ]
TOTAL THIS MO. 913 CLEAR (SCALE 0-3) 30
DPTR FM NORMAL M PTCLDY (SCALE 4-7) 1
TOTAL FM JUL 1 2357 CLOUDY (SCALE 8-10) 0
DPTR FM NORMAL M
[CDD (BASE 65) ]
TOTAL THIS MO. 0
DPTR FM NORMAL M [PRESSURE DATA]
TOTAL FM JAN 1 273 HIGHEST SLP M ON M
DPTR FM NORMAL M LOWEST SLP M ON M
[REMARKS]
#FINAL-12-21#