000
CXUS55 KBOU 010900
CF6MNH
PRELIMINARY LOCAL CLIMATOLOGICAL DATA (WS FORM: F-6)
STATION: ELBERT 6W CO
MONTH: OCTOBER
YEAR: 2021
LATITUDE: 39 13 N
LONGITUDE: 104 38 W
TEMPERATURE IN F: :PCPN: SNOW: WIND :SUNSHINE: SKY :PK WND
================================================================================
1 2 3 4 5 6A 6B 7 8 9 10 11 12 13 14 15 16 17 18
12Z AVG MX 2MIN
DY MAX MIN AVG DEP HDD CDD WTR SNW DPTH SPD SPD DIR MIN PSBL S-S WX SPD DR
================================================================================
1 59 37 48 M 17 0 M M M 7.2 13 190 M M 7 M M
2 63 41 52 M 13 0 M M M 6.0 12 330 M M 6 16 340
3 68 37 53 M 12 0 M M M 6.2 10 190 M M 0 M M
4 72 37 55 M 10 0 M M M 6.6 13 170 M M 0 17 90
5 72 43 58 M 7 0 M M M 14.8 23 170 M M 0 28 160
6 72 43 58 M 7 0 M M M 9.8 20 170 M M 1 25 180
7 70 36 53 M 12 0 M M M 5.8 14 140 M M 0 18 140
8 72 45 59 M 6 0 M M M 9.0 20 170 M M 1 26 160
9 68 39 54 M 11 0 M M M 13.1 31 250 M M 0 39 250
10 55 30 43 M 22 0 M M M 3.8 12 20 M M 2 16 20
11 59 30 45 M 20 0 M M M 12.4 25 160 M M 0 33 160
12 55 30 43 M 22 0 M M M 10.4 21 250 M M 4 30 190
13 55 27 41 M 24 0 M M M 9.0 20 240 M M 1 25 240
14 45 28 37 M 28 0 M M M 8.6 18 160 M M 5 1 24 160
15 45 23 34 M 31 0 M M M 5.8 10 190 M M 1 18 340
16 61 30 46 M 19 0 M M M 8.3 13 150 M M 0 16 170
17 70 34 52 M 13 0 M M M 10.9 16 170 M M 0 25 170
18 68 43 56 M 9 0 M M M 8.9 18 230 M M 1 25 230
19 57 23 40 M 25 0 M M M 9.3 16 30 M M 2 22 270
20 55 21 38 M 27 0 M M M 6.5 12 180 M M 0 17 110
21 61 32 47 M 18 0 M M M 6.5 14 190 M M 1 M M
22 66 34 50 M 15 0 M M M 7.4 15 180 M M 0 8 M M
23 63 39 51 M 14 0 M M M 10.3 15 230 M M 2 21 230
24 59 32 46 M 19 0 M M M 7.1 18 170 M M 0 24 170
25 73 37 55 M 10 0 M M M 15.5 23 160 M M 0 32 160
26 64 32 48 M 17 0 M M M 13.7 27 350 M M 5 36 170
27 45 25 35 M 30 0 M M M 12.7 25 310 M M 0 33 320
28 46 28 37 M 28 0 M M M 8.5 13 350 M M 0 17 350
29 63 32 48 M 17 0 M M M 8.6 14 170 M M 0 16 190
30 64 30 47 M 18 0 M M M 7.2 15 80 M M 0 22 0
31 34 30 32 M 33 0 M M M 10.6 23 180 M M 8 1 29 180
================================================================================
SM 1879 1028 554 0 M M 280.4 M 47
================================================================================
AV 60.6 33.2 9.0 FASTST M M 2 MAX(MPH)
MISC ----> 31 250 39 250
================================================================================
NOTES:
# LAST OF SEVERAL OCCURRENCES
COLUMN 17 PEAK WIND IN M.P.H.
PRELIMINARY LOCAL CLIMATOLOGICAL DATA (WS FORM: F-6) , PAGE 2
STATION: ELBERT 6W CO
MONTH: OCTOBER
YEAR: 2021
LATITUDE: 39 13 N
LONGITUDE: 104 38 W
[TEMPERATURE DATA] [PRECIPITATION DATA] SYMBOLS USED IN COLUMN 16
AVERAGE MONTHLY: 46.9 TOTAL FOR MONTH: M 1 = FOG OR MIST
DPTR FM NORMAL: 0.0 DPTR FM NORMAL: M 2 = FOG REDUCING VISIBILITY
HIGHEST: 73 ON 25 GRTST 24HR M ON M TO 1/4 MILE OR LESS
LOWEST: 21 ON 20 3 = THUNDER
SNOW, ICE PELLETS, HAIL 4 = ICE PELLETS
TOTAL MONTH: M 5 = HAIL
GRTST 24HR M ON M 6 = FREEZING RAIN OR DRIZZLE
GRTST DEPTH: M ON M 7 = DUSTSTORM OR SANDSTORM:
VSBY 1/2 MILE OR LESS
8 = SMOKE OR HAZE
[NO. OF DAYS WITH] [WEATHER - DAYS WITH] 9 = BLOWING SNOW
X = TORNADO
MAX 32 OR BELOW: 0 0.01 INCH OR MORE: 0
MAX 90 OR ABOVE: 0 0.10 INCH OR MORE: 0
MIN 32 OR BELOW: 17 0.50 INCH OR MORE: 0
MIN 0 OR BELOW: 0 1.00 INCH OR MORE: 0
[HDD (BASE 65) ]
TOTAL THIS MO. 554 CLEAR (SCALE 0-3) 25
DPTR FM NORMAL M PTCLDY (SCALE 4-7) 6
TOTAL FM JUL 1 736 CLOUDY (SCALE 8-10) 0
DPTR FM NORMAL M
[CDD (BASE 65) ]
TOTAL THIS MO. 0
DPTR FM NORMAL M [PRESSURE DATA]
TOTAL FM JAN 1 273 HIGHEST SLP M ON M
DPTR FM NORMAL M LOWEST SLP M ON M
[REMARKS]
#FINAL-10-21#