443
CXUS55 KBOU 011000
CF6MNH
PRELIMINARY LOCAL CLIMATOLOGICAL DATA (WS FORM: F-6)
STATION: ELBERT 6W CO
MONTH: FEBRUARY
YEAR: 2021
LATITUDE: 39 13 N
LONGITUDE: 104 38 W
TEMPERATURE IN F: :PCPN: SNOW: WIND :SUNSHINE: SKY :PK WND
================================================================================
1 2 3 4 5 6A 6B 7 8 9 10 11 12 13 14 15 16 17 18
12Z AVG MX 2MIN
DY MAX MIN AVG DEP HDD CDD WTR SNW DPTH SPD SPD DIR MIN PSBL S-S WX SPD DR
================================================================================
1 52 25 39 M 26 0 0.00 M M 5.4 12 190 M M 0 M M
2 55 30 43 M 22 0 0.00 M M 8.2 15 190 M M 0 16 190
3 59 23 41 M 24 0 0.04 M M 13.5 28 230 M M 3 38 240
4 30 7 19 M 46 0 0.00 M M 6.5 18 350 M M 1 1 29 360
5 32 12 22 M 43 0 0.00 M M 6.7 15 180 M M 2 M M
6 34 14 24 M 41 0 0.00 M M 5.2 10 240 M M 3 M M
7 43 12 28 M 37 0 0.00 M M 10.7 29 280 M M 1 12 37 280
8 45 19 32 M 33 0 0.00 M M 9.3 28 280 M M 0 37 280
9 48 23 36 M 29 0 0.00 M M 6.3 14 210 M M 0 23 220
10 41 14 28 M 37 0 0.00 M M 5.2 12 300 M M 3 12 M M
11 46 5 26 M 39 0 0.00 M M 9.3 16 220 M M 2 20 220
12 16 0 8 M 57 0 0.00 M M 8.4 14 180 M M 4 20 200
13 9 -6 2 M 63 0 0.02 M M 5.6 12 330 M M 10 1 10 330
14 -2 -17 -9 M 74 0 0.01 M M 3.6 8 220 M M 6 8 M M
15 27 -17 5 M 60 0 0.00 M M 6.9 17 190 M M 1 17 180
16 34 10 22 M 43 0 0.00 M M 7.7 13 320 M M 0 20 320
17 28 9 19 M 46 0 0.00 M M 7.8 10 80 M M 6 1 M M
18 27 9 18 M 47 0 0.00 M M 5.0 10 210 M M 4 M M
19 41 10 26 M 39 0 0.00 M M 10.6 23 280 M M 0 30 280
20 46 23 35 M 30 0 0.00 M M 13.2 20 190 M M 3 28 170
21 34 12 23 M 42 0 0.00 M M 7.7 14 340 M M 2 1 18 280
22 52 23 38 M 27 0 0.00 M M 8.5 14 290 M M 0 21 300
23 55 21 38 M 27 0 0.00 M M 9.4 18 210 M M 0 25 210
24 32 19 26 M 39 0 0.00 M M 12.6 23 140 M M 5 30 170
25 27 12 20 M 45 0 0.02 M M 11.8 20 190 M M 5 27 170
26 41 14 28 M 37 0 0.00 M M 9.6 23 260 M M 0 31 260
27 32 14 23 M 42 0 0.00 M M 9.6 16 330 M M 2 23 330
28 30 12 21 M 44 0 0.00 M M 5.6 9 120 M M 2 M M
================================================================================
SM 1014 332 1139 0 0.09 M 229.8 M 65
================================================================================
AV 36.2 11.9 8.2 FASTST M M 2 MAX(MPH)
MISC ----> 29 280 38 240
================================================================================
NOTES:
# LAST OF SEVERAL OCCURRENCES
COLUMN 17 PEAK WIND IN M.P.H.
PRELIMINARY LOCAL CLIMATOLOGICAL DATA (WS FORM: F-6) , PAGE 2
STATION: ELBERT 6W CO
MONTH: FEBRUARY
YEAR: 2021
LATITUDE: 39 13 N
LONGITUDE: 104 38 W
[TEMPERATURE DATA] [PRECIPITATION DATA] SYMBOLS USED IN COLUMN 16
AVERAGE MONTHLY: 24.0 TOTAL FOR MONTH: 0.09 1 = FOG OR MIST
DPTR FM NORMAL: 0.0 DPTR FM NORMAL: 0.09 2 = FOG REDUCING VISIBILITY
HIGHEST: 59 ON 3 GRTST 24HR 0.04 ON 3- 3 TO 1/4 MILE OR LESS
LOWEST: -17 ON 15,14 3 = THUNDER
SNOW, ICE PELLETS, HAIL 4 = ICE PELLETS
TOTAL MONTH: M 5 = HAIL
GRTST 24HR M ON M 6 = FREEZING RAIN OR DRIZZLE
GRTST DEPTH: M ON M 7 = DUSTSTORM OR SANDSTORM:
VSBY 1/2 MILE OR LESS
8 = SMOKE OR HAZE
[NO. OF DAYS WITH] [WEATHER - DAYS WITH] 9 = BLOWING SNOW
X = TORNADO
MAX 32 OR BELOW: 12 0.01 INCH OR MORE: 4
MAX 90 OR ABOVE: 0 0.10 INCH OR MORE: 0
MIN 32 OR BELOW: 28 0.50 INCH OR MORE: 0
MIN 0 OR BELOW: 4 1.00 INCH OR MORE: 0
[HDD (BASE 65) ]
TOTAL THIS MO. 1139 CLEAR (SCALE 0-3) 21
DPTR FM NORMAL M PTCLDY (SCALE 4-7) 6
TOTAL FM JUL 1 5083 CLOUDY (SCALE 8-10) 1
DPTR FM NORMAL M
[CDD (BASE 65) ]
TOTAL THIS MO. 0
DPTR FM NORMAL M [PRESSURE DATA]
TOTAL FM JAN 1 0 HIGHEST SLP M ON M
DPTR FM NORMAL M LOWEST SLP M ON M
[REMARKS]
#FINAL-02-21#