000
CXUS55 KBOU 011353
CF6MNH
PRELIMINARY LOCAL CLIMATOLOGICAL DATA (WS FORM: F-6)
STATION: ELBERT 6W CO
MONTH: JULY
YEAR: 2020
LATITUDE: 39 13 N
LONGITUDE: 104 38 W
TEMPERATURE IN F: :PCPN: SNOW: WIND :SUNSHINE: SKY :PK WND
================================================================================
1 2 3 4 5 6A 6B 7 8 9 10 11 12 13 14 15 16 17 18
12Z AVG MX 2MIN
DY MAX MIN AVG DEP HDD CDD WTR SNW DPTH SPD SPD DIR MIN PSBL S-S WX SPD DR
================================================================================
1 75 43 59 M 6 0 M M M 17.4 27 160 M M 0 35 170
2 86 54 70 M 0 5 M M M 13.7 25 170 M M 0 29 170
3 82 52 67 M 0 2 M M M 10.9 20 290 M M 4 29 360
4 82 54 68 M 0 3 M M M 10.8 24 180 M M 4 3 31 180
5 79 52 66 M 0 1 M M M 8.5 18 190 M M 1 3 29 190
6 82 52 67 M 0 2 M M M 10.1 22 210 M M 1 28 210
7 82 57 70 M 0 5 M M M 13.7 28 170 M M 1 35 170
8 88 55 72 M 0 7 M M M 7.0 14 40 M M 0 20 280
9 88 52 70 M 0 5 M M M 9.7 23 120 M M 0 30 110
10 88 57 73 M 0 8 M M M 8.9 14 190 M M 1 18 140
11 86 54 70 M 0 5 M M M 9.4 15 150 M M 0 18 90
12 81 61 71 M 0 6 M M M 13.8 25 220 M M 1 32 220
13 90 55 73 M 0 8 M M M 10.7 20 210 M M 1 25 210
14 73 55 64 M 1 0 M M M 8.5 15 190 M M 3 13 20 190
15 73 52 63 M 2 0 M M M 12.3 25 170 M M 2 3 38 150
16 82 54 68 M 0 3 M M M 9.4 20 170 M M 4 3 33 330
17 86 55 71 M 0 6 M M M 8.0 12 240 M M 3 20 310
18 86 61 74 M 0 9 M M M 8.8 13 340 M M 1 24 340
19 81 55 68 M 0 3 M M M 8.9 28 310 M M 2 3 39 310
20 82 55 69 M 0 4 M M M 8.7 15 190 M M 2 3 47 360
21 77 50 64 M 1 0 M M M 11.7 27 140 M M 1 3 30 140
22 82 50 66 M 0 1 M M M 8.5 17 160 M M 1 21 160
23 82 59 71 M 0 6 M M M 4.9 7 290 M M 1 M M
24 82 54 68 M 0 3 M M M 5.8 14 240 M M 5 20 240
25 75 54 65 M 0 0 M M M 7.8 17 300 M M 5 3 23 300
26 75 54 65 M 0 0 M M M 7.9 14 20 M M 5 22 340
27 77 52 65 M 0 0 M M M 6.9 17 190 M M 1 22 190
28 77 52 65 M 0 0 M M M 9.4 22 270 M M 2 3 36 270
29 82 52 67 M 0 2 M M M 10.0 29 320 M M 2 38 320
30 72 48 60 M 5 0 M M M 10.5 20 350 M M 1 25 350
31 79 63 71 M 0 6 0.00 0.0 M 9.0 13 320 M M 2 3 22 350
================================================================================
SM 2512 1673 15 100 M M 301.6 M 57
================================================================================
AV 81.0 54.0 9.7 FASTST M M 2 MAX(MPH)
MISC ----> # 29 320 # 47 360
================================================================================
NOTES:
# LAST OF SEVERAL OCCURRENCES
COLUMN 17 PEAK WIND IN M.P.H.
PRELIMINARY LOCAL CLIMATOLOGICAL DATA (WS FORM: F-6) , PAGE 2
STATION: ELBERT 6W CO
MONTH: JULY
YEAR: 2020
LATITUDE: 39 13 N
LONGITUDE: 104 38 W
[TEMPERATURE DATA] [PRECIPITATION DATA] SYMBOLS USED IN COLUMN 16
AVERAGE MONTHLY: 67.5 TOTAL FOR MONTH: M 1 = FOG OR MIST
DPTR FM NORMAL: M DPTR FM NORMAL: M 2 = FOG REDUCING VISIBILITY
HIGHEST: 90 ON 13 GRTST 24HR M ON M TO 1/4 MILE OR LESS
LOWEST: 43 ON 1 3 = THUNDER
SNOW, ICE PELLETS, HAIL 4 = ICE PELLETS
TOTAL MONTH: 0.0 INCH 5 = HAIL
GRTST 24HR 0.0 6 = FREEZING RAIN OR DRIZZLE
GRTST DEPTH: M ON M 7 = DUSTSTORM OR SANDSTORM:
VSBY 1/2 MILE OR LESS
8 = SMOKE OR HAZE
[NO. OF DAYS WITH] [WEATHER - DAYS WITH] 9 = BLOWING SNOW
X = TORNADO
MAX 32 OR BELOW: 0 0.01 INCH OR MORE: 0
MAX 90 OR ABOVE: 1 0.10 INCH OR MORE: 0
MIN 32 OR BELOW: 0 0.50 INCH OR MORE: 0
MIN 0 OR BELOW: 0 1.00 INCH OR MORE: 0
[HDD (BASE 65) ]
TOTAL THIS MO. 15 CLEAR (SCALE 0-3) 25
DPTR FM NORMAL M PTCLDY (SCALE 4-7) 6
TOTAL FM JUL 1 15 CLOUDY (SCALE 8-10) 0
DPTR FM NORMAL M
[CDD (BASE 65) ]
TOTAL THIS MO. 100
DPTR FM NORMAL M [PRESSURE DATA]
TOTAL FM JAN 1 126 HIGHEST SLP M ON M
DPTR FM NORMAL M LOWEST SLP M ON M
[REMARKS]
#FINAL-07-20#