000
CXUS55 KBOU 010823
CF6MNH
PRELIMINARY LOCAL CLIMATOLOGICAL DATA (WS FORM: F-6)
STATION: ELBERT 6W CO
MONTH: MARCH
YEAR: 2020
LATITUDE: 39 13 N
LONGITUDE: 104 38 W
TEMPERATURE IN F: :PCPN: SNOW: WIND :SUNSHINE: SKY :PK WND
================================================================================
1 2 3 4 5 6A 6B 7 8 9 10 11 12 13 14 15 16 17 18
12Z AVG MX 2MIN
DY MAX MIN AVG DEP HDD CDD WTR SNW DPTH SPD SPD DIR MIN PSBL S-S WX SPD DR
================================================================================
1 43 21 32 M 33 0 M M M 8.4 15 240 M M 5 17 360
2 43 18 31 M 34 0 M M M 10.1 23 190 M M 3 1 29 190
3 46 21 34 M 31 0 M M M 8.7 14 180 M M 0 M M
4 52 25 39 M 26 0 M M M 8.1 14 210 M M 0 25 330
5 43 19 31 M 34 0 M M M 8.2 14 170 M M 0 M M
6 57 28 43 M 22 0 M M M 7.9 15 220 M M 0 M M
7 57 36 47 M 18 0 M M M 9.2 13 250 M M 0 16 220
8 59 32 46 M 19 0 M M M 10.1 21 250 M M 4 1 30 210
9 52 32 42 M 23 0 M M M 6.9 15 170 M M 5 12 22 170
10 55 32 44 M 21 0 M M M 9.6 30 240 M M 2 35 240
11 61 32 47 M 18 0 M M M 13.2 25 250 M M 0 31 240
12 45 28 37 M 28 0 M M M 8.5 13 250 M M 3 17 60
13 28 23 26 M 39 0 M M M 21.2 29 170 M M 10 12 38 160
14 50 19 35 M 30 0 M M M 10.3 22 180 M M 3 1 28 180
15 52 23 38 M 27 0 M M M 11.7 25 180 M M 1 32 180
16 55 30 43 M 22 0 M M M 9.3 23 160 M M 2 2 28 160
17 48 30 39 M 26 0 M M M 17.5 29 180 M M 4 12 37 180
18 59 32 46 M 19 0 M M M 10.5 21 160 M M 2 2 31 160
19 36 19 28 M 37 0 M M M 14.9 28 320 M M 10 12 38 330
20 27 16 22 M 43 0 M M M 14.4 25 180 M M 7 18 32 180
21 43 21 32 M 33 0 M M M 7.2 14 150 M M 2 1 M M
22 43 27 35 M 30 0 M M M 6.9 16 310 M M 0 18 350
23 50 27 39 M 26 0 M M M 11.3 22 170 M M 1 30 160
24 57 27 42 M 23 0 M M M 9.7 18 240 M M 0 27 240
25 59 34 47 M 18 0 M M M 14.9 24 260 M M 0 39 260
26 61 32 47 M 18 0 M M M 11.8 24 230 M M 1 18 31 230
27 36 27 32 M 33 0 M M M 7.0 15 350 M M 8 12 23 350
28 39 18 29 M 36 0 M M M 10.6 18 350 M M 1 1 25 350
29 46 23 35 M 30 0 M M M 6.2 10 150 M M 0 M M
30 46 30 38 M 27 0 M M M 8.3 20 180 M M 1 24 330
31 59 28 44 M 21 0 0.00 0.0 0 8.0 15 190 M M 0 22 240
================================================================================
SM 1507 810 845 0 0.00 0.0 320.6 M 75
================================================================================
AV 48.6 26.1 10.3 FASTST M M 2 MAX(MPH)
MISC ----> # 30 240 # 39 260
================================================================================
NOTES:
# LAST OF SEVERAL OCCURRENCES
COLUMN 17 PEAK WIND IN M.P.H.
PRELIMINARY LOCAL CLIMATOLOGICAL DATA (WS FORM: F-6) , PAGE 2
STATION: ELBERT 6W CO
MONTH: MARCH
YEAR: 2020
LATITUDE: 39 13 N
LONGITUDE: 104 38 W
[TEMPERATURE DATA] [PRECIPITATION DATA] SYMBOLS USED IN COLUMN 16
AVERAGE MONTHLY: 37.4 TOTAL FOR MONTH: 0.00 1 = FOG OR MIST
DPTR FM NORMAL: M DPTR FM NORMAL: M 2 = FOG REDUCING VISIBILITY
HIGHEST: 61 ON 26,11 GRTST 24HR 0.00 ON 31-31 TO 1/4 MILE OR LESS
LOWEST: 16 ON 20 3 = THUNDER
SNOW, ICE PELLETS, HAIL 4 = ICE PELLETS
TOTAL MONTH: 0.0 INCH 5 = HAIL
GRTST 24HR 0.0 6 = FREEZING RAIN OR DRIZZLE
GRTST DEPTH: 0 7 = DUSTSTORM OR SANDSTORM:
VSBY 1/2 MILE OR LESS
8 = SMOKE OR HAZE
[NO. OF DAYS WITH] [WEATHER - DAYS WITH] 9 = BLOWING SNOW
X = TORNADO
MAX 32 OR BELOW: 2 0.01 INCH OR MORE: 0
MAX 90 OR ABOVE: 0 0.10 INCH OR MORE: 0
MIN 32 OR BELOW: 29 0.50 INCH OR MORE: 0
MIN 0 OR BELOW: 0 1.00 INCH OR MORE: 0
[HDD (BASE 65) ]
TOTAL THIS MO. 845 CLEAR (SCALE 0-3) 22
DPTR FM NORMAL M PTCLDY (SCALE 4-7) 6
TOTAL FM JUL 1 6054 CLOUDY (SCALE 8-10) 3
DPTR FM NORMAL M
[CDD (BASE 65) ]
TOTAL THIS MO. 0
DPTR FM NORMAL M [PRESSURE DATA]
TOTAL FM JAN 1 0 HIGHEST SLP M ON M
DPTR FM NORMAL M LOWEST SLP M ON M
[REMARKS]
#FINAL-03-20#