000
CXUS54 KMOB 010800
CLMMOB
CLIMATE REPORT
NATIONAL WEATHER SERVICE MOBILE AL
200 AM CST THU FEB 01 2024
...................................
...THE MOBILE CLIMATE SUMMARY FOR THE MONTH OF JANUARY 2024...
CLIMATE NORMAL PERIOD: 1991 TO 2020
CLIMATE RECORD PERIOD: 1842 TO 2024
WEATHER OBSERVED NORMAL DEPART LAST YEAR`S
VALUE DATE(S) VALUE FROM VALUE DATE(S)
NORMAL
................................................................
TEMPERATURE (F)
RECORD
HIGH 84 01/11/1949
LOW 3 01/21/1985
HIGHEST 77 01/12 82 01/02
01/25
LOWEST 19 01/17 30 01/15
AVG. MAXIMUM 62.6 61.5 1.1 69.4
AVG. MINIMUM 39.1 40.7 -1.6 46.8
MEAN 50.9 51.1 -0.2 58.1
DAYS MAX >= 90 0 0.0 0.0 0
DAYS MAX <= 32 0 0.0 0.0 0
DAYS MIN <= 32 7 8.0 -1.0 3
DAYS MIN <= 0 0 0.0 0.0 0
PRECIPITATION (INCHES)
RECORD
MAXIMUM 16.92 1998
MINIMUM 0.55 2003
TOTALS 8.03 5.66 2.37 4.05
DAILY AVG. 0.26 0.18 0.08 0.13
DAYS >= .01 14 9.9 4.1 11
DAYS >= .10 10 6.8 3.2 7
DAYS >= .50 7 3.2 3.8 3
DAYS >= 1.00 3 1.7 1.3 1
SNOWFALL (INCHES)
RECORDS
TOTAL 5.0 1881
TOTALS T
SINCE 7/1 T
SNOWDEPTH AVG. 0
DAYS >= 1.0 0
GREATEST
SNOW DEPTH 0
24 HR TOTAL T 01/16 TO 01/16
DEGREE DAYS
HEATING TOTAL 435 439 -4 246
SINCE 7/1 956 1079 -123 774
COOLING TOTAL 6 8 -2 40
SINCE 1/1 6 8 -2 40
................................................................
WIND (MPH)
AVERAGE WIND SPEED 8.6
HIGHEST WIND SPEED/DIRECTION 45/180 DATE 01/09
HIGHEST GUST SPEED/DIRECTION 68/150 DATE 01/09
SKY COVER
POSSIBLE SUNSHINE (PERCENT)
AVERAGE SKY COVER 0.50
NUMBER OF DAYS FAIR 8
NUMBER OF DAYS PC 17
NUMBER OF DAYS CLOUDY 6
AVERAGE RH (PERCENT) 69
WEATHER CONDITIONS. NUMBER OF DAYS WITH
THUNDERSTORM 5 MIXED PRECIP 0
HEAVY RAIN 6 RAIN 8
LIGHT RAIN 14 FREEZING RAIN 0
LT FREEZING RAIN 1 HAIL 0
HEAVY SNOW 0 SNOW 0
LIGHT SNOW 1 SLEET 1
FOG 16 FOG W/VIS <= 1/4 MILE 4
HAZE 8
- INDICATES NEGATIVE NUMBERS.
R INDICATES RECORD WAS SET OR TIED.
MM INDICATES DATA IS MISSING.
T INDICATES TRACE AMOUNT.
$$