000
CXUS51 KPHI 010815
CF6MPO
PRELIMINARY LOCAL CLIMATOLOGICAL DATA (WS FORM: F-6)
STATION: MOUNT POCONO PA
MONTH: JUNE
YEAR: 2021
LATITUDE: 41 8 N
LONGITUDE: 75 24 W
TEMPERATURE IN F: :PCPN: SNOW: WIND :SUNSHINE: SKY :PK WND
================================================================================
1 2 3 4 5 6A 6B 7 8 9 10 11 12 13 14 15 16 17 18
12Z AVG MX 2MIN
DY MAX MIN AVG DEP HDD CDD WTR SNW DPTH SPD SPD DIR MIN PSBL S-S WX SPD DR
================================================================================
1 70 42 56 -3 9 0 0.00 M M 4.3 14 210 M M 1 17 220
2 66 48 57 -3 8 0 T M M 4.6 12 170 M M 3 17 190
3 66 55 61 1 4 0 0.01 M M 6.2 13 230 M M 9 17 230
4 71 55 63 3 2 0 0.39 M M 5.9 17 320 M M 6 138 20 310
5 83 55 69 9 0 4 0.00 M M 10.5 20 260 M M 0 27 270
6 84 61 73 12 0 8 0.00 M M 6.4 18 270 M M 2 24 270
7 85 61 73 12 0 8 0.02 M M 3.5 16 300 M M 3 13 20 300
8 81 65 73 12 0 8 1.45 M M 4.0 21 30 M M 5 13 25 20
9 83 65 74 12 0 9 0.00 M M 7.9 15 320 M M 3 3 19 300
10 77 58 68 6 0 3 0.00 M M 7.0 13 120 M M 2 17 140
11 61 54 58 -4 7 0 0.01 M M 6.0 12 130 M M 10 17 120
12 62 52 57 -5 8 0 0.00 M M 3.5 8 320 M M 10 1 13 180
13 70 57 64 1 1 0 T M M 5.8 12 180 M M 9 1 14 210
14 78 56 67 4 0 2 0.09 M M 7.2 28 300 M M 7 1 35 310
15 68 53 61 -2 4 0 T M M 11.0 22 300 M M 6 1 29 320
16 67 48 58 -6 7 0 0.00 M M 11.5 23 310 M M 0 30 310
17 69 38 54 -10 11 0 0.00 M M 6.9 17 280 M M 0 24 280
18 78 44 61 -3 4 0 0.00 M M 8.5 17 220 M M 1 23 220
19 80 57 69 5 0 4 0.24 M M 8.8 21 230 M M 7 30 230
20 81 55 68 4 0 3 0.00 M M 8.0 17 270 M M 3 21 270
21 81 66 74 9 0 9 0.13 M M 9.3 18 230 M M 5 138 27 190
22 67 44 56 -9 9 0 0.35 M M 10.9 20 320 M M 8 1 25 300
23 68 41 55 -10 10 0 0.00 M M 7.3 18 310 M M 2 23 270
24 70 43 57 -9 8 0 0.00 M M 6.4 15 130 M M 1 22 150
25 73 44 59 -7 6 0 0.00 M M 5.7 14 160 M M 0 20 140
26 77 60 69 3 0 4 T M M 10.4 16 150 M M 8 12 22 210
27 83 68 76 10 0 11 0.00 M M 9.4 17 210 M M 4 23 190
28 88 68 78 12 0 13 0.13 M M 7.6 16 180 M M 2 13 21 170
29 88 69 79 12 0 14 0.00 M M 8.2 20 320 M M 2 26 320
30 89 64 77 10 0 12 0.01 M M 9.5 24 280 M M 3 3 31 330
================================================================================
SM 2264 1646 98 112 2.83 M 222.2 M 122
================================================================================
AV 75.5 54.9 7.4 FASTST M M 4 MAX(MPH)
MISC ----> 28 300 35 310
================================================================================
NOTES:
# LAST OF SEVERAL OCCURRENCES
COLUMN 17 PEAK WIND IN M.P.H.
PRELIMINARY LOCAL CLIMATOLOGICAL DATA (WS FORM: F-6) , PAGE 2
STATION: MOUNT POCONO PA
MONTH: JUNE
YEAR: 2021
LATITUDE: 41 8 N
LONGITUDE: 75 24 W
[TEMPERATURE DATA] [PRECIPITATION DATA] SYMBOLS USED IN COLUMN 16
AVERAGE MONTHLY: 65.2 TOTAL FOR MONTH: 2.83 1 = FOG OR MIST
DPTR FM NORMAL: 2.0 DPTR FM NORMAL: -1.86 2 = FOG REDUCING VISIBILITY
HIGHEST: 89 ON 30 GRTST 24HR 1.45 ON 8- 8 TO 1/4 MILE OR LESS
LOWEST: 38 ON 17 3 = THUNDER
SNOW, ICE PELLETS, HAIL 4 = ICE PELLETS
TOTAL MONTH: M 5 = HAIL
GRTST 24HR M ON M 6 = FREEZING RAIN OR DRIZZLE
GRTST DEPTH: M ON M 7 = DUSTSTORM OR SANDSTORM:
VSBY 1/2 MILE OR LESS
8 = SMOKE OR HAZE
[NO. OF DAYS WITH] [WEATHER - DAYS WITH] 9 = BLOWING SNOW
X = TORNADO
MAX 32 OR BELOW: 0 0.01 INCH OR MORE: 11
MAX 90 OR ABOVE: 0 0.10 INCH OR MORE: 6
MIN 32 OR BELOW: 0 0.50 INCH OR MORE: 1
MIN 0 OR BELOW: 0 1.00 INCH OR MORE: 1
[HDD (BASE 65) ]
TOTAL THIS MO. 98 CLEAR (SCALE 0-3) 17
DPTR FM NORMAL -9 PTCLDY (SCALE 4-7) 9
TOTAL FM JUL 1 6796 CLOUDY (SCALE 8-10) 4
DPTR FM NORMAL -452
[CDD (BASE 65) ]
TOTAL THIS MO. 112
DPTR FM NORMAL 59 [PRESSURE DATA]
TOTAL FM JAN 1 133 HIGHEST SLP 30.42 ON 24
DPTR FM NORMAL 65 LOWEST SLP 29.60 ON 21
[REMARKS]
#FINAL-06-21#