000
CXUS51 KPHI 280256
CF6MPO
PRELIMINARY LOCAL CLIMATOLOGICAL DATA (WS FORM: F-6)
STATION: MOUNT POCONO PA
MONTH: MARCH
YEAR: 2021
LATITUDE: 41 8 N
LONGITUDE: 75 24 W
TEMPERATURE IN F: :PCPN: SNOW: WIND :SUNSHINE: SKY :PK WND
================================================================================
1 2 3 4 5 6A 6B 7 8 9 10 11 12 13 14 15 16 17 18
12Z AVG MX 2MIN
DY MAX MIN AVG DEP HDD CDD WTR SNW DPTH SPD SPD DIR MIN PSBL S-S WX SPD DR
================================================================================
1 39 19 29 0 36 0 0.14 M M 16.1 35 290 M M 9 1 55 290
2 25 11 18 -11 47 0 T M M 19.0 36 300 M M 3 49 300
3 42 22 32 2 33 0 0.00 M M 11.6 22 290 M M 2 30 270
4 35 15 25 -5 40 0 T M M 19.0 31 300 M M 8 43 300
5 27 11 19 -11 46 0 T M M 22.0 33 300 M M 1 46 310
6 24 19 22 -8 43 0 T M M 14.4 24 300 M M 10 32 280
7 29 13 21 -9 44 0 T M M 10.0 18 320 M M 2 24 320
8 38 13 26 -5 39 0 0.00 M M 10.0 17 280 M M 1 22 310
9 50 30 40 9 25 0 T M M 12.0 22 280 M M 2 28 280
10 50 25 38 7 27 0 0.00 M M 6.4 15 140 M M 0 18 150
11 62 38 50 18 15 0 T M M 9.3 23 270 M M 1 29 260
12 54 37 46 14 19 0 T M M 15.7 35 280 M M 3 47 300
13 40 21 31 -1 34 0 0.00 M M 16.9 39 310 M M 0 51 310
14 43 20 32 -1 33 0 T M M 21.1 35 320 M M 3 46 280
15 29 13 21 -12 44 0 0.00 M M 16.6 32 300 M M 0 45 300
16 28 19 24 -9 41 0 0.00 M M 6.3 14 130 M M 7 18 140
17 41 26 34 0 31 0 0.00 M M 4.1 13 200 M M 10 1 16 210
18 41 33 37 3 28 0 0.75 M M 9.6 25 350 M M 10 12 37 350
19 37 22 30 -4 35 0 T M M 18.2 29 330 M M 1 37 10
20 50 22 36 1 29 0 0.00 M M 8.2 17 320 M M 0 21 320
21 58 23 41 6 24 0 0.00 M M 4.2 13 350 M M 0 16 350
22 58 24 41 6 24 0 0.00 M M 3.5 12 140 M M 0 17 130
23 60 25 43 7 22 0 0.00 M M 5.6 14 150 M M 0 20 140
24 50 43 47 11 18 0 0.39 M M 7.5 16 110 M M 10 12 24 110
25 66 44 55 18 10 0 0.10 M M 5.8 16 170 M M 6 12 23 160
26 69 44 57 20 8 0 0.01 M M 18.1 37 250 M M 7 12 50 240
27 62 41 52 15 13 0 0.00 M M 8.9 20 300 M M 2 26 300
28 53 36 45 7 20 0 0.41 M M 12.1 35 280 M M 8 12 44 280
29 45 27 36 -2 29 0 T M M 19.1 38 280 M M 4 55 290
30 58 24 41 2 24 0 0.00 M M 8.7 23 170 M M 0 29 150
31 55 39 47 8 18 0 0.30 M M 7.8 25 320 M M 9 124 35 320
================================================================================
SM 1418 799 899 0 2.10 M 367.8 M 119
================================================================================
AV 45.7 25.8 11.9 FASTST M M 4 MAX(MPH)
MISC ----> 39 310 # 55 290
================================================================================
NOTES:
# LAST OF SEVERAL OCCURRENCES
COLUMN 17 PEAK WIND IN M.P.H.
PRELIMINARY LOCAL CLIMATOLOGICAL DATA (WS FORM: F-6) , PAGE 2
STATION: MOUNT POCONO PA
MONTH: MARCH
YEAR: 2021
LATITUDE: 41 8 N
LONGITUDE: 75 24 W
[TEMPERATURE DATA] [PRECIPITATION DATA] SYMBOLS USED IN COLUMN 16
AVERAGE MONTHLY: 35.8 TOTAL FOR MONTH: 2.10 1 = FOG OR MIST
DPTR FM NORMAL: 2.3 DPTR FM NORMAL: -1.73 2 = FOG REDUCING VISIBILITY
HIGHEST: 69 ON 26 GRTST 24HR 0.75 ON 18-18 TO 1/4 MILE OR LESS
LOWEST: 11 ON 5, 2 3 = THUNDER
SNOW, ICE PELLETS, HAIL 4 = ICE PELLETS
TOTAL MONTH: M 5 = HAIL
GRTST 24HR M ON M 6 = FREEZING RAIN OR DRIZZLE
GRTST DEPTH: M ON M 7 = DUSTSTORM OR SANDSTORM:
VSBY 1/2 MILE OR LESS
8 = SMOKE OR HAZE
[NO. OF DAYS WITH] [WEATHER - DAYS WITH] 9 = BLOWING SNOW
X = TORNADO
MAX 32 OR BELOW: 6 0.01 INCH OR MORE: 7
MAX 90 OR ABOVE: 0 0.10 INCH OR MORE: 6
MIN 32 OR BELOW: 22 0.50 INCH OR MORE: 1
MIN 0 OR BELOW: 0 1.00 INCH OR MORE: 0
[HDD (BASE 65) ]
TOTAL THIS MO. 899 CLEAR (SCALE 0-3) 18
DPTR FM NORMAL -76 PTCLDY (SCALE 4-7) 7
TOTAL FM JUL 1 5766 CLOUDY (SCALE 8-10) 6
DPTR FM NORMAL -332
[CDD (BASE 65) ]
TOTAL THIS MO. 0
DPTR FM NORMAL 0 [PRESSURE DATA]
TOTAL FM JAN 1 0 HIGHEST SLP 30.59 ON 21
DPTR FM NORMAL 0 LOWEST SLP 29.46 ON 28
[REMARKS]
#FINAL-03-21#