768
CXUS51 KPHI 010815
CF6MPO
PRELIMINARY LOCAL CLIMATOLOGICAL DATA (WS FORM: F-6)
STATION: MOUNT POCONO PA
MONTH: AUGUST
YEAR: 2020
LATITUDE: 41 8 N
LONGITUDE: 75 24 W
TEMPERATURE IN F: :PCPN: SNOW: WIND :SUNSHINE: SKY :PK WND
================================================================================
1 2 3 4 5 6A 6B 7 8 9 10 11 12 13 14 15 16 17 18
12Z AVG MX 2MIN
DY MAX MIN AVG DEP HDD CDD WTR SNW DPTH SPD SPD DIR MIN PSBL S-S WX SPD DR
================================================================================
1 82 58 70 2 0 5 T M M 4.2 10 140 M M 3 15 200
2 83 66 75 7 0 10 0.30 M M 9.1 18 180 M M 7 1238 25 210
3 80 62 71 3 0 6 T M M 8.6 16 280 M M 2 25 260
4 69 62 66 -2 0 1 4.39 M M 10.5 38 320 M M 8 12 50 330
5 75 56 66 -2 0 1 0.00 M M 8.4 18 260 M M 3 1 24 280
6 73 55 64 -4 1 0 0.00 M M 5.8 15 350 M M 6 21 10
7 72 60 66 -2 0 1 0.18 M M 4.1 15 120 M M 8 13 18 120
8 78 56 67 -1 0 2 0.35 M M 2.5 10 150 M M 7 12 15 120
9 81 62 72 4 0 7 0.00 M M 7.3 18 260 M M 1 1 22 210
10 85 61 73 5 0 8 0.00 M M 4.4 13 230 M M 1 17 210
11 83 67 75 7 0 10 0.00 M M 7.3 15 210 M M 1 1 21 220
12 83 65 74 7 0 9 0.08 M M 5.6 14 360 M M 5 13 16 310
13 77 62 70 3 0 5 0.00 M M 4.5 9 100 M M 0 16 80
14 79 62 71 4 0 6 0.00 M M 5.5 13 80 M M 1 19 30
15 75 59 67 0 0 2 0.08 M M 5.3 13 40 M M 2 1 17 70
16 69 59 64 -3 1 0 0.01 M M 5.8 13 50 M M 9 16 30
17 77 52 65 -2 0 0 0.56 M M 5.6 32 310 M M 5 13 40 310
18 74 53 64 -3 1 0 T M M 5.8 17 320 M M 3 13 21 350
19 73 51 62 -5 3 0 0.00 M M 6.1 15 310 M M 3 18 310
20 74 46 60 -6 5 0 0.00 M M 2.5 12 270 M M 0 15 290
21 79 57 68 2 0 3 0.00 M M 7.4 15 240 M M 1 22 230
22 84 63 74 8 0 9 0.00 M M 5.2 15 290 M M 1 3 19 280
23 80 61 71 5 0 6 0.00 M M 3.5 10 180 M M 1 1 13 190
24 83 62 73 7 0 8 0.07 M M 6.4 13 250 M M 2 3 26 240
25 81 61 71 5 0 6 T M M 12.7 24 320 M M 1 3 30 290
26 69 56 63 -2 2 0 0.00 M M 10.9 24 280 M M 2 33 300
27 85 60 73 8 0 8 0.16 M M 13.7 28 350 M M 4 13 36 240
28 79 63 71 6 0 6 0.20 M M 9.9 22 280 M M 3 1 28 300
29 78 60 69 4 0 4 0.12 M M 9.9 18 300 M M 7 1 27 290
30 70 49 60 -4 5 0 0.00 M M 9.8 23 310 M M 3 31 280
31 69 47 58 -6 7 0 T M M 6.6 15 140 M M 4 19 140
================================================================================
SM 2399 1813 25 123 6.50 M 214.9 M 104
================================================================================
AV 77.4 58.5 6.9 FASTST M M 3 MAX(MPH)
MISC ----> 38 320 50 330
================================================================================
NOTES:
# LAST OF SEVERAL OCCURRENCES
COLUMN 17 PEAK WIND IN M.P.H.
PRELIMINARY LOCAL CLIMATOLOGICAL DATA (WS FORM: F-6) , PAGE 2
STATION: MOUNT POCONO PA
MONTH: AUGUST
YEAR: 2020
LATITUDE: 41 8 N
LONGITUDE: 75 24 W
[TEMPERATURE DATA] [PRECIPITATION DATA] SYMBOLS USED IN COLUMN 16
AVERAGE MONTHLY: 67.9 TOTAL FOR MONTH: 6.50 1 = FOG OR MIST
DPTR FM NORMAL: 1.2 DPTR FM NORMAL: 2.04 2 = FOG REDUCING VISIBILITY
HIGHEST: 85 ON 27,10 GRTST 24HR 4.39 ON 3- 4 TO 1/4 MILE OR LESS
LOWEST: 46 ON 20 3 = THUNDER
SNOW, ICE PELLETS, HAIL 4 = ICE PELLETS
TOTAL MONTH: M 5 = HAIL
GRTST 24HR M ON M 6 = FREEZING RAIN OR DRIZZLE
GRTST DEPTH: M ON M 7 = DUSTSTORM OR SANDSTORM:
VSBY 1/2 MILE OR LESS
8 = SMOKE OR HAZE
[NO. OF DAYS WITH] [WEATHER - DAYS WITH] 9 = BLOWING SNOW
X = TORNADO
MAX 32 OR BELOW: 0 0.01 INCH OR MORE: 12
MAX 90 OR ABOVE: 0 0.10 INCH OR MORE: 8
MIN 32 OR BELOW: 0 0.50 INCH OR MORE: 2
MIN 0 OR BELOW: 0 1.00 INCH OR MORE: 1
[HDD (BASE 65) ]
TOTAL THIS MO. 25 CLEAR (SCALE 0-3) 20
DPTR FM NORMAL -16 PTCLDY (SCALE 4-7) 9
TOTAL FM JUL 1 25 CLOUDY (SCALE 8-10) 2
DPTR FM NORMAL -36
[CDD (BASE 65) ]
TOTAL THIS MO. 123
DPTR FM NORMAL 29 [PRESSURE DATA]
TOTAL FM JAN 1 403 HIGHEST SLP 30.22 ON 8
DPTR FM NORMAL 107 LOWEST SLP 29.50 ON 29
[REMARKS]
#FINAL-08-20#