000
CXUS53 KMPX 011010
CF6MPX
PRELIMINARY LOCAL CLIMATOLOGICAL DATA (WS FORM: F-6)
STATION: CHANHASSEN MN
MONTH: FEBRUARY
YEAR: 2023
LATITUDE: 44 50 N
LONGITUDE: 93 34 W
TEMPERATURE IN F: :PCPN: SNOW: WIND :SUNSHINE: SKY :PK WND
================================================================================
1 2 3 4 5 6A 6B 7 8 9 10 11 12 13 14 15 16 17 18
12Z AVG MX 2MIN
DY MAX MIN AVG DEP HDD CDD WTR SNW DPTH SPD SPD DIR MIN PSBL S-S WX SPD DR
================================================================================
1 17 -6 6 -8 59 0 0.00 0.0 9 M M M M M M M M
2 13 -12 1 -13 64 0 0.00 0.0 9 M M M M M M M M
3 2 -15 -6 -20 71 0 0.00 0.0 9 M M M M M M M M
4 26 2 14 -1 51 0 0.00 0.0 9 M M M M M M M M
5 29 12 21 6 44 0 T T 9 M M M M M M M M
6 37 10 24 9 41 0 0.11 T 9 M M M M M M M M
7 33 24 29 14 36 0 0.00 0.0 8 M M M M M M M M
8 43 21 32 16 33 0 0.00 0.0 8 M M M M M M M M
9 37 15 26 10 39 0 0.00 0.0 7 M M M M M M M M
10 27 6 17 1 48 0 0.00 0.0 7 M M M M M M M M
11 39 22 31 15 34 0 0.00 0.0 7 M M M M M M M M
12 40 15 28 11 37 0 0.00 0.0 7 M M M M M M M M
13 40 21 31 14 34 0 0.00 0.0 7 M M M M M M M M
14 41 35 38 21 27 0 0.90 0.0 7 M M M M M M M M
15 36 13 25 7 40 0 0.12 T 6 M M M M M M M M
16 18 5 12 -6 53 0 0.00 0.0 6 M M M M M M M M
17 26 0 13 -5 52 0 0.00 0.0 6 M M M M M M M M
18 37 16 27 8 38 0 0.00 0.0 6 M M M M M M M M
19 32 12 22 3 43 0 0.00 0.0 6 M M M M M M M M
20 34 7 21 1 44 0 0.11 1.7 6 M M M M M M M M
21 12 0 6 -14 59 0 0.22 3.5 7 M M M M M M M M
22 20 11 16 -4 49 0 0.27 4.7 10 M M M M M M M M
23 16 -4 6 -15 59 0 0.55 7.8 14 M M M M M M M M
24 8 -14 -3 -24 68 0 0.01 0.3 14 M M M M M M M M
25 26 -2 12 -10 53 0 T T 14 M M M M M M M M
26 32 0 16 -6 49 0 0.00 0.0 14 M M M M M M M M
27 35 26 31 8 34 0 0.42 0.0 13 M M M M M M M M
28 39 13 26 3 39 0 0.01 0.1 11 M M M M M M M M
================================================================================
SM 795 233 1298 0 2.72 18.1 M M M
================================================================================
AV 28.4 8.3 M FASTST M M M MAX(MPH)
MISC ----> M M M M
================================================================================
NOTES:
# LAST OF SEVERAL OCCURRENCES
COLUMN 17 PEAK WIND IN M.P.H.
PRELIMINARY LOCAL CLIMATOLOGICAL DATA (WS FORM: F-6) , PAGE 2
STATION: CHANHASSEN MN
MONTH: FEBRUARY
YEAR: 2023
LATITUDE: 44 50 N
LONGITUDE: 93 34 W
[TEMPERATURE DATA] [PRECIPITATION DATA] SYMBOLS USED IN COLUMN 16
AVERAGE MONTHLY: 18.4 TOTAL FOR MONTH: 2.72 1 = FOG OR MIST
DPTR FM NORMAL: 0.4 DPTR FM NORMAL: 1.78 2 = FOG REDUCING VISIBILITY
HIGHEST: 43 ON 8 GRTST 24HR 0.90 ON 14-14 TO 1/4 MILE OR LESS
LOWEST: -15 ON 3 3 = THUNDER
SNOW, ICE PELLETS, HAIL 4 = ICE PELLETS
TOTAL MONTH: 18.1 INCHES 5 = HAIL
GRTST 24HR 7.8 ON 23-23 6 = FREEZING RAIN OR DRIZZLE
GRTST DEPTH: 14 ON 26,25 7 = DUSTSTORM OR SANDSTORM:
VSBY 1/2 MILE OR LESS
8 = SMOKE OR HAZE
[NO. OF DAYS WITH] [WEATHER - DAYS WITH] 9 = BLOWING SNOW
X = TORNADO
MAX 32 OR BELOW: 15 0.01 INCH OR MORE: 10
MAX 90 OR ABOVE: 0 0.10 INCH OR MORE: 8
MIN 32 OR BELOW: 27 0.50 INCH OR MORE: 2
MIN 0 OR BELOW: 9 1.00 INCH OR MORE: 0
[HDD (BASE 65) ]
TOTAL THIS MO. 1298 CLEAR (SCALE 0-3) 0
DPTR FM NORMAL -18 PTCLDY (SCALE 4-7) 0
TOTAL FM JUL 1 5881 CLOUDY (SCALE 8-10) 28
DPTR FM NORMAL -127
[CDD (BASE 65) ]
TOTAL THIS MO. 0
DPTR FM NORMAL 0 [PRESSURE DATA]
TOTAL FM JAN 1 0 HIGHEST SLP M ON M
DPTR FM NORMAL 0 LOWEST SLP M ON M
[REMARKS]
#FINAL-02-23#