000
CXUS53 KMQT 010900
CF6MQT
PRELIMINARY LOCAL CLIMATOLOGICAL DATA (WS FORM: F-6)
STATION: MARQUETTE MI
MONTH: MAY
YEAR: 2023
LATITUDE: 46 31 N
LONGITUDE: 87 33 W
TEMPERATURE IN F: :PCPN: SNOW: WIND :SUNSHINE: SKY :PK WND
================================================================================
1 2 3 4 5 6A 6B 7 8 9 10 11 12 13 14 15 16 17 18
12Z AVG MX 2MIN
DY MAX MIN AVG DEP HDD CDD WTR SNW DPTH SPD SPD DIR MIN PSBL S-S WX SPD DR
================================================================================
1 33 31 32 -12 33 0 2.98 19.8 7 M M M M M M 40 315
2 34 30 32 -12 33 0 0.86 6.4 20 M M M M M M 9 37 315
3 47 31 39 -6 26 0 0.00 0.0 19 M M M M M M 18 315
4 56 34 45 -1 20 0 0.02 0.0 13 M M M M M M 17 135
5 53 37 45 -1 20 0 0.04 0.0 10 M M M M M M 1 18 90
6 56 39 48 2 17 0 0.08 0.0 6 M M M M M M 12 17 135
7 47 42 45 -2 20 0 0.16 0.0 4 M M M M M M 12 10 90
8 62 35 49 2 16 0 0.00 0.0 2 M M M M M M 12 14 45
9 66 33 50 2 15 0 0.00 0.0 0 M M M M M M 15 90
10 70 46 58 10 7 0 T 0.0 0 M M M M M M 13 225
11 80 52 66 17 0 1 0.00 0.0 0 M M M M M M 15 270
12 71 51 61 12 4 0 0.00 0.0 0 M M M M M M 16 90
13 58 47 53 3 12 0 0.00 0.0 0 M M M M M M 18 90
14 62 40 51 1 14 0 0.00 0.0 0 M M M M M M 15 45
15 78 38 58 8 7 0 0.00 0.0 0 M M M M M M 20 225
16 62 39 51 0 14 0 0.00 0.0 0 M M M M M M 27 360
17 50 30 40 -11 25 0 0.00 0.0 0 M M M M M M 16 360
18 66 40 53 1 12 0 0.06 0.0 0 M M M M M M 31 125
19 54 43 49 -3 16 0 0.21 0.0 0 M M M M M M 22 270
20 71 40 56 4 9 0 0.00 0.0 0 M M M M M M 25 315
21 60 47 54 1 11 0 0.00 0.0 0 M M M M M M 16 45
22 78 43 61 8 4 0 0.00 0.0 0 M M M M M M 18 180
23 82 44 63 9 2 0 0.02 0.0 0 M M M M M M 1 23 45
24 46 30 38 -16 27 0 0.03 0.0 0 M M M M M M 1 20 45
25 66 28 47 -7 18 0 0.00 0.0 0 M 17 45 M M M M M
26 80 41 61 6 4 0 0.00 0.0 0 M M M M M M 14 225
27 83 49 66 11 0 1 0.00 0.0 0 M M M M M M 16 225
28 80 52 66 11 0 1 0.00 0.0 0 M M M M M M 16 90
29 87 45 66 10 0 1 0.00 0.0 0 M M M M M M 19 135
30 88 59 74 18 0 9 0.00 0.0 0 M M M M M M 18 225
31 91 59 75 19 0 10 0.00 0.0 0 M M M M M M 24 180
================================================================================
SM 2017 1275 386 23 4.46 26.2 M M M
================================================================================
AV 65.1 41.1 M FASTST M M M MAX(MPH)
MISC ----> 17 45 40 315
================================================================================
NOTES:
# LAST OF SEVERAL OCCURRENCES
COLUMN 17 PEAK WIND IN M.P.H.
PRELIMINARY LOCAL CLIMATOLOGICAL DATA (WS FORM: F-6) , PAGE 2
STATION: MARQUETTE MI
MONTH: MAY
YEAR: 2023
LATITUDE: 46 31 N
LONGITUDE: 87 33 W
[TEMPERATURE DATA] [PRECIPITATION DATA] SYMBOLS USED IN COLUMN 16
AVERAGE MONTHLY: 53.1 TOTAL FOR MONTH: 4.46 1 = FOG OR MIST
DPTR FM NORMAL: 2.5 DPTR FM NORMAL: 1.09 2 = FOG REDUCING VISIBILITY
HIGHEST: 91 ON 31 GRTST 24HR 2.98 ON 1- 1 TO 1/4 MILE OR LESS
LOWEST: 28 ON 25 3 = THUNDER
SNOW, ICE PELLETS, HAIL 4 = ICE PELLETS
TOTAL MONTH: 28.7 INCHES 5 = HAIL
GRTST 24HR 19.8 ON 1- 1 6 = FREEZING RAIN OR DRIZZLE
GRTST DEPTH: 20 ON 2 7 = DUSTSTORM OR SANDSTORM:
VSBY 1/2 MILE OR LESS
8 = SMOKE OR HAZE
[NO. OF DAYS WITH] [WEATHER - DAYS WITH] 9 = BLOWING SNOW
X = TORNADO
MAX 32 OR BELOW: 0 0.01 INCH OR MORE: 10
MAX 90 OR ABOVE: 1 0.10 INCH OR MORE: 4
MIN 32 OR BELOW: 6 0.50 INCH OR MORE: 2
MIN 0 OR BELOW: 0 1.00 INCH OR MORE: 1
[HDD (BASE 65) ]
TOTAL THIS MO. 386 CLEAR (SCALE 0-3) 0
DPTR FM NORMAL -71 PTCLDY (SCALE 4-7) 0
TOTAL FM JUL 1 8261 CLOUDY (SCALE 8-10) 31
DPTR FM NORMAL -781
[CDD (BASE 65) ]
TOTAL THIS MO. 23
DPTR FM NORMAL 11 [PRESSURE DATA]
TOTAL FM JAN 1 23 HIGHEST SLP M ON M
DPTR FM NORMAL 11 LOWEST SLP M ON M
[REMARKS]
#FINAL-05-23#